216.73.217.0 - - [25/Sep/2026:00:33:19 +0200] "GET /see/bewirtschaftung/?lokasie=%2Fhomepages%2F25%2Fd819687592%2Fphpinilist&loknya=%2Fhomepages%2F25%2Fd819687592 HTTP/1.1" 200 4083 s818981589.online.de "-" "Mozilla/5.0 AppleWebKit/537.36 (KHTML, like Gecko; compatible; ClaudeBot/1.0; +claudebot@anthropic.com)" "-"
216.73.217.0 - - [25/Sep/2026:00:33:20 +0200] "GET /see/bewirtschaftung/?lokasie=%2Fhomepages%2F12%2Fd819958581%2F.htaccess&loknya=%2Fhomepages%2F12%2Fd819958581 HTTP/1.1" 200 4082 s818981589.online.de "-" "Mozilla/5.0 AppleWebKit/537.36 (KHTML, like Gecko; compatible; ClaudeBot/1.0; +claudebot@anthropic.com)" "-"
216.73.217.0 - - [25/Sep/2026:00:33:20 +0200] "GET /see/bewirtschaftung/?lokasie=%2Fhomepages%2F36%2Fd820294326%2Fdistributor.lock&loknya=%2Fhomepages%2F36%2Fd820294326 HTTP/1.1" 200 4089 s818981589.online.de "-" "Mozilla/5.0 AppleWebKit/537.36 (KHTML, like Gecko; compatible; ClaudeBot/1.0; +claudebot@anthropic.com)" "-"
216.73.217.0 - - [25/Sep/2026:00:33:20 +0200] "GET /see/bewirtschaftung/?lokasie=%2Fhomepages%2F40%2Fd822206290%2F.created&loknya=%2Fhomepages%2F40%2Fd822206290 HTTP/1.1" 200 4092 s818981589.online.de "-" "Mozilla/5.0 AppleWebKit/537.36 (KHTML, like Gecko; compatible; ClaudeBot/1.0; +claudebot@anthropic.com)" "-"
216.73.217.0 - - [25/Sep/2026:00:33:20 +0200] "GET /see/bewirtschaftung/?lokasie=%2Fhomepages%2F46%2Fd819852536%2F.created&loknya=%2Fhomepages%2F46%2Fd819852536 HTTP/1.1" 200 4092 s818981589.online.de "-" "Mozilla/5.0 AppleWebKit/537.36 (KHTML, like Gecko; compatible; ClaudeBot/1.0; +claudebot@anthropic.com)" "-"
216.73.217.0 - - [25/Sep/2026:00:33:20 +0200] "GET /see/bewirtschaftung/?lokasie=%2Fhomepages%2F35%2Fd818255559%2Fdistributor.lock&loknya=%2Fhomepages%2F35%2Fd818255559 HTTP/1.1" 200 4089 s818981589.online.de "-" "Mozilla/5.0 AppleWebKit/537.36 (KHTML, like Gecko; compatible; ClaudeBot/1.0; +claudebot@anthropic.com)" "-"
216.73.217.0 - - [25/Sep/2026:00:33:20 +0200] "GET /see/bewirtschaftung/?lokasie=%2Fhomepages%2F20%2Fd821847754%2F.created&loknya=%2Fhomepages%2F20%2Fd821847754 HTTP/1.1" 200 4092 s818981589.online.de "-" "Mozilla/5.0 AppleWebKit/537.36 (KHTML, like Gecko; compatible; ClaudeBot/1.0; +claudebot@anthropic.com)" "-"
216.73.217.0 - - [25/Sep/2026:00:33:20 +0200] "GET /see/bewirtschaftung/?lokasie=%2Fhomepages%2F16%2Fd817921088%2Fphpinilist&loknya=%2Fhomepages%2F16%2Fd817921088 HTTP/1.1" 200 4083 s818981589.online.de "-" "Mozilla/5.0 AppleWebKit/537.36 (KHTML, like Gecko; compatible; ClaudeBot/1.0; +claudebot@anthropic.com)" "-"
216.73.217.0 - - [25/Sep/2026:00:33:20 +0200] "GET /see/bewirtschaftung/?lokasie=%2Fhomepages%2F37%2Fd821640548%2Fhtaccesslist&loknya=%2Fhomepages%2F37%2Fd821640548 HTTP/1.1" 200 4085 s818981589.online.de "-" "Mozilla/5.0 AppleWebKit/537.36 (KHTML, like Gecko; compatible; ClaudeBot/1.0; +claudebot@anthropic.com)" "-"
216.73.217.0 - - [25/Sep/2026:00:33:20 +0200] "GET /see/bewirtschaftung/?lokasie=%2Fhomepages%2F14%2Fd819703044%2Fphpinilist&loknya=%2Fhomepages%2F14%2Fd819703044 HTTP/1.1" 200 4083 s818981589.online.de "-" "Mozilla/5.0 AppleWebKit/537.36 (KHTML, like Gecko; compatible; ClaudeBot/1.0; +claudebot@anthropic.com)" "-"
216.73.217.0 - - [25/Sep/2026:00:33:20 +0200] "GET /see/bewirtschaftung/?lokasie=%2Fhomepages%2F12%2Fd818338914%2F.created&loknya=%2Fhomepages%2F12%2Fd818338914 HTTP/1.1" 200 4092 s818981589.online.de "-" "Mozilla/5.0 AppleWebKit/537.36 (KHTML, like Gecko; compatible; ClaudeBot/1.0; +claudebot@anthropic.com)" "-"
216.73.217.0 - - [25/Sep/2026:00:33:21 +0200] "GET /see/bewirtschaftung/?lokasie=%2Fhomepages%2F20%2Fd817557829%2Fmetadata.json&loknya=%2Fhomepages%2F20%2Fd817557829 HTTP/1.1" 200 4086 s818981589.online.de "-" "Mozilla/5.0 AppleWebKit/537.36 (KHTML, like Gecko; compatible; ClaudeBot/1.0; +claudebot@anthropic.com)" "-"
54.235.191.0 - - [25/Sep/2026:00:33:21 +0200] "GET /burgensemble/?lokasie=/usr/lib/locale/ts_ZA/LC_MEASUREMENT&loknya=/usr/lib/locale/ts_ZA HTTP/1.1" 429 267 s818981589.online.de "-" "Mozilla/5.0 AppleWebKit/537.36 (KHTML, like Gecko; compatible; Amazonbot/0.1; +https://developer.amazon.com/support/amazonbot) Chrome/119.0.6045.214 Safari/537.36" "-"
216.73.217.0 - - [25/Sep/2026:00:33:21 +0200] "GET /see/bewirtschaftung/?lokasie=%2Fhomepages%2F45%2Fd821562395%2Fphpinilist&loknya=%2Fhomepages%2F45%2Fd821562395 HTTP/1.1" 200 4083 s818981589.online.de "-" "Mozilla/5.0 AppleWebKit/537.36 (KHTML, like Gecko; compatible; ClaudeBot/1.0; +claudebot@anthropic.com)" "-"
216.73.217.0 - - [25/Sep/2026:00:33:21 +0200] "GET /see/bewirtschaftung/?lokasie=%2Fhomepages%2F10%2Fd820902104%2Fhtaccesslist&loknya=%2Fhomepages%2F10%2Fd820902104 HTTP/1.1" 200 4085 s818981589.online.de "-" "Mozilla/5.0 AppleWebKit/537.36 (KHTML, like Gecko; compatible; ClaudeBot/1.0; +claudebot@anthropic.com)" "-"
216.73.217.0 - - [25/Sep/2026:00:33:21 +0200] "GET /see/bewirtschaftung/?lokasie=%2Fhomepages%2F43%2Fd821561735%2F.created&loknya=%2Fhomepages%2F43%2Fd821561735 HTTP/1.1" 200 4092 s818981589.online.de "-" "Mozilla/5.0 AppleWebKit/537.36 (KHTML, like Gecko; compatible; ClaudeBot/1.0; +claudebot@anthropic.com)" "-"
216.73.217.0 - - [25/Sep/2026:00:33:21 +0200] "GET /see/bewirtschaftung/?lokasie=%2Fhomepages%2F25%2Fd819687592%2Fdistributor.lock&loknya=%2Fhomepages%2F25%2Fd819687592 HTTP/1.1" 200 4089 s818981589.online.de "-" "Mozilla/5.0 AppleWebKit/537.36 (KHTML, like Gecko; compatible; ClaudeBot/1.0; +claudebot@anthropic.com)" "-"
216.73.217.0 - - [25/Sep/2026:00:33:21 +0200] "GET /see/bewirtschaftung/?lokasie=%2Fhomepages%2F10%2Fd819789661%2F.created&loknya=%2Fhomepages%2F10%2Fd819789661 HTTP/1.1" 200 4092 s818981589.online.de "-" "Mozilla/5.0 AppleWebKit/537.36 (KHTML, like Gecko; compatible; ClaudeBot/1.0; +claudebot@anthropic.com)" "-"
216.73.217.0 - - [25/Sep/2026:00:33:21 +0200] "GET /see/bewirtschaftung/?lokasie=%2Fhomepages%2F46%2Fd821839461%2Fhtaccesslist&loknya=%2Fhomepages%2F46%2Fd821839461 HTTP/1.1" 200 4085 s818981589.online.de "-" "Mozilla/5.0 AppleWebKit/537.36 (KHTML, like Gecko; compatible; ClaudeBot/1.0; +claudebot@anthropic.com)" "-"
216.73.217.0 - - [25/Sep/2026:00:33:21 +0200] "GET /see/bewirtschaftung/?lokasie=%2Fhomepages%2F25%2Fd819459407%2F.created&loknya=%2Fhomepages%2F25%2Fd819459407 HTTP/1.1" 200 4092 s818981589.online.de "-" "Mozilla/5.0 AppleWebKit/537.36 (KHTML, like Gecko; compatible; ClaudeBot/1.0; +claudebot@anthropic.com)" "-"
216.73.217.0 - - [25/Sep/2026:00:33:21 +0200] "GET /see/bewirtschaftung/?lokasie=%2Fhomepages%2F14%2Fd822268022%2F.htaccess&loknya=%2Fhomepages%2F14%2Fd822268022 HTTP/1.1" 200 4082 s818981589.online.de "-" "Mozilla/5.0 AppleWebKit/537.36 (KHTML, like Gecko; compatible; ClaudeBot/1.0; +claudebot@anthropic.com)" "-"
216.73.217.0 - - [25/Sep/2026:00:33:22 +0200] "GET /see/bewirtschaftung/?lokasie=%2Fhomepages%2F14%2Fd822268022%2Fphpinilist&loknya=%2Fhomepages%2F14%2Fd822268022 HTTP/1.1" 200 4083 s818981589.online.de "-" "Mozilla/5.0 AppleWebKit/537.36 (KHTML, like Gecko; compatible; ClaudeBot/1.0; +claudebot@anthropic.com)" "-"
216.73.217.0 - - [25/Sep/2026:00:33:22 +0200] "GET /see/bewirtschaftung/?lokasie=%2Fhomepages%2F36%2Fd820294326%2F.created&loknya=%2Fhomepages%2F36%2Fd820294326 HTTP/1.1" 200 4092 s818981589.online.de "-" "Mozilla/5.0 AppleWebKit/537.36 (KHTML, like Gecko; compatible; ClaudeBot/1.0; +claudebot@anthropic.com)" "-"
216.73.217.0 - - [25/Sep/2026:00:33:22 +0200] "GET /see/bewirtschaftung/?lokasie=%2Fhomepages%2F36%2Fd820362711%2F.created&loknya=%2Fhomepages%2F36%2Fd820362711 HTTP/1.1" 200 4092 s818981589.online.de "-" "Mozilla/5.0 AppleWebKit/537.36 (KHTML, like Gecko; compatible; ClaudeBot/1.0; +claudebot@anthropic.com)" "-"
216.73.217.0 - - [25/Sep/2026:00:33:22 +0200] "GET /see/bewirtschaftung/?lokasie=%2Fhomepages%2F12%2Fd821907812%2Fhtaccesslist&loknya=%2Fhomepages%2F12%2Fd821907812 HTTP/1.1" 200 4085 s818981589.online.de "-" "Mozilla/5.0 AppleWebKit/537.36 (KHTML, like Gecko; compatible; ClaudeBot/1.0; +claudebot@anthropic.com)" "-"
216.73.217.0 - - [25/Sep/2026:00:33:22 +0200] "GET /see/bewirtschaftung/?lokasie=%2Fhomepages%2F34%2Fd817980091%2F.htaccess&loknya=%2Fhomepages%2F34%2Fd817980091 HTTP/1.1" 200 4082 s818981589.online.de "-" "Mozilla/5.0 AppleWebKit/537.36 (KHTML, like Gecko; compatible; ClaudeBot/1.0; +claudebot@anthropic.com)" "-"
216.73.217.0 - - [25/Sep/2026:00:33:22 +0200] "GET /see/bewirtschaftung/?lokasie=%2Fhomepages%2F38%2Fd818832816%2Fphpinilist&loknya=%2Fhomepages%2F38%2Fd818832816 HTTP/1.1" 200 4083 s818981589.online.de "-" "Mozilla/5.0 AppleWebKit/537.36 (KHTML, like Gecko; compatible; ClaudeBot/1.0; +claudebot@anthropic.com)" "-"
216.73.217.0 - - [25/Sep/2026:00:33:22 +0200] "GET /see/bewirtschaftung/?lokasie=%2Fhomepages%2F16%2Fd817921088%2Fdistributor.lock&loknya=%2Fhomepages%2F16%2Fd817921088 HTTP/1.1" 200 4089 s818981589.online.de "-" "Mozilla/5.0 AppleWebKit/537.36 (KHTML, like Gecko; compatible; ClaudeBot/1.0; +claudebot@anthropic.com)" "-"
216.73.217.0 - - [25/Sep/2026:00:33:22 +0200] "GET /see/bewirtschaftung/?lokasie=%2Fhomepages%2F34%2Fd817980091%2Fphpinilist&loknya=%2Fhomepages%2F34%2Fd817980091 HTTP/1.1" 200 4083 s818981589.online.de "-" "Mozilla/5.0 AppleWebKit/537.36 (KHTML, like Gecko; compatible; ClaudeBot/1.0; +claudebot@anthropic.com)" "-"
216.73.217.0 - - [25/Sep/2026:00:33:22 +0200] "GET /see/bewirtschaftung/?lokasie=%2Fhomepages%2F45%2Fd821562395%2Fdistributor.lock&loknya=%2Fhomepages%2F45%2Fd821562395 HTTP/1.1" 200 4089 s818981589.online.de "-" "Mozilla/5.0 AppleWebKit/537.36 (KHTML, like Gecko; compatible; ClaudeBot/1.0; +claudebot@anthropic.com)" "-"
216.73.217.0 - - [25/Sep/2026:00:33:22 +0200] "GET /see/bewirtschaftung/?lokasie=%2Fhomepages%2F35%2Fd818592643%2Fdistributor.lock&loknya=%2Fhomepages%2F35%2Fd818592643 HTTP/1.1" 200 4089 s818981589.online.de "-" "Mozilla/5.0 AppleWebKit/537.36 (KHTML, like Gecko; compatible; ClaudeBot/1.0; +claudebot@anthropic.com)" "-"
216.73.217.0 - - [25/Sep/2026:00:33:22 +0200] "GET /see/bewirtschaftung/?lokasie=%2Fhomepages%2F38%2Fd818659010%2Fhtaccesslist&loknya=%2Fhomepages%2F38%2Fd818659010 HTTP/1.1" 200 4085 s818981589.online.de "-" "Mozilla/5.0 AppleWebKit/537.36 (KHTML, like Gecko; compatible; ClaudeBot/1.0; +claudebot@anthropic.com)" "-"
216.73.217.0 - - [25/Sep/2026:00:33:23 +0200] "GET /foerderkreis/fotogalerie/?lokasie=%2Fkunden%2Flib%2Ftmpfiles.d%2Fhome.conf&loknya=%2Fkunden%2Flib%2Ftmpfiles.d HTTP/1.1" 200 4434 s818981589.online.de "-" "Mozilla/5.0 AppleWebKit/537.36 (KHTML, like Gecko; compatible; ClaudeBot/1.0; +claudebot@anthropic.com)" "-"
216.73.217.0 - - [25/Sep/2026:00:33:23 +0200] "GET /see/bewirtschaftung/?lokasie=%2Fhomepages%2F35%2Fd818255559%2F.created&loknya=%2Fhomepages%2F35%2Fd818255559 HTTP/1.1" 200 4092 s818981589.online.de "-" "Mozilla/5.0 AppleWebKit/537.36 (KHTML, like Gecko; compatible; ClaudeBot/1.0; +claudebot@anthropic.com)" "-"
216.73.217.0 - - [25/Sep/2026:00:33:23 +0200] "GET /see/bewirtschaftung/?lokasie=%2Fhomepages%2F36%2Fd819766939%2F.htaccess&loknya=%2Fhomepages%2F36%2Fd819766939 HTTP/1.1" 200 4082 s818981589.online.de "-" "Mozilla/5.0 AppleWebKit/537.36 (KHTML, like Gecko; compatible; ClaudeBot/1.0; +claudebot@anthropic.com)" "-"
216.73.217.0 - - [25/Sep/2026:00:33:23 +0200] "GET /see/bewirtschaftung/?lokasie=%2Fhomepages%2F46%2Fd819852536%2Fmetadata.json&loknya=%2Fhomepages%2F46%2Fd819852536 HTTP/1.1" 200 4086 s818981589.online.de "-" "Mozilla/5.0 AppleWebKit/537.36 (KHTML, like Gecko; compatible; ClaudeBot/1.0; +claudebot@anthropic.com)" "-"
216.73.217.0 - - [25/Sep/2026:00:33:23 +0200] "GET /see/bewirtschaftung/?lokasie=%2Fhomepages%2F14%2Fd820827754%2F.htaccess&loknya=%2Fhomepages%2F14%2Fd820827754 HTTP/1.1" 200 4082 s818981589.online.de "-" "Mozilla/5.0 AppleWebKit/537.36 (KHTML, like Gecko; compatible; ClaudeBot/1.0; +claudebot@anthropic.com)" "-"
216.73.217.0 - - [25/Sep/2026:00:33:23 +0200] "GET /see/bewirtschaftung/?lokasie=%2Fhomepages%2F45%2Fd817901706%2F.created&loknya=%2Fhomepages%2F45%2Fd817901706 HTTP/1.1" 200 4092 s818981589.online.de "-" "Mozilla/5.0 AppleWebKit/537.36 (KHTML, like Gecko; compatible; ClaudeBot/1.0; +claudebot@anthropic.com)" "-"
216.73.217.0 - - [25/Sep/2026:00:33:23 +0200] "GET /see/bewirtschaftung/?lokasie=%2Fhomepages%2F40%2Fd822206290%2Fmetadata.json&loknya=%2Fhomepages%2F40%2Fd822206290 HTTP/1.1" 200 4086 s818981589.online.de "-" "Mozilla/5.0 AppleWebKit/537.36 (KHTML, like Gecko; compatible; ClaudeBot/1.0; +claudebot@anthropic.com)" "-"
216.73.217.0 - - [25/Sep/2026:00:33:23 +0200] "GET /see/bewirtschaftung/?lokasie=%2Fhomepages%2F25%2Fd821341945%2F.created&loknya=%2Fhomepages%2F25%2Fd821341945 HTTP/1.1" 200 4092 s818981589.online.de "-" "Mozilla/5.0 AppleWebKit/537.36 (KHTML, like Gecko; compatible; ClaudeBot/1.0; +claudebot@anthropic.com)" "-"
216.73.217.0 - - [25/Sep/2026:00:33:23 +0200] "GET /see/bewirtschaftung/?lokasie=%2Fhomepages%2F14%2Fd822268022%2Fdistributor.lock&loknya=%2Fhomepages%2F14%2Fd822268022 HTTP/1.1" 200 4089 s818981589.online.de "-" "Mozilla/5.0 AppleWebKit/537.36 (KHTML, like Gecko; compatible; ClaudeBot/1.0; +claudebot@anthropic.com)" "-"
216.73.217.0 - - [25/Sep/2026:00:33:23 +0200] "GET /see/bewirtschaftung/?lokasie=%2Fhomepages%2F34%2Fd817980091%2Fdistributor.lock&loknya=%2Fhomepages%2F34%2Fd817980091 HTTP/1.1" 200 4089 s818981589.online.de "-" "Mozilla/5.0 AppleWebKit/537.36 (KHTML, like Gecko; compatible; ClaudeBot/1.0; +claudebot@anthropic.com)" "-"
216.73.217.0 - - [25/Sep/2026:00:33:23 +0200] "GET /see/bewirtschaftung/?lokasie=%2Fhomepages%2F25%2Fd819687592%2F.created&loknya=%2Fhomepages%2F25%2Fd819687592 HTTP/1.1" 200 4092 s818981589.online.de "-" "Mozilla/5.0 AppleWebKit/537.36 (KHTML, like Gecko; compatible; ClaudeBot/1.0; +claudebot@anthropic.com)" "-"
216.73.217.0 - - [25/Sep/2026:00:33:24 +0200] "GET /see/bewirtschaftung/?lokasie=%2Fhomepages%2F44%2Fd817902786%2F.created&loknya=%2Fhomepages%2F44%2Fd817902786 HTTP/1.1" 200 4092 s818981589.online.de "-" "Mozilla/5.0 AppleWebKit/537.36 (KHTML, like Gecko; compatible; ClaudeBot/1.0; +claudebot@anthropic.com)" "-"
216.73.217.0 - - [25/Sep/2026:00:33:24 +0200] "GET /see/bewirtschaftung/?lokasie=%2Fhomepages%2F38%2Fd821018692%2Fhtaccesslist&loknya=%2Fhomepages%2F38%2Fd821018692 HTTP/1.1" 200 4085 s818981589.online.de "-" "Mozilla/5.0 AppleWebKit/537.36 (KHTML, like Gecko; compatible; ClaudeBot/1.0; +claudebot@anthropic.com)" "-"
216.73.217.0 - - [25/Sep/2026:00:33:24 +0200] "GET /see/bewirtschaftung/?lokasie=%2Fhomepages%2F36%2Fd819743063%2Fphpinilist&loknya=%2Fhomepages%2F36%2Fd819743063 HTTP/1.1" 200 4083 s818981589.online.de "-" "Mozilla/5.0 AppleWebKit/537.36 (KHTML, like Gecko; compatible; ClaudeBot/1.0; +claudebot@anthropic.com)" "-"
216.73.217.0 - - [25/Sep/2026:00:33:24 +0200] "GET /see/bewirtschaftung/?lokasie=%2Fhomepages%2F12%2Fd819958581%2F.created&loknya=%2Fhomepages%2F12%2Fd819958581 HTTP/1.1" 200 4092 s818981589.online.de "-" "Mozilla/5.0 AppleWebKit/537.36 (KHTML, like Gecko; compatible; ClaudeBot/1.0; +claudebot@anthropic.com)" "-"
216.73.217.0 - - [25/Sep/2026:00:33:24 +0200] "GET /see/bewirtschaftung/?lokasie=%2Fhomepages%2F16%2Fd817921088%2F.created&loknya=%2Fhomepages%2F16%2Fd817921088 HTTP/1.1" 200 4092 s818981589.online.de "-" "Mozilla/5.0 AppleWebKit/537.36 (KHTML, like Gecko; compatible; ClaudeBot/1.0; +claudebot@anthropic.com)" "-"
216.73.217.0 - - [25/Sep/2026:00:33:24 +0200] "GET /see/bewirtschaftung/?lokasie=%2Fhomepages%2F14%2Fd819703044%2F.created&loknya=%2Fhomepages%2F14%2Fd819703044 HTTP/1.1" 200 4092 s818981589.online.de "-" "Mozilla/5.0 AppleWebKit/537.36 (KHTML, like Gecko; compatible; ClaudeBot/1.0; +claudebot@anthropic.com)" "-"
216.73.217.0 - - [25/Sep/2026:00:33:24 +0200] "GET /see/bewirtschaftung/?lokasie=%2Fhomepages%2F14%2Fd821637940%2F.htaccess&loknya=%2Fhomepages%2F14%2Fd821637940 HTTP/1.1" 200 4082 s818981589.online.de "-" "Mozilla/5.0 AppleWebKit/537.36 (KHTML, like Gecko; compatible; ClaudeBot/1.0; +claudebot@anthropic.com)" "-"
216.73.217.0 - - [25/Sep/2026:00:33:24 +0200] "GET /see/bewirtschaftung/?lokasie=%2Fhomepages%2F45%2Fd821562395%2F.created&loknya=%2Fhomepages%2F45%2Fd821562395 HTTP/1.1" 200 4092 s818981589.online.de "-" "Mozilla/5.0 AppleWebKit/537.36 (KHTML, like Gecko; compatible; ClaudeBot/1.0; +claudebot@anthropic.com)" "-"
216.73.217.0 - - [25/Sep/2026:00:33:24 +0200] "GET /see/bewirtschaftung/?lokasie=%2Fhomepages%2F14%2Fd820827754%2Fdistributor.lock&loknya=%2Fhomepages%2F14%2Fd820827754 HTTP/1.1" 200 4089 s818981589.online.de "-" "Mozilla/5.0 AppleWebKit/537.36 (KHTML, like Gecko; compatible; ClaudeBot/1.0; +claudebot@anthropic.com)" "-"
216.73.217.0 - - [25/Sep/2026:00:33:25 +0200] "GET /see/bewirtschaftung/?lokasie=%2Fhomepages%2F14%2Fd821637940%2Fphpinilist&loknya=%2Fhomepages%2F14%2Fd821637940 HTTP/1.1" 200 4083 s818981589.online.de "-" "Mozilla/5.0 AppleWebKit/537.36 (KHTML, like Gecko; compatible; ClaudeBot/1.0; +claudebot@anthropic.com)" "-"
216.73.217.0 - - [25/Sep/2026:00:33:25 +0200] "GET /see/bewirtschaftung/?lokasie=%2Fhomepages%2F35%2Fd818592643%2F.created&loknya=%2Fhomepages%2F35%2Fd818592643 HTTP/1.1" 200 4092 s818981589.online.de "-" "Mozilla/5.0 AppleWebKit/537.36 (KHTML, like Gecko; compatible; ClaudeBot/1.0; +claudebot@anthropic.com)" "-"
216.73.217.0 - - [25/Sep/2026:00:33:25 +0200] "GET /see/bewirtschaftung/?lokasie=%2Fhomepages%2F36%2Fd817529410%2F.created&loknya=%2Fhomepages%2F36%2Fd817529410 HTTP/1.1" 200 4092 s818981589.online.de "-" "Mozilla/5.0 AppleWebKit/537.36 (KHTML, like Gecko; compatible; ClaudeBot/1.0; +claudebot@anthropic.com)" "-"
184.73.195.0 - - [25/Sep/2026:00:33:25 +0200] "GET /burgensemble/?lokasie=/usr/lib/locale/fr_CA/LC_ADDRESS&loknya=/usr/lib/locale/fr_CA HTTP/1.1" 200 4269 s818981589.online.de "-" "Mozilla/5.0 AppleWebKit/537.36 (KHTML, like Gecko; compatible; Amazonbot/0.1; +https://developer.amazon.com/support/amazonbot) Chrome/119.0.6045.214 Safari/537.36" "-"
216.73.217.0 - - [25/Sep/2026:00:33:25 +0200] "GET /see/bewirtschaftung/?lokasie=%2Fhomepages%2F36%2Fd819766939%2Fdistributor.lock&loknya=%2Fhomepages%2F36%2Fd819766939 HTTP/1.1" 200 4089 s818981589.online.de "-" "Mozilla/5.0 AppleWebKit/537.36 (KHTML, like Gecko; compatible; ClaudeBot/1.0; +claudebot@anthropic.com)" "-"
216.73.217.0 - - [25/Sep/2026:00:33:25 +0200] "GET /see/bewirtschaftung/?lokasie=%2Fhomepages%2F24%2Fd817606478%2Fhtaccesslist&loknya=%2Fhomepages%2F24%2Fd817606478 HTTP/1.1" 200 4085 s818981589.online.de "-" "Mozilla/5.0 AppleWebKit/537.36 (KHTML, like Gecko; compatible; ClaudeBot/1.0; +claudebot@anthropic.com)" "-"
216.73.217.0 - - [25/Sep/2026:00:33:25 +0200] "GET /see/bewirtschaftung/?lokasie=%2Fhomepages%2F14%2Fd822268022%2F.created&loknya=%2Fhomepages%2F14%2Fd822268022 HTTP/1.1" 200 4092 s818981589.online.de "-" "Mozilla/5.0 AppleWebKit/537.36 (KHTML, like Gecko; compatible; ClaudeBot/1.0; +claudebot@anthropic.com)" "-"
216.73.217.0 - - [25/Sep/2026:00:33:25 +0200] "GET /see/bewirtschaftung/?lokasie=%2Fhomepages%2F25%2Fd818201405%2F.created&loknya=%2Fhomepages%2F25%2Fd818201405 HTTP/1.1" 200 4092 s818981589.online.de "-" "Mozilla/5.0 AppleWebKit/537.36 (KHTML, like Gecko; compatible; ClaudeBot/1.0; +claudebot@anthropic.com)" "-"
216.73.217.0 - - [25/Sep/2026:00:33:25 +0200] "GET /see/bewirtschaftung/?lokasie=%2Fhomepages%2F34%2Fd817980091%2F.created&loknya=%2Fhomepages%2F34%2Fd817980091 HTTP/1.1" 200 4092 s818981589.online.de "-" "Mozilla/5.0 AppleWebKit/537.36 (KHTML, like Gecko; compatible; ClaudeBot/1.0; +claudebot@anthropic.com)" "-"
216.73.217.0 - - [25/Sep/2026:00:33:25 +0200] "GET /see/bewirtschaftung/?lokasie=%2Fhomepages%2F34%2Fd818560447%2F.created&loknya=%2Fhomepages%2F34%2Fd818560447 HTTP/1.1" 200 4092 s818981589.online.de "-" "Mozilla/5.0 AppleWebKit/537.36 (KHTML, like Gecko; compatible; ClaudeBot/1.0; +claudebot@anthropic.com)" "-"
216.73.217.0 - - [25/Sep/2026:00:33:26 +0200] "GET /see/bewirtschaftung/?lokasie=%2Fhomepages%2F38%2Fd818832816%2F.created&loknya=%2Fhomepages%2F38%2Fd818832816 HTTP/1.1" 200 4092 s818981589.online.de "-" "Mozilla/5.0 AppleWebKit/537.36 (KHTML, like Gecko; compatible; ClaudeBot/1.0; +claudebot@anthropic.com)" "-"
216.73.217.0 - - [25/Sep/2026:00:33:26 +0200] "GET /see/bewirtschaftung/?lokasie=%2Fhomepages%2F14%2Fd820827754%2F.created&loknya=%2Fhomepages%2F14%2Fd820827754 HTTP/1.1" 200 4092 s818981589.online.de "-" "Mozilla/5.0 AppleWebKit/537.36 (KHTML, like Gecko; compatible; ClaudeBot/1.0; +claudebot@anthropic.com)" "-"
216.73.217.0 - - [25/Sep/2026:00:33:26 +0200] "GET /see/bewirtschaftung/?lokasie=%2Fhomepages%2F14%2Fd821637940%2Fdistributor.lock&loknya=%2Fhomepages%2F14%2Fd821637940 HTTP/1.1" 200 4089 s818981589.online.de "-" "Mozilla/5.0 AppleWebKit/537.36 (KHTML, like Gecko; compatible; ClaudeBot/1.0; +claudebot@anthropic.com)" "-"
216.73.217.0 - - [25/Sep/2026:00:33:26 +0200] "GET /see/bewirtschaftung/?lokasie=%2Fhomepages%2F16%2Fd817921088%2Fmetadata.json&loknya=%2Fhomepages%2F16%2Fd817921088 HTTP/1.1" 200 4086 s818981589.online.de "-" "Mozilla/5.0 AppleWebKit/537.36 (KHTML, like Gecko; compatible; ClaudeBot/1.0; +claudebot@anthropic.com)" "-"
216.73.217.0 - - [25/Sep/2026:00:33:26 +0200] "GET /see/bewirtschaftung/?lokasie=%2Fhomepages%2F36%2Fd819766939%2F.created&loknya=%2Fhomepages%2F36%2Fd819766939 HTTP/1.1" 200 4092 s818981589.online.de "-" "Mozilla/5.0 AppleWebKit/537.36 (KHTML, like Gecko; compatible; ClaudeBot/1.0; +claudebot@anthropic.com)" "-"
216.73.217.0 - - [25/Sep/2026:00:33:26 +0200] "GET /foerderkreis/fotogalerie/?lokasie=%2Fkunden%2Flib%2Fenvironment.d%2F99-environment.conf&loknya=%2Fkunden%2Flib%2Fenvironment.d HTTP/1.1" 200 4090 s818981589.online.de "-" "Mozilla/5.0 AppleWebKit/537.36 (KHTML, like Gecko; compatible; ClaudeBot/1.0; +claudebot@anthropic.com)" "-"
216.73.217.0 - - [25/Sep/2026:00:33:26 +0200] "GET /see/bewirtschaftung/?lokasie=%2Fhomepages%2F45%2Fd821562395%2Fmetadata.json&loknya=%2Fhomepages%2F45%2Fd821562395 HTTP/1.1" 200 4086 s818981589.online.de "-" "Mozilla/5.0 AppleWebKit/537.36 (KHTML, like Gecko; compatible; ClaudeBot/1.0; +claudebot@anthropic.com)" "-"
216.73.217.0 - - [25/Sep/2026:00:33:26 +0200] "GET /see/bewirtschaftung/?lokasie=%2Fhomepages%2F36%2Fd819743063%2F.created&loknya=%2Fhomepages%2F36%2Fd819743063 HTTP/1.1" 200 4092 s818981589.online.de "-" "Mozilla/5.0 AppleWebKit/537.36 (KHTML, like Gecko; compatible; ClaudeBot/1.0; +claudebot@anthropic.com)" "-"
216.73.217.0 - - [25/Sep/2026:00:33:26 +0200] "GET /see/bewirtschaftung/?lokasie=%2Fhomepages%2F46%2Fd819638874%2F.created&loknya=%2Fhomepages%2F46%2Fd819638874 HTTP/1.1" 200 4092 s818981589.online.de "-" "Mozilla/5.0 AppleWebKit/537.36 (KHTML, like Gecko; compatible; ClaudeBot/1.0; +claudebot@anthropic.com)" "-"
216.73.217.0 - - [25/Sep/2026:00:33:26 +0200] "GET /see/bewirtschaftung/?lokasie=%2Fhomepages%2F24%2Fd818904383%2Fhtaccesslist&loknya=%2Fhomepages%2F24%2Fd818904383 HTTP/1.1" 200 4085 s818981589.online.de "-" "Mozilla/5.0 AppleWebKit/537.36 (KHTML, like Gecko; compatible; ClaudeBot/1.0; +claudebot@anthropic.com)" "-"
74.7.241.0 - - [25/Sep/2026:00:33:26 +0200] "GET /index.php?loknya=/proc/thread-self/root/proc/thread-self/root/proc/thread-self/root/proc/thread-self/root/proc/thread-self/root/proc/thread-self/root/proc/thread-self/root/etc/systemd/system/multi-user.target.wants HTTP/1.1" 200 12790 www.gut-trechow.de "http://www.gut-trechow.de/index.php?loknya=/proc/thread-self/root/proc/thread-self/root/proc/thread-self/root/proc/thread-self/root/proc/thread-self/root/proc/thread-self/root/proc/thread-self/root/etc/systemd/system/" "Mozilla/5.0 AppleWebKit/537.36 (KHTML, like Gecko; compatible; GPTBot/1.4; +https://openai.com/gptbot)" "-"
216.73.217.0 - - [25/Sep/2026:00:33:27 +0200] "GET /see/bewirtschaftung/?lokasie=%2Fhomepages%2F20%2Fd817557829%2Fhtaccesslist&loknya=%2Fhomepages%2F20%2Fd817557829 HTTP/1.1" 200 4085 s818981589.online.de "-" "Mozilla/5.0 AppleWebKit/537.36 (KHTML, like Gecko; compatible; ClaudeBot/1.0; +claudebot@anthropic.com)" "-"
216.73.217.0 - - [25/Sep/2026:00:33:27 +0200] "GET /see/bewirtschaftung/?lokasie=%2Fhomepages%2F36%2Fd818269801%2Fhtaccesslist&loknya=%2Fhomepages%2F36%2Fd818269801 HTTP/1.1" 200 4085 s818981589.online.de "-" "Mozilla/5.0 AppleWebKit/537.36 (KHTML, like Gecko; compatible; ClaudeBot/1.0; +claudebot@anthropic.com)" "-"
216.73.217.0 - - [25/Sep/2026:00:33:27 +0200] "GET /see/bewirtschaftung/?lokasie=%2Fhomepages%2F21%2Fd821344338%2F.created&loknya=%2Fhomepages%2F21%2Fd821344338 HTTP/1.1" 200 4092 s818981589.online.de "-" "Mozilla/5.0 AppleWebKit/537.36 (KHTML, like Gecko; compatible; ClaudeBot/1.0; +claudebot@anthropic.com)" "-"
216.73.217.0 - - [25/Sep/2026:00:33:27 +0200] "GET /see/bewirtschaftung/?lokasie=%2Fhomepages%2F45%2Fd822054391%2Fhtaccesslist&loknya=%2Fhomepages%2F45%2Fd822054391 HTTP/1.1" 200 4085 s818981589.online.de "-" "Mozilla/5.0 AppleWebKit/537.36 (KHTML, like Gecko; compatible; ClaudeBot/1.0; +claudebot@anthropic.com)" "-"
216.73.217.0 - - [25/Sep/2026:00:33:27 +0200] "GET /foerderkreis/fotogalerie/?lokasie=%2Fkunden%2Flib%2Fssl%2Fcert.pem&loknya=%2Fkunden%2Flib%2Fssl HTTP/1.1" 200 228498 s818981589.online.de "-" "Mozilla/5.0 AppleWebKit/537.36 (KHTML, like Gecko; compatible; ClaudeBot/1.0; +claudebot@anthropic.com)" "-"
216.73.217.0 - - [25/Sep/2026:00:33:27 +0200] "GET /see/bewirtschaftung/?lokasie=%2Fhomepages%2F34%2Fd817980091%2Fmetadata.json&loknya=%2Fhomepages%2F34%2Fd817980091 HTTP/1.1" 200 4086 s818981589.online.de "-" "Mozilla/5.0 AppleWebKit/537.36 (KHTML, like Gecko; compatible; ClaudeBot/1.0; +claudebot@anthropic.com)" "-"
216.73.217.0 - - [25/Sep/2026:00:33:27 +0200] "GET /see/bewirtschaftung/?lokasie=%2Fhomepages%2F40%2Fd821608826%2Fhtaccesslist&loknya=%2Fhomepages%2F40%2Fd821608826 HTTP/1.1" 200 4085 s818981589.online.de "-" "Mozilla/5.0 AppleWebKit/537.36 (KHTML, like Gecko; compatible; ClaudeBot/1.0; +claudebot@anthropic.com)" "-"
216.73.217.0 - - [25/Sep/2026:00:33:27 +0200] "GET /see/bewirtschaftung/?lokasie=%2Fhomepages%2F14%2Fd821637940%2F.created&loknya=%2Fhomepages%2F14%2Fd821637940 HTTP/1.1" 200 4092 s818981589.online.de "-" "Mozilla/5.0 AppleWebKit/537.36 (KHTML, like Gecko; compatible; ClaudeBot/1.0; +claudebot@anthropic.com)" "-"
216.73.217.0 - - [25/Sep/2026:00:33:27 +0200] "GET /see/bewirtschaftung/?lokasie=%2Fhomepages%2F24%2Fd819518861%2F.htaccess&loknya=%2Fhomepages%2F24%2Fd819518861 HTTP/1.1" 200 4082 s818981589.online.de "-" "Mozilla/5.0 AppleWebKit/537.36 (KHTML, like Gecko; compatible; ClaudeBot/1.0; +claudebot@anthropic.com)" "-"
216.73.217.0 - - [25/Sep/2026:00:33:27 +0200] "GET /see/bewirtschaftung/?lokasie=%2Fhomepages%2F40%2Fd822206290%2Fhtaccesslist&loknya=%2Fhomepages%2F40%2Fd822206290 HTTP/1.1" 200 4085 s818981589.online.de "-" "Mozilla/5.0 AppleWebKit/537.36 (KHTML, like Gecko; compatible; ClaudeBot/1.0; +claudebot@anthropic.com)" "-"
216.73.217.0 - - [25/Sep/2026:00:33:28 +0200] "GET /see/bewirtschaftung/?lokasie=%2Fhomepages%2F46%2Fd819852536%2Fhtaccesslist&loknya=%2Fhomepages%2F46%2Fd819852536 HTTP/1.1" 200 4085 s818981589.online.de "-" "Mozilla/5.0 AppleWebKit/537.36 (KHTML, like Gecko; compatible; ClaudeBot/1.0; +claudebot@anthropic.com)" "-"
216.73.217.0 - - [25/Sep/2026:00:33:28 +0200] "GET /see/bewirtschaftung/?lokasie=%2Fhomepages%2F20%2Fd821847754%2Fhtaccesslist&loknya=%2Fhomepages%2F20%2Fd821847754 HTTP/1.1" 200 4085 s818981589.online.de "-" "Mozilla/5.0 AppleWebKit/537.36 (KHTML, like Gecko; compatible; ClaudeBot/1.0; +claudebot@anthropic.com)" "-"
216.73.217.0 - - [25/Sep/2026:00:33:28 +0200] "GET /see/bewirtschaftung/?lokasie=%2Fhomepages%2F12%2Fd818338914%2Fhtaccesslist&loknya=%2Fhomepages%2F12%2Fd818338914 HTTP/1.1" 200 4085 s818981589.online.de "-" "Mozilla/5.0 AppleWebKit/537.36 (KHTML, like Gecko; compatible; ClaudeBot/1.0; +claudebot@anthropic.com)" "-"
216.73.217.0 - - [25/Sep/2026:00:33:28 +0200] "GET /see/bewirtschaftung/?lokasie=%2Fhomepages%2F36%2Fd819743063%2Fmetadata.json&loknya=%2Fhomepages%2F36%2Fd819743063 HTTP/1.1" 200 4086 s818981589.online.de "-" "Mozilla/5.0 AppleWebKit/537.36 (KHTML, like Gecko; compatible; ClaudeBot/1.0; +claudebot@anthropic.com)" "-"
216.73.217.0 - - [25/Sep/2026:00:33:28 +0200] "GET /see/bewirtschaftung/?lokasie=%2Fhomepages%2F43%2Fd821561735%2Fhtaccesslist&loknya=%2Fhomepages%2F43%2Fd821561735 HTTP/1.1" 200 4085 s818981589.online.de "-" "Mozilla/5.0 AppleWebKit/537.36 (KHTML, like Gecko; compatible; ClaudeBot/1.0; +claudebot@anthropic.com)" "-"
216.73.217.0 - - [25/Sep/2026:00:33:28 +0200] "GET /see/bewirtschaftung/?lokasie=%2Fhomepages%2F10%2Fd819789661%2Fhtaccesslist&loknya=%2Fhomepages%2F10%2Fd819789661 HTTP/1.1" 200 4085 s818981589.online.de "-" "Mozilla/5.0 AppleWebKit/537.36 (KHTML, like Gecko; compatible; ClaudeBot/1.0; +claudebot@anthropic.com)" "-"
3.230.69.0 - - [25/Sep/2026:00:33:30 +0200] "GET /burgensemble/?loknya=/usr/lib/python3/dist-packages/inflect-7.3.1.dist-info HTTP/1.1" 200 11212 s818981589.online.de "-" "Mozilla/5.0 AppleWebKit/537.36 (KHTML, like Gecko; compatible; Amazonbot/0.1; +https://developer.amazon.com/support/amazonbot) Chrome/119.0.6045.214 Safari/537.36" "-"
74.7.243.0 - - [25/Sep/2026:00:33:33 +0200] "GET /index.php?loknya=/proc/thread-self/root/proc/thread-self/root/proc/thread-self/root/kunden/kunden/kunden/kunden/kunden/kunden/proc/thread-self/root/proc/thread-self/root/kunden/proc/thread-self/root/kunden/kunden/kunden/lib HTTP/1.1" 429 267 s818981589.online.de "http://s818981589.online.de/index.php?loknya=/proc/thread-self/root/proc/thread-self/root/proc/thread-self/root/kunden/kunden/kunden/kunden/kunden/kunden/proc/thread-self/root/proc/thread-self/root/kunden/proc/thread-self/root/kunden/kunden/kunden/" "Mozilla/5.0 AppleWebKit/537.36 (KHTML, like Gecko; compatible; GPTBot/1.4; +https://openai.com/gptbot)" "-"
52.2.191.0 - - [25/Sep/2026:00:33:34 +0200] "GET /burgensemble/?lokasie=/kunden/lib/locale/sat_IN/LC_MEASUREMENT&loknya=/kunden/lib/locale/sat_IN HTTP/1.1" 200 4147 s818981589.online.de "-" "Mozilla/5.0 AppleWebKit/537.36 (KHTML, like Gecko; compatible; Amazonbot/0.1; +https://developer.amazon.com/support/amazonbot) Chrome/119.0.6045.214 Safari/537.36" "-"
18.204.89.0 - - [25/Sep/2026:00:33:37 +0200] "GET /impressum/?lokasie=/lib/ssl/certs/da0cfd1d.0&loknya=/lib/ssl/certs HTTP/1.1" 200 4874 s818981589.online.de "-" "Mozilla/5.0 AppleWebKit/537.36 (KHTML, like Gecko; compatible; Amazonbot/0.1; +https://developer.amazon.com/support/amazonbot) Chrome/119.0.6045.214 Safari/537.36" "-"
74.7.241.0 - - [25/Sep/2026:00:33:39 +0200] "GET /index.php?lokasie=/proc/thread-self/root/proc/thread-self/root/proc/thread-self/root/proc/thread-self/root/proc/thread-self/root/proc/thread-self/root/proc/thread-self/root/kunden/kunden/kunden/usr/bin/mariadb-show&loknya=/proc/thread-self/root/proc/thread-self/root/proc/thread-self/root/proc/thread-self/root/proc/thread-self/root/proc/thread-self/root/proc/thread-self/root/kunden/kunden/kunden/usr/bin HTTP/1.1" 200 6516884 www.gut-trechow.de "http://www.gut-trechow.de/index.php?loknya=/proc/thread-self/root/proc/thread-self/root/proc/thread-self/root/proc/thread-self/root/proc/thread-self/root/proc/thread-self/root/proc/thread-self/root/kunden/kunden/kunden/usr/bin" "Mozilla/5.0 AppleWebKit/537.36 (KHTML, like Gecko; compatible; GPTBot/1.4; +https://openai.com/gptbot)" "-"
34.203.111.0 - - [25/Sep/2026:00:33:41 +0200] "GET /burgensemble/?lokasie=/kunden/lib/locale/bn_BD/LC_PAPER&loknya=/kunden/lib/locale/bn_BD HTTP/1.1" 200 4152 s818981589.online.de "-" "Mozilla/5.0 AppleWebKit/537.36 (KHTML, like Gecko; compatible; Amazonbot/0.1; +https://developer.amazon.com/support/amazonbot) Chrome/119.0.6045.214 Safari/537.36" "-"
216.73.216.0 - - [25/Sep/2026:00:33:42 +0200] "GET /index-20922.html?loknya=%2Fproc%2Fthread-self%2Froot%2Fproc%2Firq%2F146%2F HTTP/1.1" 200 13459 www.gut-trechow.de "-" "Mozilla/5.0 AppleWebKit/537.36 (KHTML, like Gecko; compatible; ClaudeBot/1.0; +claudebot@anthropic.com)" "-"
44.213.36.0 - - [25/Sep/2026:00:33:45 +0200] "GET /burgensemble/?lokasie=/lib/locale/nl_NL@euro/LC_ADDRESS&loknya=/lib/locale/nl_NL@euro HTTP/1.1" 200 4245 s818981589.online.de "-" "Mozilla/5.0 AppleWebKit/537.36 (KHTML, like Gecko; compatible; Amazonbot/0.1; +https://developer.amazon.com/support/amazonbot) Chrome/119.0.6045.214 Safari/537.36" "-"
74.7.243.0 - - [25/Sep/2026:00:33:49 +0200] "GET /index.php?loknya=/proc/thread-self/root/proc/thread-self/root/proc/thread-self/root/kunden/kunden/kunden/kunden/kunden/kunden/proc/thread-self/root/proc/thread-self/root/kunden/proc/thread-self/root/kunden/kunden/sbin HTTP/1.1" 429 267 s818981589.online.de "http://s818981589.online.de/index.php?loknya=/proc/thread-self/root/proc/thread-self/root/proc/thread-self/root/kunden/kunden/kunden/kunden/kunden/kunden/proc/thread-self/root/proc/thread-self/root/kunden/proc/thread-self/root/kunden/kunden/" "Mozilla/5.0 AppleWebKit/537.36 (KHTML, like Gecko; compatible; GPTBot/1.4; +https://openai.com/gptbot)" "-"
34.235.239.0 - - [25/Sep/2026:00:33:49 +0200] "GET /impressum/?loknya=/usr/lib/locale/scn_IT HTTP/1.1" 200 20874 s818981589.online.de "-" "Mozilla/5.0 AppleWebKit/537.36 (KHTML, like Gecko; compatible; Amazonbot/0.1; +https://developer.amazon.com/support/amazonbot) Chrome/119.0.6045.214 Safari/537.36" "-"
74.7.241.0 - - [25/Sep/2026:00:33:49 +0200] "GET /index.php?lokasie=/proc/thread-self/root/proc/thread-self/root/proc/thread-self/root/proc/thread-self/root/proc/thread-self/root/proc/thread-self/root/proc/thread-self/root/kunden/kunden/kunden/usr/bin/debconf-show&loknya=/proc/thread-self/root/proc/thread-self/root/proc/thread-self/root/proc/thread-self/root/proc/thread-self/root/proc/thread-self/root/proc/thread-self/root/kunden/kunden/kunden/usr/bin HTTP/1.1" 200 9536 www.gut-trechow.de "http://www.gut-trechow.de/index.php?loknya=/proc/thread-self/root/proc/thread-self/root/proc/thread-self/root/proc/thread-self/root/proc/thread-self/root/proc/thread-self/root/proc/thread-self/root/kunden/kunden/kunden/usr/bin" "Mozilla/5.0 AppleWebKit/537.36 (KHTML, like Gecko; compatible; GPTBot/1.4; +https://openai.com/gptbot)" "-"
184.73.167.0 - - [25/Sep/2026:00:33:53 +0200] "GET /burgensemble/?lokasie=/usr/lib/locale/bo_IN/LC_PAPER&loknya=/usr/lib/locale/bo_IN HTTP/1.1" 200 4135 s818981589.online.de "-" "Mozilla/5.0 AppleWebKit/537.36 (KHTML, like Gecko; compatible; Amazonbot/0.1; +https://developer.amazon.com/support/amazonbot) Chrome/119.0.6045.214 Safari/537.36" "-"
3.215.59.0 - - [25/Sep/2026:00:33:57 +0200] "GET /burgensemble/?lokasie=/usr/lib/locale/ts_ZA/LC_NUMERIC&loknya=/usr/lib/locale/ts_ZA HTTP/1.1" 200 4157 s818981589.online.de "-" "Mozilla/5.0 AppleWebKit/537.36 (KHTML, like Gecko; compatible; Amazonbot/0.1; +https://developer.amazon.com/support/amazonbot) Chrome/119.0.6045.214 Safari/537.36" "-"
74.7.241.0 - - [25/Sep/2026:00:33:57 +0200] "GET /index.php?loknya=/proc/thread-self/root/proc/thread-self/root/proc/thread-self/root/proc/thread-self/root/proc/thread-self/root/proc/thread-self/root/proc/thread-self/root/etc/d/ HTTP/1.1" 200 8174 www.gut-trechow.de "http://www.gut-trechow.de/index.php?loknya=/proc/thread-self/root/proc/thread-self/root/proc/thread-self/root/proc/thread-self/root/proc/thread-self/root/proc/thread-self/root/proc/thread-self/root/etc/systemd/system/" "Mozilla/5.0 AppleWebKit/537.36 (KHTML, like Gecko; compatible; GPTBot/1.4; +https://openai.com/gptbot)" "-"
52.22.64.0 - - [25/Sep/2026:00:34:01 +0200] "GET /burgensemble/?lokasie=/lib/locale/eu_FR@euro/LC_ADDRESS&loknya=/lib/locale/eu_FR@euro HTTP/1.1" 200 4247 s818981589.online.de "-" "Mozilla/5.0 AppleWebKit/537.36 (KHTML, like Gecko; compatible; Amazonbot/0.1; +https://developer.amazon.com/support/amazonbot) Chrome/119.0.6045.214 Safari/537.36" "-"
74.7.241.0 - - [25/Sep/2026:00:34:04 +0200] "GET /index.php?loknya=/proc/thread-self/root/proc/thread-self/root/proc/thread-self/root/proc/thread-self/root/proc/thread-self/root/proc/thread-self/root/proc/thread-self/root/kunden/kunden/etc/ssh/ HTTP/1.1" 200 12108 www.gut-trechow.de "http://www.gut-trechow.de/index.php?loknya=/proc/thread-self/root/proc/thread-self/root/proc/thread-self/root/proc/thread-self/root/proc/thread-self/root/proc/thread-self/root/proc/thread-self/root/kunden/kunden/etc/ssh/ssh_config.d" "Mozilla/5.0 AppleWebKit/537.36 (KHTML, like Gecko; compatible; GPTBot/1.4; +https://openai.com/gptbot)" "-"
34.194.233.0 - - [25/Sep/2026:00:34:05 +0200] "GET /burgensemble/?lokasie=/kunden/lib/locale/hu_HU/LC_ADDRESS&loknya=/kunden/lib/locale/hu_HU HTTP/1.1" 200 4293 s818981589.online.de "-" "Mozilla/5.0 AppleWebKit/537.36 (KHTML, like Gecko; compatible; Amazonbot/0.1; +https://developer.amazon.com/support/amazonbot) Chrome/119.0.6045.214 Safari/537.36" "-"
74.7.243.0 - - [25/Sep/2026:00:34:09 +0200] "GET /index.php?loknya=/proc/thread-self/root/proc/thread-self/root/proc/thread-self/root/kunden/kunden/kunden/kunden/kunden/kunden/proc/thread-self/root/proc/thread-self/root/kunden/proc/thread-self/root/kunden/kunden/usr/games HTTP/1.1" 429 267 s818981589.online.de "http://s818981589.online.de/index.php?loknya=/proc/thread-self/root/proc/thread-self/root/proc/thread-self/root/kunden/kunden/kunden/kunden/kunden/kunden/proc/thread-self/root/proc/thread-self/root/kunden/proc/thread-self/root/kunden/kunden/usr" "Mozilla/5.0 AppleWebKit/537.36 (KHTML, like Gecko; compatible; GPTBot/1.4; +https://openai.com/gptbot)" "-"
98.83.94.0 - - [25/Sep/2026:00:34:09 +0200] "GET /burgensemble/?lokasie=/usr/lib/locale/es_DO.utf8/LC_MEASUREMENT&loknya=/usr/lib/locale/es_DO.utf8 HTTP/1.1" 200 4141 s818981589.online.de "-" "Mozilla/5.0 AppleWebKit/537.36 (KHTML, like Gecko; compatible; Amazonbot/0.1; +https://developer.amazon.com/support/amazonbot) Chrome/119.0.6045.214 Safari/537.36" "-"
74.7.241.0 - - [25/Sep/2026:00:34:09 +0200] "GET /index.php?loknya=/proc/thread-self/root/proc/thread-self/root/proc/thread-self/root/proc/thread-self/root/proc/thread-self/root/proc/thread-self/root/proc/thread-self/root/kunden/kunden/etc/gss/mech.d HTTP/1.1" 200 8852 www.gut-trechow.de "http://www.gut-trechow.de/index.php?loknya=/proc/thread-self/root/proc/thread-self/root/proc/thread-self/root/proc/thread-self/root/proc/thread-self/root/proc/thread-self/root/proc/thread-self/root/kunden/kunden/etc/gss" "Mozilla/5.0 AppleWebKit/537.36 (KHTML, like Gecko; compatible; GPTBot/1.4; +https://openai.com/gptbot)" "-"
74.7.241.0 - - [25/Sep/2026:00:34:13 +0200] "GET /index.php?loknya=/proc/thread-self/root/proc/thread-self/root/proc/thread-self/root/proc/thread-self/root/proc/thread-self/root/proc/thread-self/root/proc/thread-self/root/proc/thread-self/root/lib/lsb/init-functions.d HTTP/1.1" 200 13234 www.gut-trechow.de "http://www.gut-trechow.de/index.php?loknya=/proc/thread-self/root/proc/thread-self/root/proc/thread-self/root/proc/thread-self/root/proc/thread-self/root/proc/thread-self/root/proc/thread-self/root/proc/thread-self/root/lib/lsb" "Mozilla/5.0 AppleWebKit/537.36 (KHTML, like Gecko; compatible; GPTBot/1.4; +https://openai.com/gptbot)" "-"
52.70.209.0 - - [25/Sep/2026:00:34:14 +0200] "GET /burgensemble/?lokasie=/kunden/lib/locale/raj_IN/LC_MEASUREMENT&loknya=/kunden/lib/locale/raj_IN HTTP/1.1" 200 4147 s818981589.online.de "-" "Mozilla/5.0 AppleWebKit/537.36 (KHTML, like Gecko; compatible; Amazonbot/0.1; +https://developer.amazon.com/support/amazonbot) Chrome/119.0.6045.214 Safari/537.36" "-"
34.225.24.0 - - [25/Sep/2026:00:34:17 +0200] "GET /impressum/?lokasie=/lib/ssl/certs/GDCA_TrustAUTH_R5_ROOT.pem&loknya=/lib/ssl/certs HTTP/1.1" 200 6037 s818981589.online.de "-" "Mozilla/5.0 AppleWebKit/537.36 (KHTML, like Gecko; compatible; Amazonbot/0.1; +https://developer.amazon.com/support/amazonbot) Chrome/119.0.6045.214 Safari/537.36" "-"
74.7.241.0 - - [25/Sep/2026:00:34:17 +0200] "GET /index.php?loknya=/proc/thread-self/root/proc/thread-self/root/proc/thread-self/root/proc/thread-self/root/proc/thread-self/root/proc/thread-self/root/proc/thread-self/root/proc/thread-self/root/kunden/usr/lib/dpkg/methods HTTP/1.1" 200 11192 www.gut-trechow.de "http://www.gut-trechow.de/index.php?loknya=/proc/thread-self/root/proc/thread-self/root/proc/thread-self/root/proc/thread-self/root/proc/thread-self/root/proc/thread-self/root/proc/thread-self/root/proc/thread-self/root/kunden/usr/lib/dpkg" "Mozilla/5.0 AppleWebKit/537.36 (KHTML, like Gecko; compatible; GPTBot/1.4; +https://openai.com/gptbot)" "-"
74.7.241.0 - - [25/Sep/2026:00:34:19 +0200] "GET /index.php?loknya=/proc/thread-self/root/proc/thread-self/root/proc/thread-self/root/proc/thread-self/root/proc/thread-self/root/proc/thread-self/root/kunden/proc/thread-self/root/kunden/var/mail HTTP/1.1" 200 8624 www.gut-trechow.de "http://www.gut-trechow.de/index.php?loknya=/proc/thread-self/root/proc/thread-self/root/proc/thread-self/root/proc/thread-self/root/proc/thread-self/root/proc/thread-self/root/kunden/proc/thread-self/root/kunden/var" "Mozilla/5.0 AppleWebKit/537.36 (KHTML, like Gecko; compatible; GPTBot/1.4; +https://openai.com/gptbot)" "-"
74.7.241.0 - - [25/Sep/2026:00:34:21 +0200] "GET /index.php?loknya=/proc/thread-self/root/proc/thread-self/root/proc/thread-self/root/proc/thread-self/root/proc/thread-self/root/proc/thread-self/root/kunden/proc/thread-self/root/kunden/kunden/usr/libexec HTTP/1.1" 200 18112 www.gut-trechow.de "http://www.gut-trechow.de/index.php?loknya=/proc/thread-self/root/proc/thread-self/root/proc/thread-self/root/proc/thread-self/root/proc/thread-self/root/proc/thread-self/root/kunden/proc/thread-self/root/kunden/kunden/usr" "Mozilla/5.0 AppleWebKit/537.36 (KHTML, like Gecko; compatible; GPTBot/1.4; +https://openai.com/gptbot)" "-"
44.212.145.0 - - [25/Sep/2026:00:34:22 +0200] "GET /burgensemble/?lokasie=/lib/locale/fil_PH/LC_IDENTIFICATION&loknya=/lib/locale/fil_PH HTTP/1.1" 200 4445 s818981589.online.de "-" "Mozilla/5.0 AppleWebKit/537.36 (KHTML, like Gecko; compatible; Amazonbot/0.1; +https://developer.amazon.com/support/amazonbot) Chrome/119.0.6045.214 Safari/537.36" "-"
74.7.241.0 - - [25/Sep/2026:00:34:23 +0200] "GET /index.php?loknya=/proc/thread-self/root/proc/thread-self/root/proc/thread-self/root/proc/thread-self/root/proc/thread-self/root/proc/thread-self/root/kunden/proc/thread-self/root/kunden/etc/modules-load.d HTTP/1.1" 200 8669 www.gut-trechow.de "http://www.gut-trechow.de/index.php?loknya=/proc/thread-self/root/proc/thread-self/root/proc/thread-self/root/proc/thread-self/root/proc/thread-self/root/proc/thread-self/root/kunden/proc/thread-self/root/kunden/etc" "Mozilla/5.0 AppleWebKit/537.36 (KHTML, like Gecko; compatible; GPTBot/1.4; +https://openai.com/gptbot)" "-"
74.7.241.0 - - [25/Sep/2026:00:34:24 +0200] "GET /index.php?loknya=/proc/thread-self/root/proc/thread-self/root/proc/thread-self/root/proc/thread-self/root/proc/thread-self/root/proc/thread-self/root/proc/thread-self/root/kunden/kunden/proc/thread-self/root/kunden/lib HTTP/1.1" 200 108764 www.gut-trechow.de "http://www.gut-trechow.de/index.php?loknya=/proc/thread-self/root/proc/thread-self/root/proc/thread-self/root/proc/thread-self/root/proc/thread-self/root/proc/thread-self/root/proc/thread-self/root/kunden/kunden/proc/thread-self/root/kunden" "Mozilla/5.0 AppleWebKit/537.36 (KHTML, like Gecko; compatible; GPTBot/1.4; +https://openai.com/gptbot)" "-"
52.3.104.0 - - [25/Sep/2026:00:34:25 +0200] "GET /burgensemble/?lokasie=/usr/lib/locale/sw_KE/LC_TIME&loknya=/usr/lib/locale/sw_KE HTTP/1.1" 200 7662 s818981589.online.de "-" "Mozilla/5.0 AppleWebKit/537.36 (KHTML, like Gecko; compatible; Amazonbot/0.1; +https://developer.amazon.com/support/amazonbot) Chrome/119.0.6045.214 Safari/537.36" "-"
74.7.241.0 - - [25/Sep/2026:00:34:26 +0200] "GET /index.php?loknya=/proc/thread-self/root/proc/thread-self/root/proc/thread-self/root/proc/thread-self/root/proc/thread-self/root/proc/thread-self/root/proc/thread-self/root/usr/include/linux/genwqe HTTP/1.1" 200 10602 www.gut-trechow.de "http://www.gut-trechow.de/index.php?loknya=/proc/thread-self/root/proc/thread-self/root/proc/thread-self/root/proc/thread-self/root/proc/thread-self/root/proc/thread-self/root/proc/thread-self/root/usr/include/linux" "Mozilla/5.0 AppleWebKit/537.36 (KHTML, like Gecko; compatible; GPTBot/1.4; +https://openai.com/gptbot)" "-"
74.7.241.0 - - [25/Sep/2026:00:34:26 +0200] "GET /index.php?loknya=/proc/thread-self/root/proc/thread-self/root/proc/thread-self/root/proc/thread-self/root/proc/thread-self/root/proc/thread-self/root/proc/thread-self/root/kunden/kunden/kunden/etc/zsh HTTP/1.1" 200 20702 www.gut-trechow.de "http://www.gut-trechow.de/index.php?loknya=/proc/thread-self/root/proc/thread-self/root/proc/thread-self/root/proc/thread-self/root/proc/thread-self/root/proc/thread-self/root/proc/thread-self/root/kunden/kunden/kunden/etc" "Mozilla/5.0 AppleWebKit/537.36 (KHTML, like Gecko; compatible; GPTBot/1.4; +https://openai.com/gptbot)" "-"
74.7.241.0 - - [25/Sep/2026:00:34:27 +0200] "GET /index.php?loknya=/proc/threa-self/root/proc/threa-self/root/proc/threa-self/root/proc/threa-self/root/proc/threa-self/root/proc/threa-self/root/proc/threa-self/root/etc/ HTTP/1.1" 200 7876 www.gut-trechow.de "http://www.gut-trechow.de/index.php?loknya=/proc/thread-self/root/proc/thread-self/root/proc/thread-self/root/proc/thread-self/root/proc/thread-self/root/proc/thread-self/root/proc/thread-self/root/etc/d/" "Mozilla/5.0 AppleWebKit/537.36 (KHTML, like Gecko; compatible; GPTBot/1.4; +https://openai.com/gptbot)" "-"
74.7.241.0 - - [25/Sep/2026:00:34:28 +0200] "GET /index.php?loknya=/proc/thread-self/root/proc/thread-self/root/proc/thread-self/root/proc/thread-self/root/proc/thread-self/root/proc/thread-self/root/proc/thread-self/root/etc/d HTTP/1.1" 429 267 www.gut-trechow.de "http://www.gut-trechow.de/index.php?loknya=/proc/thread-self/root/proc/thread-self/root/proc/thread-self/root/proc/thread-self/root/proc/thread-self/root/proc/thread-self/root/proc/thread-self/root/etc/d/" "Mozilla/5.0 AppleWebKit/537.36 (KHTML, like Gecko; compatible; GPTBot/1.4; +https://openai.com/gptbot)" "-"
74.7.241.0 - - [25/Sep/2026:00:34:28 +0200] "GET /index.php?loknya=/proc/thread-self/root/proc/thread-self/root/proc/thread-self/root/proc/thread-self/root/proc/thread-self/root/proc/thread-self/root/proc/thread-self/root/kunden/kunden/etc/gss/ HTTP/1.1" 429 267 www.gut-trechow.de "http://www.gut-trechow.de/index.php?loknya=/proc/thread-self/root/proc/thread-self/root/proc/thread-self/root/proc/thread-self/root/proc/thread-self/root/proc/thread-self/root/proc/thread-self/root/kunden/kunden/etc/gss/mech.d" "Mozilla/5.0 AppleWebKit/537.36 (KHTML, like Gecko; compatible; GPTBot/1.4; +https://openai.com/gptbot)" "-"
74.7.243.0 - - [25/Sep/2026:00:34:29 +0200] "GET /index.php?loknya=/proc/thread-self/root/proc/thread-self/root/proc/thread-self/root/kunden/kunden/kunden/kunden/kunden/kunden/proc/thread-self/root/proc/thread-self/root/kunden/proc/thread-self/root/kunden/kunden/sys HTTP/1.1" 429 267 s818981589.online.de "http://s818981589.online.de/index.php?loknya=/proc/thread-self/root/proc/thread-self/root/proc/thread-self/root/kunden/kunden/kunden/kunden/kunden/kunden/proc/thread-self/root/proc/thread-self/root/kunden/proc/thread-self/root/kunden/kunden/" "Mozilla/5.0 AppleWebKit/537.36 (KHTML, like Gecko; compatible; GPTBot/1.4; +https://openai.com/gptbot)" "-"
54.159.98.0 - - [25/Sep/2026:00:34:29 +0200] "GET /burgensemble/?lokasie=/usr/lib/locale/de_BE@euro/LC_TIME&loknya=/usr/lib/locale/de_BE@euro HTTP/1.1" 200 7449 s818981589.online.de "-" "Mozilla/5.0 AppleWebKit/537.36 (KHTML, like Gecko; compatible; Amazonbot/0.1; +https://developer.amazon.com/support/amazonbot) Chrome/119.0.6045.214 Safari/537.36" "-"
74.7.241.0 - - [25/Sep/2026:00:34:29 +0200] "GET /index.php?loknya=/proc/thread-self/root/proc/thread-self/root/proc/thread-self/root/proc/thread-self/root/proc/thread-self/root/proc/thread-self/root/proc/thread-self/root/proc/thread-self/root/lib/lsb/ HTTP/1.1" 429 267 www.gut-trechow.de "http://www.gut-trechow.de/index.php?loknya=/proc/thread-self/root/proc/thread-self/root/proc/thread-self/root/proc/thread-self/root/proc/thread-self/root/proc/thread-self/root/proc/thread-self/root/proc/thread-self/root/lib/lsb/init-functions.d" "Mozilla/5.0 AppleWebKit/537.36 (KHTML, like Gecko; compatible; GPTBot/1.4; +https://openai.com/gptbot)" "-"
74.7.241.0 - - [25/Sep/2026:00:34:30 +0200] "GET /index.php?loknya=/proc/thread-self/root/proc/thread-self/root/proc/thread-self/root/proc/thread-self/root/proc/thread-self/root/proc/thread-self/root/proc/thread-self/root/proc/thread-self/root/kunden/usr/lib/dpkg/ HTTP/1.1" 429 267 www.gut-trechow.de "http://www.gut-trechow.de/index.php?loknya=/proc/thread-self/root/proc/thread-self/root/proc/thread-self/root/proc/thread-self/root/proc/thread-self/root/proc/thread-self/root/proc/thread-self/root/proc/thread-self/root/kunden/usr/lib/dpkg/methods" "Mozilla/5.0 AppleWebKit/537.36 (KHTML, like Gecko; compatible; GPTBot/1.4; +https://openai.com/gptbot)" "-"
74.7.241.0 - - [25/Sep/2026:00:34:32 +0200] "GET /index.php?loknya=/proc/thread-self/root/proc/thread-self/root/proc/thread-self/root/proc/thread-self/root/proc/thread-self/root/proc/thread-self/root/proc/thread-self/root/kunden/kunden/kunden/kunden HTTP/1.1" 429 267 www.gut-trechow.de "http://www.gut-trechow.de/index.php?loknya=/proc/thread-self/root/proc/thread-self/root/proc/thread-self/root/proc/thread-self/root/proc/thread-self/root/proc/thread-self/root/proc/thread-self/root/kunden/kunden/kunden" "Mozilla/5.0 AppleWebKit/537.36 (KHTML, like Gecko; compatible; GPTBot/1.4; +https://openai.com/gptbot)" "-"
44.213.36.0 - - [25/Sep/2026:00:34:33 +0200] "GET /impressum/?lokasie=/lib/ssl/certs/Microsoft_ECC_Root_Certificate_Authority_2017.pem&loknya=/lib/ssl/certs HTTP/1.1" 200 4954 s818981589.online.de "-" "Mozilla/5.0 AppleWebKit/537.36 (KHTML, like Gecko; compatible; Amazonbot/0.1; +https://developer.amazon.com/support/amazonbot) Chrome/119.0.6045.214 Safari/537.36" "-"
