216.73.217.0 - - [25/Sep/2026:00:31:23 +0200] "GET /burgensemble/projekte/?lokasie=%2Fhomepages%2F13%2Fd818981593%2Fhtdocs%2FGutTrechow%2Fwp-content%2Fplugins%2Ffileorganizer%2Fmanager%2Findex.php&loknya=%2Fhomepages%2F13%2Fd818981593%2Fhtdocs%2FGutTrechow%2Fwp-content%2Fplugins%2Ffileorganizer%2Fmanager HTTP/1.1" 429 267 s818981589.online.de "-" "Mozilla/5.0 AppleWebKit/537.36 (KHTML, like Gecko; compatible; ClaudeBot/1.0; +claudebot@anthropic.com)" "-"
50.19.102.0 - - [25/Sep/2026:00:31:23 +0200] "GET /impressum/?lokasie=/lib/locale/en_US.iso885915/LC_COLLATE&loknya=/lib/locale/en_US.iso885915 HTTP/1.1" 200 28971 s818981589.online.de "-" "Mozilla/5.0 AppleWebKit/537.36 (KHTML, like Gecko; compatible; Amazonbot/0.1; +https://developer.amazon.com/support/amazonbot) Chrome/119.0.6045.214 Safari/537.36" "-"
74.7.241.0 - - [25/Sep/2026:00:31:23 +0200] "GET /index.php?loknya=/proc/thread-self/root/proc/thread-self/root/proc/thread-self/root/proc/thread-self/root/proc/thread-self/root/proc/thread-self/root/proc/thread-self/root/kunden/kunden/proc/thread-self/root/kunden/sbin HTTP/1.1" 200 373380 www.gut-trechow.de "http://www.gut-trechow.de/index.php?loknya=/proc/thread-self/root/proc/thread-self/root/proc/thread-self/root/proc/thread-self/root/proc/thread-self/root/proc/thread-self/root/proc/thread-self/root/kunden/kunden/proc/thread-self/root/kunden" "Mozilla/5.0 AppleWebKit/537.36 (KHTML, like Gecko; compatible; GPTBot/1.4; +https://openai.com/gptbot)" "-"
216.73.217.0 - - [25/Sep/2026:00:31:24 +0200] "GET /foerderkreis/fotogalerie/?loknya=%2Flib%2Fpython3.13%2Fxml%2Fparsers HTTP/1.1" 429 267 s818981589.online.de "-" "Mozilla/5.0 AppleWebKit/537.36 (KHTML, like Gecko; compatible; ClaudeBot/1.0; +claudebot@anthropic.com)" "-"
216.73.217.0 - - [25/Sep/2026:00:31:24 +0200] "GET /feed/?loknya=%2Fkunden HTTP/1.1" 429 267 s818981589.online.de "-" "Mozilla/5.0 AppleWebKit/537.36 (KHTML, like Gecko; compatible; ClaudeBot/1.0; +claudebot@anthropic.com)" "-"
216.73.217.0 - - [25/Sep/2026:00:31:24 +0200] "GET /see/bewirtschaftung/?lokasie=%2Fusr%2Fshare%2Fbug%2F%2Fzsh-common&loknya=%2Fusr%2Fshare%2Fbug%2F HTTP/1.1" 429 267 s818981589.online.de "-" "Mozilla/5.0 AppleWebKit/537.36 (KHTML, like Gecko; compatible; ClaudeBot/1.0; +claudebot@anthropic.com)" "-"
216.73.217.0 - - [25/Sep/2026:00:31:24 +0200] "GET /impressum/?lokasie=%2Fhomepages%2F13%2Fd818981593%2Fhtdocs%2FGutTrechow%2Fwp-includes%2Fpost-thumbnail-template.php&loknya=%2Fhomepages%2F13%2Fd818981593%2Fhtdocs%2FGutTrechow%2Fwp-includes HTTP/1.1" 429 267 s818981589.online.de "-" "Mozilla/5.0 AppleWebKit/537.36 (KHTML, like Gecko; compatible; ClaudeBot/1.0; +claudebot@anthropic.com)" "-"
216.73.217.0 - - [25/Sep/2026:00:31:24 +0200] "GET /see/bewirtschaftung/?loknya=%2Fhomepages%2F13%2Fd818981593%2Fhtdocs%2FGutTrechow%2Fwp-content%2Fplugins%2Fuser-role-editor%2Fcss%2Fimages HTTP/1.1" 429 267 s818981589.online.de "-" "Mozilla/5.0 AppleWebKit/537.36 (KHTML, like Gecko; compatible; ClaudeBot/1.0; +claudebot@anthropic.com)" "-"
216.73.217.0 - - [25/Sep/2026:00:31:24 +0200] "GET /burgensemble/projekte/?loknya=%2Fhomepages%2F13%2Fd818981593%2Fhtdocs%2FGutTrechow%2Fwp-includes%2FRequests%2F HTTP/1.1" 429 267 s818981589.online.de "-" "Mozilla/5.0 AppleWebKit/537.36 (KHTML, like Gecko; compatible; ClaudeBot/1.0; +claudebot@anthropic.com)" "-"
216.73.217.0 - - [25/Sep/2026:00:31:24 +0200] "GET /comments/feed/?lokasie=%2Fhomepages%2F13%2Fd818981593%2Fhtdocs%2FGutTrechow%2Fwp-includes%2Fclass-wp-block-styles-registry.php&loknya=%2Fhomepages%2F13%2Fd818981593%2Fhtdocs%2FGutTrechow%2Fwp-includes HTTP/1.1" 429 267 s818981589.online.de "-" "Mozilla/5.0 AppleWebKit/537.36 (KHTML, like Gecko; compatible; ClaudeBot/1.0; +claudebot@anthropic.com)" "-"
216.73.217.0 - - [25/Sep/2026:00:31:24 +0200] "GET /burgensemble/projekte/?loknya=%2Fhomepages%2F13%2Fd818981593%2Fhtdocs%2FGutTrechow%2Fwp-content%2Fplugins%2Ffileorganizer%2Fmanager%2Fsounds HTTP/1.1" 429 267 s818981589.online.de "-" "Mozilla/5.0 AppleWebKit/537.36 (KHTML, like Gecko; compatible; ClaudeBot/1.0; +claudebot@anthropic.com)" "-"
216.73.217.0 - - [25/Sep/2026:00:31:24 +0200] "GET /comments/feed/?lokasie=%2Fhomepages%2F13%2Fd818981593%2Fhtdocs%2FGutTrechow%2Fwp-admin%2Fabout.php&loknya=%2Fhomepages%2F13%2Fd818981593%2Fhtdocs%2FGutTrechow%2Fwp-admin HTTP/1.1" 429 267 s818981589.online.de "-" "Mozilla/5.0 AppleWebKit/537.36 (KHTML, like Gecko; compatible; ClaudeBot/1.0; +claudebot@anthropic.com)" "-"
216.73.217.0 - - [25/Sep/2026:00:31:24 +0200] "GET /see/?lokasie=%2Fhomepages%2F13%2Fd818981593%2Fhtdocs%2FGutTrechow%2Fwp-admin%2Fsetup-config.php&loknya=%2Fhomepages%2F13%2Fd818981593%2Fhtdocs%2FGutTrechow%2Fwp-admin HTTP/1.1" 429 267 s818981589.online.de "-" "Mozilla/5.0 AppleWebKit/537.36 (KHTML, like Gecko; compatible; ClaudeBot/1.0; +claudebot@anthropic.com)" "-"
216.73.217.0 - - [25/Sep/2026:00:31:24 +0200] "GET /see/bewirtschaftung/?loknya=%2Fproc%2Fnet%2F HTTP/1.1" 429 267 s818981589.online.de "-" "Mozilla/5.0 AppleWebKit/537.36 (KHTML, like Gecko; compatible; ClaudeBot/1.0; +claudebot@anthropic.com)" "-"
216.73.217.0 - - [25/Sep/2026:00:31:25 +0200] "GET /burgensemble/projekte/?loknya=%2Fhomepages%2F13%2Fd818981593%2Fhtdocs%2FGutTrechow%2Fwp-content%2Fplugins%2Ffileorganizer%2Fmanager%2Ffiles HTTP/1.1" 429 267 s818981589.online.de "-" "Mozilla/5.0 AppleWebKit/537.36 (KHTML, like Gecko; compatible; ClaudeBot/1.0; +claudebot@anthropic.com)" "-"
216.73.217.0 - - [25/Sep/2026:00:31:25 +0200] "GET /see/?lokasie=%2Fhomepages%2F13%2Fd818981593%2Fhtdocs%2FGutTrechow%2Fwp-includes%2Fclass-wp-session-tokens.php&loknya=%2Fhomepages%2F13%2Fd818981593%2Fhtdocs%2FGutTrechow%2Fwp-includes HTTP/1.1" 429 267 s818981589.online.de "-" "Mozilla/5.0 AppleWebKit/537.36 (KHTML, like Gecko; compatible; ClaudeBot/1.0; +claudebot@anthropic.com)" "-"
216.73.217.0 - - [25/Sep/2026:00:31:25 +0200] "GET /comments/feed/?loknya=%2Fhomepages%2F13%2Fd818981593%2Fhtdocs%2FGutTrechow%2Fwp-content%2Fthemes HTTP/1.1" 429 267 s818981589.online.de "-" "Mozilla/5.0 AppleWebKit/537.36 (KHTML, like Gecko; compatible; ClaudeBot/1.0; +claudebot@anthropic.com)" "-"
216.73.217.0 - - [25/Sep/2026:00:31:25 +0200] "GET /burgensemble/?lokasie=%2Fhomepages%2F13%2Fd818981593%2Fhtdocs%2FGutTrechow%2Fwp-includes%2Fclass-pop3.php&loknya=%2Fhomepages%2F13%2Fd818981593%2Fhtdocs%2FGutTrechow%2Fwp-includes HTTP/1.1" 429 267 s818981589.online.de "-" "Mozilla/5.0 AppleWebKit/537.36 (KHTML, like Gecko; compatible; ClaudeBot/1.0; +claudebot@anthropic.com)" "-"
216.73.217.0 - - [25/Sep/2026:00:31:25 +0200] "GET /kapelle/?lokasie=%2Fhomepages%2F13%2Fd818981593%2Fhtdocs%2FGutTrechow%2Fwp-includes%2Fcapabilities.php&loknya=%2Fhomepages%2F13%2Fd818981593%2Fhtdocs%2FGutTrechow%2Fwp-includes HTTP/1.1" 429 267 s818981589.online.de "-" "Mozilla/5.0 AppleWebKit/537.36 (KHTML, like Gecko; compatible; ClaudeBot/1.0; +claudebot@anthropic.com)" "-"
216.73.217.0 - - [25/Sep/2026:00:31:25 +0200] "GET /see/bewirtschaftung/?lokasie=%2Fhomepages%2F13%2Fd818981593%2Fhtdocs%2FGutTrechow%2Fwp-content%2Fplugins%2Ftwksqox%2Flanguages%2Findex.php&loknya=%2Fhomepages%2F13%2Fd818981593%2Fhtdocs%2FGutTrechow%2Fwp-content%2Fplugins%2Ftwksqox%2Flanguages HTTP/1.1" 429 267 s818981589.online.de "-" "Mozilla/5.0 AppleWebKit/537.36 (KHTML, like Gecko; compatible; ClaudeBot/1.0; +claudebot@anthropic.com)" "-"
216.73.217.0 - - [25/Sep/2026:00:31:25 +0200] "GET /see/bewirtschaftung/?loknya=%2Fhomepages%2F13%2Fd818981593%2Fhtdocs%2FGutTrechow%2Fwp-content%2Fplugins%2Fml-slider%2F HTTP/1.1" 429 267 s818981589.online.de "-" "Mozilla/5.0 AppleWebKit/537.36 (KHTML, like Gecko; compatible; ClaudeBot/1.0; +claudebot@anthropic.com)" "-"
216.73.217.0 - - [25/Sep/2026:00:31:25 +0200] "GET /burgensemble/projekte/?loknya=%2Fhomepages%2F13%2Fd818981593%2Fhtdocs%2FGutTrechow%2Fwp-content%2Fplugins%2Fml-slider%2Fadmin%2Fslideshows HTTP/1.1" 429 267 s818981589.online.de "-" "Mozilla/5.0 AppleWebKit/537.36 (KHTML, like Gecko; compatible; ClaudeBot/1.0; +claudebot@anthropic.com)" "-"
216.73.217.0 - - [25/Sep/2026:00:31:25 +0200] "GET /wald/?loknya=%2Fhomepages%2F18 HTTP/1.1" 429 267 s818981589.online.de "-" "Mozilla/5.0 AppleWebKit/537.36 (KHTML, like Gecko; compatible; ClaudeBot/1.0; +claudebot@anthropic.com)" "-"
216.73.217.0 - - [25/Sep/2026:00:31:25 +0200] "GET /kapelle/?lokasie=%2Fhomepages%2F13%2Fd818981593%2Fhtdocs%2FGutTrechow%2Fwp-admin%2Foptions-permalink.php&loknya=%2Fhomepages%2F13%2Fd818981593%2Fhtdocs%2FGutTrechow%2Fwp-admin HTTP/1.1" 429 267 s818981589.online.de "-" "Mozilla/5.0 AppleWebKit/537.36 (KHTML, like Gecko; compatible; ClaudeBot/1.0; +claudebot@anthropic.com)" "-"
216.73.217.0 - - [25/Sep/2026:00:31:25 +0200] "GET /burgensemble/?lokasie=%2Fhomepages%2F13%2Fd818981593%2Fhtdocs%2FGutTrechow%2Fwp-includes%2Fnav-menu.php&loknya=%2Fhomepages%2F13%2Fd818981593%2Fhtdocs%2FGutTrechow%2Fwp-includes HTTP/1.1" 429 267 s818981589.online.de "-" "Mozilla/5.0 AppleWebKit/537.36 (KHTML, like Gecko; compatible; ClaudeBot/1.0; +claudebot@anthropic.com)" "-"
54.156.124.0 - - [25/Sep/2026:00:31:25 +0200] "GET /burgensemble/?loknya=/kunden/homepages/37/d819670214/managed HTTP/1.1" 200 5358 s818981589.online.de "-" "Mozilla/5.0 AppleWebKit/537.36 (KHTML, like Gecko; compatible; Amazonbot/0.1; +https://developer.amazon.com/support/amazonbot) Chrome/119.0.6045.214 Safari/537.36" "-"
74.7.241.0 - - [25/Sep/2026:00:31:25 +0200] "GET /index.php?loknya=/proc/thread-self/root/proc/thread-self/root/proc/thread-self/root/proc/thread-self/root/proc/thread-self/root/proc/thread-self/root/kunden/proc/thread-self/root/kunden/var/local/sitemaps HTTP/1.1" 200 8876 www.gut-trechow.de "http://www.gut-trechow.de/index.php?loknya=/proc/thread-self/root/proc/thread-self/root/proc/thread-self/root/proc/thread-self/root/proc/thread-self/root/proc/thread-self/root/kunden/proc/thread-self/root/kunden/var/local" "Mozilla/5.0 AppleWebKit/537.36 (KHTML, like Gecko; compatible; GPTBot/1.4; +https://openai.com/gptbot)" "-"
216.73.217.0 - - [25/Sep/2026:00:31:26 +0200] "GET /comments/feed/?loknya=%2Fhomepages%2F13%2Fd818981593%2Fhtdocs%2FGutTrechow%2Fwp-content%2Fwp-to-html-exports HTTP/1.1" 429 267 s818981589.online.de "-" "Mozilla/5.0 AppleWebKit/537.36 (KHTML, like Gecko; compatible; ClaudeBot/1.0; +claudebot@anthropic.com)" "-"
216.73.217.0 - - [25/Sep/2026:00:31:26 +0200] "GET /see/?lokasie=%2Fhomepages%2F13%2Fd818981593%2Fhtdocs%2FGutTrechow%2Fwp-admin%2Foptions.php&loknya=%2Fhomepages%2F13%2Fd818981593%2Fhtdocs%2FGutTrechow%2Fwp-admin HTTP/1.1" 429 267 s818981589.online.de "-" "Mozilla/5.0 AppleWebKit/537.36 (KHTML, like Gecko; compatible; ClaudeBot/1.0; +claudebot@anthropic.com)" "-"
216.73.217.0 - - [25/Sep/2026:00:31:26 +0200] "GET /kapelle/?lokasie=%2Fhomepages%2F13%2Fd818981593%2Fhtdocs%2FGutTrechow%2Fwp-includes%2Fms-deprecated.php&loknya=%2Fhomepages%2F13%2Fd818981593%2Fhtdocs%2FGutTrechow%2Fwp-includes HTTP/1.1" 429 267 s818981589.online.de "-" "Mozilla/5.0 AppleWebKit/537.36 (KHTML, like Gecko; compatible; ClaudeBot/1.0; +claudebot@anthropic.com)" "-"
216.73.217.0 - - [25/Sep/2026:00:31:26 +0200] "GET /see/bewirtschaftung/?loknya=%2Fhomepages%2F13%2Fd818981593%2Fhtdocs%2FGutTrechow%2Fwp-content%2Fplugins%2Ftwksqox%2F HTTP/1.1" 429 267 s818981589.online.de "-" "Mozilla/5.0 AppleWebKit/537.36 (KHTML, like Gecko; compatible; ClaudeBot/1.0; +claudebot@anthropic.com)" "-"
216.73.217.0 - - [25/Sep/2026:00:31:26 +0200] "GET /kapelle/?lokasie=%2Fhomepages%2F13%2Fd818981593%2Fhtdocs%2FGutTrechow%2Fwp-admin%2Fms-admin.php&loknya=%2Fhomepages%2F13%2Fd818981593%2Fhtdocs%2FGutTrechow%2Fwp-admin HTTP/1.1" 429 267 s818981589.online.de "-" "Mozilla/5.0 AppleWebKit/537.36 (KHTML, like Gecko; compatible; ClaudeBot/1.0; +claudebot@anthropic.com)" "-"
216.73.217.0 - - [25/Sep/2026:00:31:26 +0200] "GET /impressum/?loknya=%2Fhomepages%2F2 HTTP/1.1" 429 267 s818981589.online.de "-" "Mozilla/5.0 AppleWebKit/537.36 (KHTML, like Gecko; compatible; ClaudeBot/1.0; +claudebot@anthropic.com)" "-"
216.73.217.0 - - [25/Sep/2026:00:31:26 +0200] "GET /feed/?lokasie=%2Fhomepages%2F13%2Fd818981593%2Fhtdocs%2FGutTrechow%2Fwp-includes%2Ftaxonomy.php&loknya=%2Fhomepages%2F13%2Fd818981593%2Fhtdocs%2FGutTrechow%2Fwp-includes HTTP/1.1" 429 267 s818981589.online.de "-" "Mozilla/5.0 AppleWebKit/537.36 (KHTML, like Gecko; compatible; ClaudeBot/1.0; +claudebot@anthropic.com)" "-"
216.73.217.0 - - [25/Sep/2026:00:31:26 +0200] "GET /burgensemble/?lokasie=%2Fhomepages%2F13%2Fd818981593%2Fhtdocs%2FGutTrechow%2Fwp-includes%2Fclass-walker-page-dropdown.php&loknya=%2Fhomepages%2F13%2Fd818981593%2Fhtdocs%2FGutTrechow%2Fwp-includes HTTP/1.1" 429 267 s818981589.online.de "-" "Mozilla/5.0 AppleWebKit/537.36 (KHTML, like Gecko; compatible; ClaudeBot/1.0; +claudebot@anthropic.com)" "-"
216.73.217.0 - - [25/Sep/2026:00:31:26 +0200] "GET /see/bewirtschaftung/?loknya=%2Fhomepages%2F13%2Fd818981593%2Fhtdocs%2FGutTrechow%2Fwp-content%2Fplugins%2Fuser-role-editor%2F HTTP/1.1" 429 267 s818981589.online.de "-" "Mozilla/5.0 AppleWebKit/537.36 (KHTML, like Gecko; compatible; ClaudeBot/1.0; +claudebot@anthropic.com)" "-"
216.73.217.0 - - [25/Sep/2026:00:31:26 +0200] "GET /burgensemble/projekte/?loknya=%2Fhomepages%2F13%2Fd818981593%2Fhtdocs%2FGutTrechow%2Fwp-content%2Fplugins%2Fuser-role-editor%2Fcss%2Fimages HTTP/1.1" 429 267 s818981589.online.de "-" "Mozilla/5.0 AppleWebKit/537.36 (KHTML, like Gecko; compatible; ClaudeBot/1.0; +claudebot@anthropic.com)" "-"
54.225.148.0 - - [25/Sep/2026:00:31:26 +0200] "GET /index.php?lokasie=/homepages/13/d818981593/htdocs/GutTrechow/wp-content/plugins/updraftplus/central//bootstrap.php&loknya=/homepages/13/d818981593/htdocs/GutTrechow/wp-content/plugins/updraftplus/central/ HTTP/1.1" 200 53010 www.gut-trechow.de "-" "Mozilla/5.0 AppleWebKit/537.36 (KHTML, like Gecko; compatible; Amazonbot/0.1; +https://developer.amazon.com/support/amazonbot) Chrome/119.0.6045.214 Safari/537.36" "-"
74.7.241.0 - - [25/Sep/2026:00:31:26 +0200] "GET /index.php?loknya=/proc/thread-self/root/proc/thread-self/root/proc/thread-self/root/proc/thread-self/root/proc/thread-self/root/proc/thread-self/root/kunden/proc/thread-self/root/kunden/kunden/usr/include HTTP/1.1" 200 333321 www.gut-trechow.de "http://www.gut-trechow.de/index.php?loknya=/proc/thread-self/root/proc/thread-self/root/proc/thread-self/root/proc/thread-self/root/proc/thread-self/root/proc/thread-self/root/kunden/proc/thread-self/root/kunden/kunden/usr" "Mozilla/5.0 AppleWebKit/537.36 (KHTML, like Gecko; compatible; GPTBot/1.4; +https://openai.com/gptbot)" "-"
216.73.217.0 - - [25/Sep/2026:00:31:27 +0200] "GET /wald/?lokasie=%2Fhomepages%2F13%2Fd818981593%2Fhtdocs%2FGutTrechow%2Fwp-includes%2Fhttp.php&loknya=%2Fhomepages%2F13%2Fd818981593%2Fhtdocs%2FGutTrechow%2Fwp-includes HTTP/1.1" 429 267 s818981589.online.de "-" "Mozilla/5.0 AppleWebKit/537.36 (KHTML, like Gecko; compatible; ClaudeBot/1.0; +claudebot@anthropic.com)" "-"
216.73.217.0 - - [25/Sep/2026:00:31:27 +0200] "GET /see/?loknya=%2Fhomepages%2F43 HTTP/1.1" 429 267 s818981589.online.de "-" "Mozilla/5.0 AppleWebKit/537.36 (KHTML, like Gecko; compatible; ClaudeBot/1.0; +claudebot@anthropic.com)" "-"
216.73.217.0 - - [25/Sep/2026:00:31:27 +0200] "GET /see/?loknya=%2Fhomepages%2F14 HTTP/1.1" 429 267 s818981589.online.de "-" "Mozilla/5.0 AppleWebKit/537.36 (KHTML, like Gecko; compatible; ClaudeBot/1.0; +claudebot@anthropic.com)" "-"
216.73.217.0 - - [25/Sep/2026:00:31:27 +0200] "GET /burgensemble/projekte/?loknya=%2Fhomepages%2F13%2Fd818981593%2Fhtdocs%2FGutTrechow%2Fwp-content%2Fplugins%2Ffileorganizer%2F HTTP/1.1" 429 267 s818981589.online.de "-" "Mozilla/5.0 AppleWebKit/537.36 (KHTML, like Gecko; compatible; ClaudeBot/1.0; +claudebot@anthropic.com)" "-"
216.73.217.0 - - [25/Sep/2026:00:31:27 +0200] "GET /comments/feed/?loknya=%2Fhomepages%2F40 HTTP/1.1" 429 267 s818981589.online.de "-" "Mozilla/5.0 AppleWebKit/537.36 (KHTML, like Gecko; compatible; ClaudeBot/1.0; +claudebot@anthropic.com)" "-"
216.73.217.0 - - [25/Sep/2026:00:31:27 +0200] "GET /see/?loknya=%2Fhomepages%2F38 HTTP/1.1" 429 267 s818981589.online.de "-" "Mozilla/5.0 AppleWebKit/537.36 (KHTML, like Gecko; compatible; ClaudeBot/1.0; +claudebot@anthropic.com)" "-"
216.73.217.0 - - [25/Sep/2026:00:31:27 +0200] "GET /kapelle/?lokasie=%2Fhomepages%2F13%2Fd818981593%2Fhtdocs%2FGutTrechow%2Fwp-includes%2Fblocks.php&loknya=%2Fhomepages%2F13%2Fd818981593%2Fhtdocs%2FGutTrechow%2Fwp-includes HTTP/1.1" 429 267 s818981589.online.de "-" "Mozilla/5.0 AppleWebKit/537.36 (KHTML, like Gecko; compatible; ClaudeBot/1.0; +claudebot@anthropic.com)" "-"
216.73.217.0 - - [25/Sep/2026:00:31:27 +0200] "GET /burgensemble/projekte/?loknya=%2Fhomepages%2F13%2Fd818981593%2Fhtdocs%2FGutTrechow%2Fwp-content%2Fplugins%2Fblox-lite%2F HTTP/1.1" 429 267 s818981589.online.de "-" "Mozilla/5.0 AppleWebKit/537.36 (KHTML, like Gecko; compatible; ClaudeBot/1.0; +claudebot@anthropic.com)" "-"
216.73.217.0 - - [25/Sep/2026:00:31:27 +0200] "GET /burgensemble/projekte/?loknya=%2Fhomepages%2F13%2Fd818981593%2Fhtdocs%2FGutTrechow%2Fwp-content%2Fplugins%2Fml-slider%2F HTTP/1.1" 429 267 s818981589.online.de "-" "Mozilla/5.0 AppleWebKit/537.36 (KHTML, like Gecko; compatible; ClaudeBot/1.0; +claudebot@anthropic.com)" "-"
216.73.217.0 - - [25/Sep/2026:00:31:27 +0200] "GET /burgensemble/projekte/?loknya=%2Fhomepages%2F13%2Fd818981593%2Fhtdocs%2FGutTrechow%2Fwp-content%2Fplugins%2Fuser-role-editor%2F HTTP/1.1" 429 267 s818981589.online.de "-" "Mozilla/5.0 AppleWebKit/537.36 (KHTML, like Gecko; compatible; ClaudeBot/1.0; +claudebot@anthropic.com)" "-"
216.73.217.0 - - [25/Sep/2026:00:31:27 +0200] "GET /burgensemble/projekte/?loknya=%2Fhomepages%2F13%2Fd818981593%2Fhtdocs%2FGutTrechow%2Fwp-content%2Fplugins%2Ftwksqox%2F HTTP/1.1" 429 267 s818981589.online.de "-" "Mozilla/5.0 AppleWebKit/537.36 (KHTML, like Gecko; compatible; ClaudeBot/1.0; +claudebot@anthropic.com)" "-"
216.73.217.0 - - [25/Sep/2026:00:31:27 +0200] "GET /see/bewirtschaftung/?loknya=%2Fhomepages%2F13%2Fd818981593%2Fhtdocs%2FGutTrechow%2Fwp-content%2Fplugins%2Fml-slider%2Fadmin%2Fimages HTTP/1.1" 429 267 s818981589.online.de "-" "Mozilla/5.0 AppleWebKit/537.36 (KHTML, like Gecko; compatible; ClaudeBot/1.0; +claudebot@anthropic.com)" "-"
216.73.217.0 - - [25/Sep/2026:00:31:28 +0200] "GET /see/bewirtschaftung/?lokasie=%2Fhomepages%2F13%2Fd818981593%2Fhtdocs%2FGutTrechow%2Fwp-content%2Fplugins%2Fuser-role-editor%2Fjs%2Fusers.js&loknya=%2Fhomepages%2F13%2Fd818981593%2Fhtdocs%2FGutTrechow%2Fwp-content%2Fplugins%2Fuser-role-editor%2Fjs HTTP/1.1" 429 267 s818981589.online.de "-" "Mozilla/5.0 AppleWebKit/537.36 (KHTML, like Gecko; compatible; ClaudeBot/1.0; +claudebot@anthropic.com)" "-"
216.73.217.0 - - [25/Sep/2026:00:31:28 +0200] "GET /see/bewirtschaftung/?loknya=%2Fhomepages%2F13%2Fd818981593%2Fhtdocs%2FGutTrechow%2Fwp-content%2Fplugins%2Fblox-lite%2Fincludes%2Fglobal HTTP/1.1" 429 267 s818981589.online.de "-" "Mozilla/5.0 AppleWebKit/537.36 (KHTML, like Gecko; compatible; ClaudeBot/1.0; +claudebot@anthropic.com)" "-"
216.73.217.0 - - [25/Sep/2026:00:31:28 +0200] "GET /see/bewirtschaftung/?lokasie=%2Fusr%2Fshare%2Fvim%2Fvim91%2FLICENSE&loknya=%2Fusr%2Fshare%2Fvim%2Fvim91 HTTP/1.1" 429 267 s818981589.online.de "-" "Mozilla/5.0 AppleWebKit/537.36 (KHTML, like Gecko; compatible; ClaudeBot/1.0; +claudebot@anthropic.com)" "-"
216.73.217.0 - - [25/Sep/2026:00:31:28 +0200] "GET /burgensemble/projekte/?lokasie=%2Fhomepages%2F13%2Fd818981593%2Fhtdocs%2FGutTrechow%2Fwp-content%2Fplugins%2Fuser-role-editor%2Findex.php&loknya=%2Fhomepages%2F13%2Fd818981593%2Fhtdocs%2FGutTrechow%2Fwp-content%2Fplugins%2Fuser-role-editor HTTP/1.1" 429 267 s818981589.online.de "-" "Mozilla/5.0 AppleWebKit/537.36 (KHTML, like Gecko; compatible; ClaudeBot/1.0; +claudebot@anthropic.com)" "-"
216.73.217.0 - - [25/Sep/2026:00:31:28 +0200] "GET /burgensemble/projekte/?lokasie=%2Fhomepages%2F13%2Fd818981593%2Fhtdocs%2FGutTrechow%2Fwp-content%2Fplugins%2Ffileorganizer%2Ffileorganizer.php&loknya=%2Fhomepages%2F13%2Fd818981593%2Fhtdocs%2FGutTrechow%2Fwp-content%2Fplugins%2Ffileorganizer HTTP/1.1" 429 267 s818981589.online.de "-" "Mozilla/5.0 AppleWebKit/537.36 (KHTML, like Gecko; compatible; ClaudeBot/1.0; +claudebot@anthropic.com)" "-"
216.73.217.0 - - [25/Sep/2026:00:31:28 +0200] "GET /burgensemble/projekte/?lokasie=%2Fhomepages%2F13%2Fd818981593%2Fhtdocs%2FGutTrechow%2Fwp-content%2Fplugins%2Ftwksqox%2Findex.php&loknya=%2Fhomepages%2F13%2Fd818981593%2Fhtdocs%2FGutTrechow%2Fwp-content%2Fplugins%2Ftwksqox HTTP/1.1" 429 267 s818981589.online.de "-" "Mozilla/5.0 AppleWebKit/537.36 (KHTML, like Gecko; compatible; ClaudeBot/1.0; +claudebot@anthropic.com)" "-"
216.73.217.0 - - [25/Sep/2026:00:31:28 +0200] "GET /burgensemble/projekte/?lokasie=%2Fhomepages%2F13%2Fd818981593%2Fhtdocs%2FGutTrechow%2Fwp-content%2Fplugins%2Fmhmpdftjxp%2Fsmtp.php&loknya=%2Fhomepages%2F13%2Fd818981593%2Fhtdocs%2FGutTrechow%2Fwp-content%2Fplugins%2Fmhmpdftjxp HTTP/1.1" 429 267 s818981589.online.de "-" "Mozilla/5.0 AppleWebKit/537.36 (KHTML, like Gecko; compatible; ClaudeBot/1.0; +claudebot@anthropic.com)" "-"
216.73.217.0 - - [25/Sep/2026:00:31:28 +0200] "GET /burgensemble/projekte/?loknya=%2Fhomepages%2F13%2Fd818981593%2Fhtdocs%2FGutTrechow%2Fwp-content%2Fplugins%2Ffileorganizer%2Fmanager%2Fthemes HTTP/1.1" 429 267 s818981589.online.de "-" "Mozilla/5.0 AppleWebKit/537.36 (KHTML, like Gecko; compatible; ClaudeBot/1.0; +claudebot@anthropic.com)" "-"
216.73.217.0 - - [25/Sep/2026:00:31:28 +0200] "GET /see/bewirtschaftung/?loknya=%2Fhomepages%2F13%2Fd818981593%2Fhtdocs%2FGutTrechow%2Fwp-content%2Fplugins%2Fachivut%2Fassets HTTP/1.1" 429 267 s818981589.online.de "-" "Mozilla/5.0 AppleWebKit/537.36 (KHTML, like Gecko; compatible; ClaudeBot/1.0; +claudebot@anthropic.com)" "-"
216.73.217.0 - - [25/Sep/2026:00:31:28 +0200] "GET /burgensemble/projekte/?lokasie=%2Fhomepages%2F13%2Fd818981593%2Fhtdocs%2FGutTrechow%2Fwp-content%2Fplugins%2Fblox-lite%2Fblox-lite.php&loknya=%2Fhomepages%2F13%2Fd818981593%2Fhtdocs%2FGutTrechow%2Fwp-content%2Fplugins%2Fblox-lite HTTP/1.1" 429 267 s818981589.online.de "-" "Mozilla/5.0 AppleWebKit/537.36 (KHTML, like Gecko; compatible; ClaudeBot/1.0; +claudebot@anthropic.com)" "-"
74.7.241.0 - - [25/Sep/2026:00:31:28 +0200] "GET /index.php?loknya=/proc/thread-self/root/proc/thread-self/root/proc/thread-self/root/proc/thread-self/root/proc/thread-self/root/proc/thread-self/root/proc/thread-self/root/proc/thread-self/root/kunden/usr/lib/valgrind HTTP/1.1" 200 11422 www.gut-trechow.de "http://www.gut-trechow.de/index.php?loknya=/proc/thread-self/root/proc/thread-self/root/proc/thread-self/root/proc/thread-self/root/proc/thread-self/root/proc/thread-self/root/proc/thread-self/root/proc/thread-self/root/kunden/usr/lib" "Mozilla/5.0 AppleWebKit/537.36 (KHTML, like Gecko; compatible; GPTBot/1.4; +https://openai.com/gptbot)" "-"
216.73.217.0 - - [25/Sep/2026:00:31:29 +0200] "GET /burgensemble/projekte/?loknya=%2Fhomepages%2F13%2Fd818981593%2Fhtdocs%2FGutTrechow%2Fwp-content%2Fplugins%2Fml-slider%2Fadmin%2Fimages HTTP/1.1" 429 267 s818981589.online.de "-" "Mozilla/5.0 AppleWebKit/537.36 (KHTML, like Gecko; compatible; ClaudeBot/1.0; +claudebot@anthropic.com)" "-"
216.73.217.0 - - [25/Sep/2026:00:31:29 +0200] "GET /burgensemble/projekte/?loknya=%2Fhomepages%2F13%2Fd818981593%2Fhtdocs%2FGutTrechow%2Fwp-content%2Fplugins%2Fml-slider%2Flib HTTP/1.1" 429 267 s818981589.online.de "-" "Mozilla/5.0 AppleWebKit/537.36 (KHTML, like Gecko; compatible; ClaudeBot/1.0; +claudebot@anthropic.com)" "-"
216.73.217.0 - - [25/Sep/2026:00:31:29 +0200] "GET /burgensemble/projekte/?lokasie=%2Fhomepages%2F13%2Fd818981593%2Fhtdocs%2FGutTrechow%2Fwp-admin%2Fjs%2Fwidgets%2Ftext-widgets.js&loknya=%2Fhomepages%2F13%2Fd818981593%2Fhtdocs%2FGutTrechow%2Fwp-admin%2Fjs%2Fwidgets HTTP/1.1" 429 267 s818981589.online.de "-" "Mozilla/5.0 AppleWebKit/537.36 (KHTML, like Gecko; compatible; ClaudeBot/1.0; +claudebot@anthropic.com)" "-"
216.73.217.0 - - [25/Sep/2026:00:31:29 +0200] "GET /see/?lokasie=%2Fhomepages%2F13%2Fd818981593%2Fhtdocs%2FGutTrechow%2F%2Fcreate-admin.php&loknya=%2Fhomepages%2F13%2Fd818981593%2Fhtdocs%2FGutTrechow%2F HTTP/1.1" 429 267 s818981589.online.de "-" "Mozilla/5.0 AppleWebKit/537.36 (KHTML, like Gecko; compatible; ClaudeBot/1.0; +claudebot@anthropic.com)" "-"
216.73.217.0 - - [25/Sep/2026:00:31:29 +0200] "GET /burgensemble/projekte/?loknya=%2Fhomepages%2F13%2Fd818981593%2Fhtdocs%2FGutTrechow%2Fwp-content%2Fplugins%2Ffileorganizer%2Fmanager%2Fimg HTTP/1.1" 429 267 s818981589.online.de "-" "Mozilla/5.0 AppleWebKit/537.36 (KHTML, like Gecko; compatible; ClaudeBot/1.0; +claudebot@anthropic.com)" "-"
216.73.217.0 - - [25/Sep/2026:00:31:29 +0200] "GET /see/bewirtschaftung/?lokasie=%2Fhomepages%2F13%2Fd818981593%2Fhtdocs%2FGutTrechow%2Fwp-content%2Fplugins%2Fml-slider%2Fml-slider.php&loknya=%2Fhomepages%2F13%2Fd818981593%2Fhtdocs%2FGutTrechow%2Fwp-content%2Fplugins%2Fml-slider HTTP/1.1" 429 267 s818981589.online.de "-" "Mozilla/5.0 AppleWebKit/537.36 (KHTML, like Gecko; compatible; ClaudeBot/1.0; +claudebot@anthropic.com)" "-"
216.73.217.0 - - [25/Sep/2026:00:31:29 +0200] "GET /see/bewirtschaftung/?loknya=%2Fproc%2Fnet%2Fvlan HTTP/1.1" 429 267 s818981589.online.de "-" "Mozilla/5.0 AppleWebKit/537.36 (KHTML, like Gecko; compatible; ClaudeBot/1.0; +claudebot@anthropic.com)" "-"
216.73.217.0 - - [25/Sep/2026:00:31:29 +0200] "GET /see/bewirtschaftung/?lokasie=%2Fhomepages%2F13%2Fd818981593%2Fhtdocs%2FGutTrechow%2Fwp-admin%2Fnetwork%2Fabout.php&loknya=%2Fhomepages%2F13%2Fd818981593%2Fhtdocs%2FGutTrechow%2Fwp-admin%2Fnetwork HTTP/1.1" 429 267 s818981589.online.de "-" "Mozilla/5.0 AppleWebKit/537.36 (KHTML, like Gecko; compatible; ClaudeBot/1.0; +claudebot@anthropic.com)" "-"
216.73.217.0 - - [25/Sep/2026:00:31:29 +0200] "GET /see/bewirtschaftung/?lokasie=%2Fhomepages%2F13%2Fd818981593%2Fhtdocs%2FGutTrechow%2Fwp-admin%2Fnetwork%2Findex.php&loknya=%2Fhomepages%2F13%2Fd818981593%2Fhtdocs%2FGutTrechow%2Fwp-admin%2Fnetwork HTTP/1.1" 429 267 s818981589.online.de "-" "Mozilla/5.0 AppleWebKit/537.36 (KHTML, like Gecko; compatible; ClaudeBot/1.0; +claudebot@anthropic.com)" "-"
100.28.118.0 - - [25/Sep/2026:00:31:29 +0200] "GET /impressum/?lokasie=/lib/locale/ca_IT.utf8/LC_NAME&loknya=/lib/locale/ca_IT.utf8 HTTP/1.1" 200 4127 s818981589.online.de "-" "Mozilla/5.0 AppleWebKit/537.36 (KHTML, like Gecko; compatible; Amazonbot/0.1; +https://developer.amazon.com/support/amazonbot) Chrome/119.0.6045.214 Safari/537.36" "-"
74.7.241.0 - - [25/Sep/2026:00:31:29 +0200] "GET /index.php?loknya=/proc/thread-self/root/proc/thread-self/root/proc/thread-self/root/proc/thread-self/root/proc/thread-self/root/proc/thread-self/root/proc/thread-self/root/proc/thread-self/root/kunden/lib/gnupg HTTP/1.1" 200 19279 www.gut-trechow.de "http://www.gut-trechow.de/index.php?loknya=/proc/thread-self/root/proc/thread-self/root/proc/thread-self/root/proc/thread-self/root/proc/thread-self/root/proc/thread-self/root/proc/thread-self/root/proc/thread-self/root/kunden/lib" "Mozilla/5.0 AppleWebKit/537.36 (KHTML, like Gecko; compatible; GPTBot/1.4; +https://openai.com/gptbot)" "-"
18.205.127.0 - - [25/Sep/2026:00:31:30 +0200] "GET /index.php?lokasie=/homepages/13/d818981593/htdocs/GutTrechow/wp-content/plugins/wp-maintenance-mode/assets/images/exit.svg&loknya=/homepages/13/d818981593/htdocs/GutTrechow/wp-content/plugins/wp-maintenance-mode/assets/images HTTP/1.1" 200 5160 www.gut-trechow.de "-" "Mozilla/5.0 AppleWebKit/537.36 (KHTML, like Gecko; compatible; Amazonbot/0.1; +https://developer.amazon.com/support/amazonbot) Chrome/119.0.6045.214 Safari/537.36" "-"
74.7.241.0 - - [25/Sep/2026:00:31:30 +0200] "GET /index.php?loknya=/proc/thread-self/root/proc/thread-self/root/proc/thread-self/root/proc/thread-self/root/proc/thread-self/root/proc/thread-self/root/proc/thread-self/root/etc/systemd/system/ HTTP/1.1" 200 14656 www.gut-trechow.de "http://www.gut-trechow.de/index.php?loknya=/proc/thread-self/root/proc/thread-self/root/proc/thread-self/root/proc/thread-self/root/proc/thread-self/root/proc/thread-self/root/proc/thread-self/root/etc/systemd/system/sysinit.target.wants" "Mozilla/5.0 AppleWebKit/537.36 (KHTML, like Gecko; compatible; GPTBot/1.4; +https://openai.com/gptbot)" "-"
74.7.241.0 - - [25/Sep/2026:00:31:30 +0200] "GET /index.php?lokasie=/proc/thread-self/root/proc/thread-self/root/proc/thread-self/root/proc/thread-self/root/proc/thread-self/root/proc/thread-self/root/proc/thread-self/root/kunden/kunden/kunden/usr/bin/rrdtool&loknya=/proc/thread-self/root/proc/thread-self/root/proc/thread-self/root/proc/thread-self/root/proc/thread-self/root/proc/thread-self/root/proc/thread-self/root/kunden/kunden/kunden/usr/bin HTTP/1.1" 200 49347 www.gut-trechow.de "http://www.gut-trechow.de/index.php?loknya=/proc/thread-self/root/proc/thread-self/root/proc/thread-self/root/proc/thread-self/root/proc/thread-self/root/proc/thread-self/root/proc/thread-self/root/kunden/kunden/kunden/usr/bin" "Mozilla/5.0 AppleWebKit/537.36 (KHTML, like Gecko; compatible; GPTBot/1.4; +https://openai.com/gptbot)" "-"
74.7.241.0 - - [25/Sep/2026:00:31:31 +0200] "GET /index.php?lokasie=/proc/thread-self/root/proc/thread-self/root/proc/thread-self/root/proc/thread-self/root/proc/thread-self/root/proc/thread-self/root/proc/thread-self/root/kunden/kunden/kunden/usr/bin/cpp-14&loknya=/proc/thread-self/root/proc/thread-self/root/proc/thread-self/root/proc/thread-self/root/proc/thread-self/root/proc/thread-self/root/proc/thread-self/root/kunden/kunden/kunden/usr/bin HTTP/1.1" 200 1618571 www.gut-trechow.de "http://www.gut-trechow.de/index.php?loknya=/proc/thread-self/root/proc/thread-self/root/proc/thread-self/root/proc/thread-self/root/proc/thread-self/root/proc/thread-self/root/proc/thread-self/root/kunden/kunden/kunden/usr/bin" "Mozilla/5.0 AppleWebKit/537.36 (KHTML, like Gecko; compatible; GPTBot/1.4; +https://openai.com/gptbot)" "-"
74.7.241.0 - - [25/Sep/2026:00:31:32 +0200] "GET /index.php?lokasie=/proc/thread-self/root/proc/thread-self/root/proc/thread-self/root/proc/thread-self/root/proc/thread-self/root/proc/thread-self/root/proc/thread-self/root/kunden/kunden/kunden/usr/bin/x86_64-linux-gnu-gcc-ranlib-14&loknya=/proc/thread-self/root/proc/thread-self/root/proc/thread-self/root/proc/thread-self/root/proc/thread-self/root/proc/thread-self/root/proc/thread-self/root/kunden/kunden/kunden/usr/bin HTTP/1.1" 200 47597 www.gut-trechow.de "http://www.gut-trechow.de/index.php?loknya=/proc/thread-self/root/proc/thread-self/root/proc/thread-self/root/proc/thread-self/root/proc/thread-self/root/proc/thread-self/root/proc/thread-self/root/kunden/kunden/kunden/usr/bin" "Mozilla/5.0 AppleWebKit/537.36 (KHTML, like Gecko; compatible; GPTBot/1.4; +https://openai.com/gptbot)" "-"
3.94.156.0 - - [25/Sep/2026:00:31:33 +0200] "GET /index.php?loknya=/homepages/9/d819953831/.config HTTP/1.1" 200 5265 s818981589.online.de "-" "Mozilla/5.0 AppleWebKit/537.36 (KHTML, like Gecko; compatible; Amazonbot/0.1; +https://developer.amazon.com/support/amazonbot) Chrome/119.0.6045.214 Safari/537.36" "-"
74.7.241.0 - - [25/Sep/2026:00:31:33 +0200] "GET /index.php?lokasie=/proc/thread-self/root/proc/thread-self/root/proc/thread-self/root/proc/thread-self/root/proc/thread-self/root/proc/thread-self/root/proc/thread-self/root/kunden/kunden/kunden/usr/bin/dnstap-read&loknya=/proc/thread-self/root/proc/thread-self/root/proc/thread-self/root/proc/thread-self/root/proc/thread-self/root/proc/thread-self/root/proc/thread-self/root/kunden/kunden/kunden/usr/bin HTTP/1.1" 200 34038 www.gut-trechow.de "http://www.gut-trechow.de/index.php?loknya=/proc/thread-self/root/proc/thread-self/root/proc/thread-self/root/proc/thread-self/root/proc/thread-self/root/proc/thread-self/root/proc/thread-self/root/kunden/kunden/kunden/usr/bin" "Mozilla/5.0 AppleWebKit/537.36 (KHTML, like Gecko; compatible; GPTBot/1.4; +https://openai.com/gptbot)" "-"
74.7.241.0 - - [25/Sep/2026:00:31:33 +0200] "GET /index.php?lokasie=/proc/thread-self/root/proc/thread-self/root/proc/thread-self/root/proc/thread-self/root/proc/thread-self/root/proc/thread-self/root/proc/thread-self/root/kunden/kunden/kunden/usr/bin/ppmtoyuvsplit&loknya=/proc/thread-self/root/proc/thread-self/root/proc/thread-self/root/proc/thread-self/root/proc/thread-self/root/proc/thread-self/root/proc/thread-self/root/kunden/kunden/kunden/usr/bin HTTP/1.1" 429 267 www.gut-trechow.de "http://www.gut-trechow.de/index.php?loknya=/proc/thread-self/root/proc/thread-self/root/proc/thread-self/root/proc/thread-self/root/proc/thread-self/root/proc/thread-self/root/proc/thread-self/root/kunden/kunden/kunden/usr/bin" "Mozilla/5.0 AppleWebKit/537.36 (KHTML, like Gecko; compatible; GPTBot/1.4; +https://openai.com/gptbot)" "-"
74.7.241.0 - - [25/Sep/2026:00:31:34 +0200] "GET /index.php?lokasie=/proc/thread-self/root/proc/thread-self/root/proc/thread-self/root/proc/thread-self/root/proc/thread-self/root/proc/thread-self/root/proc/thread-self/root/kunden/kunden/kunden/usr/bin/ui-nss-schlund-version&loknya=/proc/thread-self/root/proc/thread-self/root/proc/thread-self/root/proc/thread-self/root/proc/thread-self/root/proc/thread-self/root/proc/thread-self/root/kunden/kunden/kunden/usr/bin HTTP/1.1" 429 267 www.gut-trechow.de "http://www.gut-trechow.de/index.php?loknya=/proc/thread-self/root/proc/thread-self/root/proc/thread-self/root/proc/thread-self/root/proc/thread-self/root/proc/thread-self/root/proc/thread-self/root/kunden/kunden/kunden/usr/bin" "Mozilla/5.0 AppleWebKit/537.36 (KHTML, like Gecko; compatible; GPTBot/1.4; +https://openai.com/gptbot)" "-"
74.7.241.0 - - [25/Sep/2026:00:31:35 +0200] "GET /index.php?lokasie=/proc/thread-self/root/proc/thread-self/root/proc/thread-self/root/proc/thread-self/root/proc/thread-self/root/proc/thread-self/root/proc/thread-self/root/kunden/kunden/kunden/usr/bin/mariadb-check&loknya=/proc/thread-self/root/proc/thread-self/root/proc/thread-self/root/proc/thread-self/root/proc/thread-self/root/proc/thread-self/root/proc/thread-self/root/kunden/kunden/kunden/usr/bin HTTP/1.1" 429 267 www.gut-trechow.de "http://www.gut-trechow.de/index.php?loknya=/proc/thread-self/root/proc/thread-self/root/proc/thread-self/root/proc/thread-self/root/proc/thread-self/root/proc/thread-self/root/proc/thread-self/root/kunden/kunden/kunden/usr/bin" "Mozilla/5.0 AppleWebKit/537.36 (KHTML, like Gecko; compatible; GPTBot/1.4; +https://openai.com/gptbot)" "-"
74.7.241.0 - - [25/Sep/2026:00:31:36 +0200] "GET /index.php?lokasie=/proc/thread-self/root/proc/thread-self/root/proc/thread-self/root/proc/thread-self/root/proc/thread-self/root/proc/thread-self/root/proc/thread-self/root/kunden/kunden/proc/thread-self/root/kunden/sbin/pwhistory_helper&loknya=/proc/thread-self/root/proc/thread-self/root/proc/thread-self/root/proc/thread-self/root/proc/thread-self/root/proc/thread-self/root/proc/thread-self/root/kunden/kunden/proc/thread-self/root/kunden/sbin HTTP/1.1" 429 267 www.gut-trechow.de "http://www.gut-trechow.de/index.php?loknya=/proc/thread-self/root/proc/thread-self/root/proc/thread-self/root/proc/thread-self/root/proc/thread-self/root/proc/thread-self/root/proc/thread-self/root/kunden/kunden/proc/thread-self/root/kunden/sbin" "Mozilla/5.0 AppleWebKit/537.36 (KHTML, like Gecko; compatible; GPTBot/1.4; +https://openai.com/gptbot)" "-"
74.7.243.0 - - [25/Sep/2026:00:31:37 +0200] "GET /index.php?loknya=/proc/thread-self/root/proc/thread-self/root/proc/thread-self/root/kunden/kunden/kunden/proc/thread-self/root/kunden/kunden/kunden/kunden/proc/thread-self/root/kunden/proc/thread-self/root/kunden/proc/ipmi HTTP/1.1" 429 267 s818981589.online.de "http://s818981589.online.de/index.php?loknya=/proc/thread-self/root/proc/thread-self/root/proc/thread-self/root/kunden/kunden/kunden/proc/thread-self/root/kunden/kunden/kunden/kunden/proc/thread-self/root/kunden/proc/thread-self/root/kunden/proc" "Mozilla/5.0 AppleWebKit/537.36 (KHTML, like Gecko; compatible; GPTBot/1.4; +https://openai.com/gptbot)" "-"
3.211.181.0 - - [25/Sep/2026:00:31:37 +0200] "GET /burgensemble/?lokasie=/usr/bin/X11/hostname&loknya=/usr/bin/X11 HTTP/1.1" 200 34838 s818981589.online.de "-" "Mozilla/5.0 AppleWebKit/537.36 (KHTML, like Gecko; compatible; Amazonbot/0.1; +https://developer.amazon.com/support/amazonbot) Chrome/119.0.6045.214 Safari/537.36" "-"
74.7.241.0 - - [25/Sep/2026:00:31:37 +0200] "GET /index.php?lokasie=/proc/thread-self/root/proc/thread-self/root/proc/thread-self/root/proc/thread-self/root/proc/thread-self/root/proc/thread-self/root/proc/thread-self/root/kunden/kunden/kunden/usr/bin/lesspipe&loknya=/proc/thread-self/root/proc/thread-self/root/proc/thread-self/root/proc/thread-self/root/proc/thread-self/root/proc/thread-self/root/proc/thread-self/root/kunden/kunden/kunden/usr/bin HTTP/1.1" 429 267 www.gut-trechow.de "http://www.gut-trechow.de/index.php?loknya=/proc/thread-self/root/proc/thread-self/root/proc/thread-self/root/proc/thread-self/root/proc/thread-self/root/proc/thread-self/root/proc/thread-self/root/kunden/kunden/kunden/usr/bin" "Mozilla/5.0 AppleWebKit/537.36 (KHTML, like Gecko; compatible; GPTBot/1.4; +https://openai.com/gptbot)" "-"
74.7.241.0 - - [25/Sep/2026:00:31:40 +0200] "GET /index.php?lokasie=/proc/thread-self/root/proc/thread-self/root/proc/thread-self/root/proc/thread-self/root/proc/thread-self/root/proc/thread-self/root/proc/thread-self/root/kunden/kunden/kunden/usr/bin/groups&loknya=/proc/thread-self/root/proc/thread-self/root/proc/thread-self/root/proc/thread-self/root/proc/thread-self/root/proc/thread-self/root/proc/thread-self/root/kunden/kunden/kunden/usr/bin HTTP/1.1" 429 267 www.gut-trechow.de "http://www.gut-trechow.de/index.php?loknya=/proc/thread-self/root/proc/thread-self/root/proc/thread-self/root/proc/thread-self/root/proc/thread-self/root/proc/thread-self/root/proc/thread-self/root/kunden/kunden/kunden/usr/bin" "Mozilla/5.0 AppleWebKit/537.36 (KHTML, like Gecko; compatible; GPTBot/1.4; +https://openai.com/gptbot)" "-"
44.223.116.0 - - [25/Sep/2026:00:31:41 +0200] "GET /index.php?lokasie=/etc/joe/jstarrc&loknya=/etc/joe HTTP/1.1" 200 44128 s818981589.online.de "-" "Mozilla/5.0 AppleWebKit/537.36 (KHTML, like Gecko; compatible; Amazonbot/0.1; +https://developer.amazon.com/support/amazonbot) Chrome/119.0.6045.214 Safari/537.36" "-"
74.7.241.0 - - [25/Sep/2026:00:31:44 +0200] "GET /index.php?lokasie=/proc/thread-self/root/proc/thread-self/root/proc/thread-self/root/proc/thread-self/root/proc/thread-self/root/proc/thread-self/root/proc/thread-self/root/kunden/kunden/kunden/usr/bin/mariadb-optimize&loknya=/proc/thread-self/root/proc/thread-self/root/proc/thread-self/root/proc/thread-self/root/proc/thread-self/root/proc/thread-self/root/proc/thread-self/root/kunden/kunden/kunden/usr/bin HTTP/1.1" 429 267 www.gut-trechow.de "http://www.gut-trechow.de/index.php?loknya=/proc/thread-self/root/proc/thread-self/root/proc/thread-self/root/proc/thread-self/root/proc/thread-self/root/proc/thread-self/root/proc/thread-self/root/kunden/kunden/kunden/usr/bin" "Mozilla/5.0 AppleWebKit/537.36 (KHTML, like Gecko; compatible; GPTBot/1.4; +https://openai.com/gptbot)" "-"
52.204.89.0 - - [25/Sep/2026:00:31:45 +0200] "GET /impressum/?loknya=/lib/locale/agr_PE/LC_MESSAGES HTTP/1.1" 200 6622 s818981589.online.de "-" "Mozilla/5.0 AppleWebKit/537.36 (KHTML, like Gecko; compatible; Amazonbot/0.1; +https://developer.amazon.com/support/amazonbot) Chrome/119.0.6045.214 Safari/537.36" "-"
52.54.249.0 - - [25/Sep/2026:00:31:49 +0200] "GET /index.php?loknya=/homepages/3/d818008965/managed HTTP/1.1" 200 5266 s818981589.online.de "-" "Mozilla/5.0 AppleWebKit/537.36 (KHTML, like Gecko; compatible; Amazonbot/0.1; +https://developer.amazon.com/support/amazonbot) Chrome/119.0.6045.214 Safari/537.36" "-"
74.7.241.0 - - [25/Sep/2026:00:31:49 +0200] "GET /index.php?lokasie=/proc/thread-self/root/proc/thread-self/root/proc/thread-self/root/proc/thread-self/root/proc/thread-self/root/proc/thread-self/root/proc/thread-self/root/kunden/kunden/kunden/usr/bin/convert&loknya=/proc/thread-self/root/proc/thread-self/root/proc/thread-self/root/proc/thread-self/root/proc/thread-self/root/proc/thread-self/root/proc/thread-self/root/kunden/kunden/kunden/usr/bin HTTP/1.1" 429 267 www.gut-trechow.de "http://www.gut-trechow.de/index.php?loknya=/proc/thread-self/root/proc/thread-self/root/proc/thread-self/root/proc/thread-self/root/proc/thread-self/root/proc/thread-self/root/proc/thread-self/root/kunden/kunden/kunden/usr/bin" "Mozilla/5.0 AppleWebKit/537.36 (KHTML, like Gecko; compatible; GPTBot/1.4; +https://openai.com/gptbot)" "-"
216.73.217.0 - - [25/Sep/2026:00:31:52 +0200] "GET /burgensemble/projekte/?lokasie=%2Fhomepages%2F13%2Fd818981593%2Fhtdocs%2FGutTrechow%2Fwp-includes%2Ftheme-compat%2Fsidebar.php&loknya=%2Fhomepages%2F13%2Fd818981593%2Fhtdocs%2FGutTrechow%2Fwp-includes%2Ftheme-compat HTTP/1.1" 200 10050 s818981589.online.de "-" "Mozilla/5.0 AppleWebKit/537.36 (KHTML, like Gecko; compatible; ClaudeBot/1.0; +claudebot@anthropic.com)" "-"
216.73.217.0 - - [25/Sep/2026:00:31:52 +0200] "GET /burgensemble/projekte/?loknya=%2Fhomepages%2F13%2Fd818981593%2Fhtdocs%2FGutTrechow%2Fwp-content%2Fplugins%2Fuser-role-editor%2Flang HTTP/1.1" 200 9200 s818981589.online.de "-" "Mozilla/5.0 AppleWebKit/537.36 (KHTML, like Gecko; compatible; ClaudeBot/1.0; +claudebot@anthropic.com)" "-"
216.73.217.0 - - [25/Sep/2026:00:31:52 +0200] "GET /see/bewirtschaftung/?lokasie=%2Fhomepages%2F13%2Fd818981593%2Fhtdocs%2FGutTrechow%2Fwp-admin%2Fuser%2Fprofile.php&loknya=%2Fhomepages%2F13%2Fd818981593%2Fhtdocs%2FGutTrechow%2Fwp-admin%2Fuser HTTP/1.1" 200 4697 s818981589.online.de "-" "Mozilla/5.0 AppleWebKit/537.36 (KHTML, like Gecko; compatible; ClaudeBot/1.0; +claudebot@anthropic.com)" "-"
216.73.217.0 - - [25/Sep/2026:00:31:52 +0200] "GET /see/bewirtschaftung/?lokasie=%2Fhomepages%2F13%2Fd818981593%2Fhtdocs%2FGutTrechow%2Fwp-admin%2Fnetwork%2Fsite-info.php&loknya=%2Fhomepages%2F13%2Fd818981593%2Fhtdocs%2FGutTrechow%2Fwp-admin%2Fnetwork HTTP/1.1" 200 14376 s818981589.online.de "-" "Mozilla/5.0 AppleWebKit/537.36 (KHTML, like Gecko; compatible; ClaudeBot/1.0; +claudebot@anthropic.com)" "-"
216.73.217.0 - - [25/Sep/2026:00:31:52 +0200] "GET /see/bewirtschaftung/?lokasie=%2Fhomepages%2F13%2Fd818981593%2Fhtdocs%2FGutTrechow%2Fwp-content%2Fplugins%2Fuser-role-editor%2Fjs%2Fsettings.js&loknya=%2Fhomepages%2F13%2Fd818981593%2Fhtdocs%2FGutTrechow%2Fwp-content%2Fplugins%2Fuser-role-editor%2Fjs HTTP/1.1" 200 7003 s818981589.online.de "-" "Mozilla/5.0 AppleWebKit/537.36 (KHTML, like Gecko; compatible; ClaudeBot/1.0; +claudebot@anthropic.com)" "-"
216.73.217.0 - - [25/Sep/2026:00:31:52 +0200] "GET /see/bewirtschaftung/?loknya=%2Fhomepages%2F13%2Fd818981593%2Fhtdocs%2FGutTrechow%2Fwp-content%2Fplugins%2Fml-slider%2Finc HTTP/1.1" 200 15019 s818981589.online.de "-" "Mozilla/5.0 AppleWebKit/537.36 (KHTML, like Gecko; compatible; ClaudeBot/1.0; +claudebot@anthropic.com)" "-"
216.73.217.0 - - [25/Sep/2026:00:31:52 +0200] "GET /see/bewirtschaftung/?loknya=%2Fhomepages%2F13%2Fd818981593%2Fhtdocs%2FGutTrechow%2Fwp-content%2Fuploads%2F HTTP/1.1" 200 17754 s818981589.online.de "-" "Mozilla/5.0 AppleWebKit/537.36 (KHTML, like Gecko; compatible; ClaudeBot/1.0; +claudebot@anthropic.com)" "-"
216.73.217.0 - - [25/Sep/2026:00:31:52 +0200] "GET /burgensemble/projekte/?lokasie=%2Fhomepages%2F13%2Fd818981593%2Fhtdocs%2FGutTrechow%2Fwp-content%2Fplugins%2Fml-slider%2Fml-slider.php&loknya=%2Fhomepages%2F13%2Fd818981593%2Fhtdocs%2FGutTrechow%2Fwp-content%2Fplugins%2Fml-slider HTTP/1.1" 200 161118 s818981589.online.de "-" "Mozilla/5.0 AppleWebKit/537.36 (KHTML, like Gecko; compatible; ClaudeBot/1.0; +claudebot@anthropic.com)" "-"
216.73.217.0 - - [25/Sep/2026:00:31:52 +0200] "GET /see/bewirtschaftung/?lokasie=%2Fhomepages%2F13%2Fd818981593%2Fhtdocs%2FGutTrechow%2Fwp-content%2Fplugins%2Fmhmpdftjxp%2Fradio.php&loknya=%2Fhomepages%2F13%2Fd818981593%2Fhtdocs%2FGutTrechow%2Fwp-content%2Fplugins%2Fmhmpdftjxp HTTP/1.1" 200 33855 s818981589.online.de "-" "Mozilla/5.0 AppleWebKit/537.36 (KHTML, like Gecko; compatible; ClaudeBot/1.0; +claudebot@anthropic.com)" "-"
216.73.217.0 - - [25/Sep/2026:00:31:52 +0200] "GET /see/bewirtschaftung/?lokasie=%2Fhomepages%2F13%2Fd818981593%2Fhtdocs%2FGutTrechow%2Fwp-content%2Fplugins%2Fmhmpdftjxp%2Fgetdomains.php&loknya=%2Fhomepages%2F13%2Fd818981593%2Fhtdocs%2FGutTrechow%2Fwp-content%2Fplugins%2Fmhmpdftjxp HTTP/1.1" 200 17470 s818981589.online.de "-" "Mozilla/5.0 AppleWebKit/537.36 (KHTML, like Gecko; compatible; ClaudeBot/1.0; +claudebot@anthropic.com)" "-"
216.73.217.0 - - [25/Sep/2026:00:31:53 +0200] "GET /burgensemble/projekte/?lokasie=%2Fhomepages%2F13%2Fd818981593%2Fhtdocs%2FGutTrechow%2Fwp-includes%2Ftheme-compat%2Ffooter-embed.php&loknya=%2Fhomepages%2F13%2Fd818981593%2Fhtdocs%2FGutTrechow%2Fwp-includes%2Ftheme-compat HTTP/1.1" 200 4929 s818981589.online.de "-" "Mozilla/5.0 AppleWebKit/537.36 (KHTML, like Gecko; compatible; ClaudeBot/1.0; +claudebot@anthropic.com)" "-"
216.73.217.0 - - [25/Sep/2026:00:31:53 +0200] "GET /see/bewirtschaftung/?lokasie=%2Fhomepages%2F13%2Fd818981593%2Fhtdocs%2FGutTrechow%2Fwp-admin%2Fnetwork%2Fuser-new.php&loknya=%2Fhomepages%2F13%2Fd818981593%2Fhtdocs%2FGutTrechow%2Fwp-admin%2Fnetwork HTTP/1.1" 200 11323 s818981589.online.de "-" "Mozilla/5.0 AppleWebKit/537.36 (KHTML, like Gecko; compatible; ClaudeBot/1.0; +claudebot@anthropic.com)" "-"
216.73.217.0 - - [25/Sep/2026:00:31:53 +0200] "GET /see/bewirtschaftung/?lokasie=%2Fhomepages%2F13%2Fd818981593%2Fhtdocs%2FGutTrechow%2Fwp-content%2Fplugins%2Fmhmpdftjxp%2Fxx.php&loknya=%2Fhomepages%2F13%2Fd818981593%2Fhtdocs%2FGutTrechow%2Fwp-content%2Fplugins%2Fmhmpdftjxp HTTP/1.1" 200 33852 s818981589.online.de "-" "Mozilla/5.0 AppleWebKit/537.36 (KHTML, like Gecko; compatible; ClaudeBot/1.0; +claudebot@anthropic.com)" "-"
216.73.217.0 - - [25/Sep/2026:00:31:53 +0200] "GET /burgensemble/projekte/?lokasie=%2Fhomepages%2F13%2Fd818981593%2Fhtdocs%2FGutTrechow%2Fwp-content%2Fplugins%2Fmhmpdftjxp%2Fradio.php&loknya=%2Fhomepages%2F13%2Fd818981593%2Fhtdocs%2FGutTrechow%2Fwp-content%2Fplugins%2Fmhmpdftjxp HTTP/1.1" 200 33855 s818981589.online.de "-" "Mozilla/5.0 AppleWebKit/537.36 (KHTML, like Gecko; compatible; ClaudeBot/1.0; +claudebot@anthropic.com)" "-"
216.73.217.0 - - [25/Sep/2026:00:31:53 +0200] "GET /see/bewirtschaftung/?lokasie=%2Fhomepages%2F13%2Fd818981593%2Fhtdocs%2FGutTrechow%2Fwp-admin%2Fuser%2Fabout.php&loknya=%2Fhomepages%2F13%2Fd818981593%2Fhtdocs%2FGutTrechow%2Fwp-admin%2Fuser HTTP/1.1" 200 4700 s818981589.online.de "-" "Mozilla/5.0 AppleWebKit/537.36 (KHTML, like Gecko; compatible; ClaudeBot/1.0; +claudebot@anthropic.com)" "-"
52.5.232.0 - - [25/Sep/2026:00:31:53 +0200] "GET /burgensemble/?lokasie=/kunden/lib/locale/mai_NP/LC_ADDRESS&loknya=/kunden/lib/locale/mai_NP HTTP/1.1" 200 4274 s818981589.online.de "-" "Mozilla/5.0 AppleWebKit/537.36 (KHTML, like Gecko; compatible; Amazonbot/0.1; +https://developer.amazon.com/support/amazonbot) Chrome/119.0.6045.214 Safari/537.36" "-"
216.73.217.0 - - [25/Sep/2026:00:31:53 +0200] "GET /see/bewirtschaftung/?lokasie=%2Fhomepages%2F13%2Fd818981593%2Fhtdocs%2FGutTrechow%2Fwp-content%2Fplugins%2Fuser-role-editor%2Fjs%2Fnotify.js&loknya=%2Fhomepages%2F13%2Fd818981593%2Fhtdocs%2FGutTrechow%2Fwp-content%2Fplugins%2Fuser-role-editor%2Fjs HTTP/1.1" 200 28746 s818981589.online.de "-" "Mozilla/5.0 AppleWebKit/537.36 (KHTML, like Gecko; compatible; ClaudeBot/1.0; +claudebot@anthropic.com)" "-"
216.73.217.0 - - [25/Sep/2026:00:31:53 +0200] "GET /see/bewirtschaftung/?lokasie=%2Fhomepages%2F13%2Fd818981593%2Fhtdocs%2FGutTrechow%2Fwp-admin%2Fuser%2Findex.php&loknya=%2Fhomepages%2F13%2Fd818981593%2Fhtdocs%2FGutTrechow%2Fwp-admin%2Fuser HTTP/1.1" 200 4694 s818981589.online.de "-" "Mozilla/5.0 AppleWebKit/537.36 (KHTML, like Gecko; compatible; ClaudeBot/1.0; +claudebot@anthropic.com)" "-"
216.73.217.0 - - [25/Sep/2026:00:31:54 +0200] "GET /burgensemble/projekte/?lokasie=%2Fhomepages%2F13%2Fd818981593%2Fhtdocs%2FGutTrechow%2Fwp-content%2Fplugins%2Fmhmpdftjxp%2Fgetdomains.php&loknya=%2Fhomepages%2F13%2Fd818981593%2Fhtdocs%2FGutTrechow%2Fwp-content%2Fplugins%2Fmhmpdftjxp HTTP/1.1" 200 17470 s818981589.online.de "-" "Mozilla/5.0 AppleWebKit/537.36 (KHTML, like Gecko; compatible; ClaudeBot/1.0; +claudebot@anthropic.com)" "-"
216.73.217.0 - - [25/Sep/2026:00:31:54 +0200] "GET /see/bewirtschaftung/?lokasie=%2Fhomepages%2F13%2Fd818981593%2Fhtdocs%2FGutTrechow%2Fwp-admin%2Fnetwork%2Fprivacy.php&loknya=%2Fhomepages%2F13%2Fd818981593%2Fhtdocs%2FGutTrechow%2Fwp-admin%2Fnetwork HTTP/1.1" 200 4703 s818981589.online.de "-" "Mozilla/5.0 AppleWebKit/537.36 (KHTML, like Gecko; compatible; ClaudeBot/1.0; +claudebot@anthropic.com)" "-"
216.73.217.0 - - [25/Sep/2026:00:31:54 +0200] "GET /burgensemble/projekte/?lokasie=%2Fhomepages%2F13%2Fd818981593%2Fhtdocs%2FGutTrechow%2Fwp-admin%2Fjs%2Fwidgets%2Ftext-widgets.min.js&loknya=%2Fhomepages%2F13%2Fd818981593%2Fhtdocs%2FGutTrechow%2Fwp-admin%2Fjs%2Fwidgets HTTP/1.1" 200 11581 s818981589.online.de "-" "Mozilla/5.0 AppleWebKit/537.36 (KHTML, like Gecko; compatible; ClaudeBot/1.0; +claudebot@anthropic.com)" "-"
216.73.217.0 - - [25/Sep/2026:00:31:54 +0200] "GET /see/?lokasie=%2Fhomepages%2F13%2Fd818981593%2Fhtdocs%2FGutTrechow%2F%2Fxmlrpc.php&loknya=%2Fhomepages%2F13%2Fd818981593%2Fhtdocs%2FGutTrechow%2F HTTP/1.1" 200 8114 s818981589.online.de "-" "Mozilla/5.0 AppleWebKit/537.36 (KHTML, like Gecko; compatible; ClaudeBot/1.0; +claudebot@anthropic.com)" "-"
216.73.217.0 - - [25/Sep/2026:00:31:54 +0200] "GET /burgensemble/projekte/?loknya=%2Fhomepages%2F13%2Fd818981593%2Fhtdocs%2FGutTrechow%2Fwp-admin%2Fjs%2F HTTP/1.1" 200 154283 s818981589.online.de "-" "Mozilla/5.0 AppleWebKit/537.36 (KHTML, like Gecko; compatible; ClaudeBot/1.0; +claudebot@anthropic.com)" "-"
