74.7.243.0 - - [25/Sep/2026:00:28:23 +0200] "GET /index.php?loknya=/proc/thread-self/root/proc/thread-self/root/proc/thread-self/root/kunden/kunden/kunden/proc/thread-self/root/kunden/kunden/kunden/kunden/proc/thread-self/root/kunden/proc/thread-self/root/etc/dpkg/ HTTP/1.1" 429 267 s818981589.online.de "http://s818981589.online.de/index.php?loknya=/proc/thread-self/root/proc/thread-self/root/proc/thread-self/root/kunden/kunden/kunden/proc/thread-self/root/kunden/kunden/kunden/kunden/proc/thread-self/root/kunden/proc/thread-self/root/etc/dpkg/origins" "Mozilla/5.0 AppleWebKit/537.36 (KHTML, like Gecko; compatible; GPTBot/1.4; +https://openai.com/gptbot)" "-"
74.7.243.0 - - [25/Sep/2026:00:28:24 +0200] "GET /index.php?loknya=/proc/thread-self/root/proc/thread-self/root/proc/thread-self/root/kunden/kunden/kunden/kunden/kunden/kunden/proc/thread-self/root/proc/thread-self/root/kunden/proc/thread-self/root/kunden/kunden/usr/lib/mc HTTP/1.1" 429 267 s818981589.online.de "http://s818981589.online.de/index.php?loknya=/proc/thread-self/root/proc/thread-self/root/proc/thread-self/root/kunden/kunden/kunden/kunden/kunden/kunden/proc/thread-self/root/proc/thread-self/root/kunden/proc/thread-self/root/kunden/kunden/usr/lib" "Mozilla/5.0 AppleWebKit/537.36 (KHTML, like Gecko; compatible; GPTBot/1.4; +https://openai.com/gptbot)" "-"
98.83.8.0 - - [25/Sep/2026:00:28:25 +0200] "GET /impressum/?loknya=/homepages/27/d818375025/.config HTTP/1.1" 429 267 s818981589.online.de "-" "Mozilla/5.0 AppleWebKit/537.36 (KHTML, like Gecko; compatible; Amazonbot/0.1; +https://developer.amazon.com/support/amazonbot) Chrome/119.0.6045.214 Safari/537.36" "-"
74.7.241.0 - - [25/Sep/2026:00:28:26 +0200] "GET /index.php?loknya=/proc/thread-self/root/proc/thread-self/root/proc/thread-self/root/proc/thread-self/root/proc/thread-self/root/proc/thread-self/root/proc/thread-self/root/kunden/kunden/kunden/etc/binfmt.d HTTP/1.1" 200 8886 www.gut-trechow.de "http://www.gut-trechow.de/index.php?loknya=/proc/thread-self/root/proc/thread-self/root/proc/thread-self/root/proc/thread-self/root/proc/thread-self/root/proc/thread-self/root/proc/thread-self/root/kunden/kunden/kunden/etc" "Mozilla/5.0 AppleWebKit/537.36 (KHTML, like Gecko; compatible; GPTBot/1.4; +https://openai.com/gptbot)" "-"
74.7.243.0 - - [25/Sep/2026:00:28:26 +0200] "GET /index.php?loknya=/proc/thread-self/root/proc/thread-self/root/proc/thread-self/root/kunden/kunden/kunden/proc/thread-self/root/kunden/kunden/kunden/kunden/proc/thread-self/root/kunden/proc/thread-self/root/kunden/proc/irq HTTP/1.1" 429 267 s818981589.online.de "http://s818981589.online.de/index.php?loknya=/proc/thread-self/root/proc/thread-self/root/proc/thread-self/root/kunden/kunden/kunden/proc/thread-self/root/kunden/kunden/kunden/kunden/proc/thread-self/root/kunden/proc/thread-self/root/kunden/proc" "Mozilla/5.0 AppleWebKit/537.36 (KHTML, like Gecko; compatible; GPTBot/1.4; +https://openai.com/gptbot)" "-"
216.73.217.0 - - [25/Sep/2026:00:28:27 +0200] "GET /foerderkreis/fotogalerie/?lokasie=%2Flib%2Fpython3.13%2Fxml%2Fdom%2FNodeFilter.py&loknya=%2Flib%2Fpython3.13%2Fxml%2Fdom HTTP/1.1" 429 267 s818981589.online.de "-" "Mozilla/5.0 AppleWebKit/537.36 (KHTML, like Gecko; compatible; ClaudeBot/1.0; +claudebot@anthropic.com)" "-"
74.7.241.0 - - [25/Sep/2026:00:28:28 +0200] "GET /index.php?loknya=/proc/thread-self/root/proc/thread-self/root/proc/thread-self/root/proc/thread-self/root/proc/thread-self/root/proc/thread-self/root/proc/thread-self/root/kunden/kunden/proc/thread-self/root/lib/mime HTTP/1.1" 200 10970 www.gut-trechow.de "http://www.gut-trechow.de/index.php?loknya=/proc/thread-self/root/proc/thread-self/root/proc/thread-self/root/proc/thread-self/root/proc/thread-self/root/proc/thread-self/root/proc/thread-self/root/kunden/kunden/proc/thread-self/root/lib" "Mozilla/5.0 AppleWebKit/537.36 (KHTML, like Gecko; compatible; GPTBot/1.4; +https://openai.com/gptbot)" "-"
216.73.217.0 - - [25/Sep/2026:00:28:28 +0200] "GET /foerderkreis/fotogalerie/?lokasie=%2Flib%2Fpython3.13%2Fxml%2Fdom%2Fxmlbuilder.py&loknya=%2Flib%2Fpython3.13%2Fxml%2Fdom HTTP/1.1" 429 267 s818981589.online.de "-" "Mozilla/5.0 AppleWebKit/537.36 (KHTML, like Gecko; compatible; ClaudeBot/1.0; +claudebot@anthropic.com)" "-"
216.73.217.0 - - [25/Sep/2026:00:28:28 +0200] "GET /foerderkreis/fotogalerie/?lokasie=%2Flib%2Fpython3.13%2Fconcurrent%2Ffutures%2Fprocess.py&loknya=%2Flib%2Fpython3.13%2Fconcurrent%2Ffutures HTTP/1.1" 429 267 s818981589.online.de "-" "Mozilla/5.0 AppleWebKit/537.36 (KHTML, like Gecko; compatible; ClaudeBot/1.0; +claudebot@anthropic.com)" "-"
74.7.243.0 - - [25/Sep/2026:00:28:28 +0200] "GET /index.php?loknya=/proc/thread-self/root/proc/thread-self/root/proc/thread-self/root/kunden/kunden/kunden/kunden/kunden/kunden/proc/thread-self/root/proc/thread-self/root/kunden/proc/thread-self/root/kunden/kunden/usr/sbin HTTP/1.1" 429 267 s818981589.online.de "http://s818981589.online.de/index.php?loknya=/proc/thread-self/root/proc/thread-self/root/proc/thread-self/root/kunden/kunden/kunden/kunden/kunden/kunden/proc/thread-self/root/proc/thread-self/root/kunden/proc/thread-self/root/kunden/kunden/usr" "Mozilla/5.0 AppleWebKit/537.36 (KHTML, like Gecko; compatible; GPTBot/1.4; +https://openai.com/gptbot)" "-"
216.73.217.0 - - [25/Sep/2026:00:28:29 +0200] "GET /foerderkreis/fotogalerie/?lokasie=%2Flib%2Fpython3.13%2Fconcurrent%2Ffutures%2Fthread.py&loknya=%2Flib%2Fpython3.13%2Fconcurrent%2Ffutures HTTP/1.1" 429 267 s818981589.online.de "-" "Mozilla/5.0 AppleWebKit/537.36 (KHTML, like Gecko; compatible; ClaudeBot/1.0; +claudebot@anthropic.com)" "-"
216.73.217.0 - - [25/Sep/2026:00:28:29 +0200] "GET /foerderkreis/fotogalerie/?lokasie=%2Flib%2Fpython3.13%2Fxml%2Fdom%2Fpulldom.py&loknya=%2Flib%2Fpython3.13%2Fxml%2Fdom HTTP/1.1" 429 267 s818981589.online.de "-" "Mozilla/5.0 AppleWebKit/537.36 (KHTML, like Gecko; compatible; ClaudeBot/1.0; +claudebot@anthropic.com)" "-"
216.73.217.0 - - [25/Sep/2026:00:28:29 +0200] "GET /foerderkreis/fotogalerie/?lokasie=%2Flib%2Fpython3.13%2Fimportlib%2Fmetadata%2F_functools.py&loknya=%2Flib%2Fpython3.13%2Fimportlib%2Fmetadata HTTP/1.1" 429 267 s818981589.online.de "-" "Mozilla/5.0 AppleWebKit/537.36 (KHTML, like Gecko; compatible; ClaudeBot/1.0; +claudebot@anthropic.com)" "-"
23.21.148.0 - - [25/Sep/2026:00:28:29 +0200] "GET /burgensemble/?lokasie=/kunden/homepages/2/d822189426/distributor.lock&loknya=/kunden/homepages/2/d822189426 HTTP/1.1" 429 267 s818981589.online.de "-" "Mozilla/5.0 AppleWebKit/537.36 (KHTML, like Gecko; compatible; Amazonbot/0.1; +https://developer.amazon.com/support/amazonbot) Chrome/119.0.6045.214 Safari/537.36" "-"
74.7.241.0 - - [25/Sep/2026:00:28:30 +0200] "GET /index.php?loknya=/proc/thread-self/root/proc/thread-self/root/proc/thread-self/root/proc/thread-self/root/proc/thread-self/root/proc/thread-self/root/proc/thread-self/root/kunden/etc/apparmor.d/disable HTTP/1.1" 200 10647 www.gut-trechow.de "http://www.gut-trechow.de/index.php?loknya=/proc/thread-self/root/proc/thread-self/root/proc/thread-self/root/proc/thread-self/root/proc/thread-self/root/proc/thread-self/root/proc/thread-self/root/kunden/etc/apparmor.d" "Mozilla/5.0 AppleWebKit/537.36 (KHTML, like Gecko; compatible; GPTBot/1.4; +https://openai.com/gptbot)" "-"
216.73.217.0 - - [25/Sep/2026:00:28:30 +0200] "GET /foerderkreis/fotogalerie/?lokasie=%2Flib%2Fpython3.13%2Fimportlib%2Fmetadata%2F__init__.py&loknya=%2Flib%2Fpython3.13%2Fimportlib%2Fmetadata HTTP/1.1" 429 267 s818981589.online.de "-" "Mozilla/5.0 AppleWebKit/537.36 (KHTML, like Gecko; compatible; ClaudeBot/1.0; +claudebot@anthropic.com)" "-"
216.73.217.0 - - [25/Sep/2026:00:28:30 +0200] "GET /foerderkreis/fotogalerie/?lokasie=%2Flib%2Fpython3.13%2Fimportlib%2Fmetadata%2F_itertools.py&loknya=%2Flib%2Fpython3.13%2Fimportlib%2Fmetadata HTTP/1.1" 429 267 s818981589.online.de "-" "Mozilla/5.0 AppleWebKit/537.36 (KHTML, like Gecko; compatible; ClaudeBot/1.0; +claudebot@anthropic.com)" "-"
74.7.241.0 - - [25/Sep/2026:00:28:31 +0200] "GET /index.php?loknya=/proc/thread-self/root/proc/thread-self/root/proc/thread-self/root/proc/thread-self/root/proc/thread-self/root/proc/thread-self/root/proc/thread-self/root/kunden/kunden/kunden/proc/thread-self/root/usr/src HTTP/1.1" 200 9631 www.gut-trechow.de "http://www.gut-trechow.de/index.php?loknya=/proc/thread-self/root/proc/thread-self/root/proc/thread-self/root/proc/thread-self/root/proc/thread-self/root/proc/thread-self/root/proc/thread-self/root/kunden/kunden/kunden/proc/thread-self/root/usr/" "Mozilla/5.0 AppleWebKit/537.36 (KHTML, like Gecko; compatible; GPTBot/1.4; +https://openai.com/gptbot)" "-"
216.73.217.0 - - [25/Sep/2026:00:28:31 +0200] "GET /foerderkreis/fotogalerie/?lokasie=%2Flib%2Fpython3.13%2Fconcurrent%2Ffutures%2F__init__.py&loknya=%2Flib%2Fpython3.13%2Fconcurrent%2Ffutures HTTP/1.1" 429 267 s818981589.online.de "-" "Mozilla/5.0 AppleWebKit/537.36 (KHTML, like Gecko; compatible; ClaudeBot/1.0; +claudebot@anthropic.com)" "-"
216.73.217.0 - - [25/Sep/2026:00:28:31 +0200] "GET /foerderkreis/fotogalerie/?lokasie=%2Flib%2Fpython3.13%2Fimportlib%2Fmetadata%2F_text.py&loknya=%2Flib%2Fpython3.13%2Fimportlib%2Fmetadata HTTP/1.1" 429 267 s818981589.online.de "-" "Mozilla/5.0 AppleWebKit/537.36 (KHTML, like Gecko; compatible; ClaudeBot/1.0; +claudebot@anthropic.com)" "-"
216.73.217.0 - - [25/Sep/2026:00:28:31 +0200] "GET /foerderkreis/fotogalerie/?loknya=%2Flib%2Fpython3.13%2Fimportlib%2Fmetadata%2F__pycache__ HTTP/1.1" 429 267 s818981589.online.de "-" "Mozilla/5.0 AppleWebKit/537.36 (KHTML, like Gecko; compatible; ClaudeBot/1.0; +claudebot@anthropic.com)" "-"
74.7.241.0 - - [25/Sep/2026:00:28:32 +0200] "GET /index.php?loknya=/proc/thread-self/root/proc/thread-self/root/proc/thread-self/root/proc/thread-self/root/proc/thread-self/root/proc/thread-self/root/proc/thread-self/root/proc/thread-self/root/usr/include/alpha-linux-gnu HTTP/1.1" 200 10759 www.gut-trechow.de "http://www.gut-trechow.de/index.php?loknya=/proc/thread-self/root/proc/thread-self/root/proc/thread-self/root/proc/thread-self/root/proc/thread-self/root/proc/thread-self/root/proc/thread-self/root/proc/thread-self/root/usr/include" "Mozilla/5.0 AppleWebKit/537.36 (KHTML, like Gecko; compatible; GPTBot/1.4; +https://openai.com/gptbot)" "-"
216.73.217.0 - - [25/Sep/2026:00:28:32 +0200] "GET /foerderkreis/fotogalerie/?lokasie=%2Flib%2Fpython3.13%2Fxml%2Fdom%2F__init__.py&loknya=%2Flib%2Fpython3.13%2Fxml%2Fdom HTTP/1.1" 429 267 s818981589.online.de "-" "Mozilla/5.0 AppleWebKit/537.36 (KHTML, like Gecko; compatible; ClaudeBot/1.0; +claudebot@anthropic.com)" "-"
216.73.217.0 - - [25/Sep/2026:00:28:32 +0200] "GET /foerderkreis/fotogalerie/?lokasie=%2Flib%2Fpython3.13%2Fconcurrent%2Ffutures%2F_base.py&loknya=%2Flib%2Fpython3.13%2Fconcurrent%2Ffutures HTTP/1.1" 429 267 s818981589.online.de "-" "Mozilla/5.0 AppleWebKit/537.36 (KHTML, like Gecko; compatible; ClaudeBot/1.0; +claudebot@anthropic.com)" "-"
74.7.243.0 - - [25/Sep/2026:00:28:32 +0200] "GET /index.php?loknya=/proc/thread-self/root/proc/thread-self/root/proc/thread-self/root/kunden/kunden/kunden/proc/thread-self/root/kunden/kunden/kunden/kunden/proc/thread-self/root/kunden/proc/thread-self/root/kunden/proc/fs HTTP/1.1" 429 267 s818981589.online.de "http://s818981589.online.de/index.php?loknya=/proc/thread-self/root/proc/thread-self/root/proc/thread-self/root/kunden/kunden/kunden/proc/thread-self/root/kunden/kunden/kunden/kunden/proc/thread-self/root/kunden/proc/thread-self/root/kunden/proc" "Mozilla/5.0 AppleWebKit/537.36 (KHTML, like Gecko; compatible; GPTBot/1.4; +https://openai.com/gptbot)" "-"
216.73.217.0 - - [25/Sep/2026:00:28:32 +0200] "GET /foerderkreis/fotogalerie/?loknya=%2Flib%2Fpython3.13%2Fconcurrent%2Ffutures%2F__pycache__ HTTP/1.1" 429 267 s818981589.online.de "-" "Mozilla/5.0 AppleWebKit/537.36 (KHTML, like Gecko; compatible; ClaudeBot/1.0; +claudebot@anthropic.com)" "-"
216.73.217.0 - - [25/Sep/2026:00:28:32 +0200] "GET /foerderkreis/fotogalerie/?loknya=%2Flib%2Fpython3.13%2Fxml%2Fdom%2F__pycache__ HTTP/1.1" 429 267 s818981589.online.de "-" "Mozilla/5.0 AppleWebKit/537.36 (KHTML, like Gecko; compatible; ClaudeBot/1.0; +claudebot@anthropic.com)" "-"
74.7.241.0 - - [25/Sep/2026:00:28:33 +0200] "GET /index.php?loknya=/proc/thread-self/root/proc/thread-self/root/proc/thread-self/root/proc/thread-self/root/proc/thread-self/root/proc/thread-self/root/proc/thread-self/root/usr/include/linux/usb HTTP/1.1" 200 37655 www.gut-trechow.de "http://www.gut-trechow.de/index.php?loknya=/proc/thread-self/root/proc/thread-self/root/proc/thread-self/root/proc/thread-self/root/proc/thread-self/root/proc/thread-self/root/proc/thread-self/root/usr/include/linux" "Mozilla/5.0 AppleWebKit/537.36 (KHTML, like Gecko; compatible; GPTBot/1.4; +https://openai.com/gptbot)" "-"
216.73.217.0 - - [25/Sep/2026:00:28:33 +0200] "GET /foerderkreis/fotogalerie/?lokasie=%2Flib%2Fpython3.13%2Fxml%2Fdom%2Fexpatbuilder.py&loknya=%2Flib%2Fpython3.13%2Fxml%2Fdom HTTP/1.1" 429 267 s818981589.online.de "-" "Mozilla/5.0 AppleWebKit/537.36 (KHTML, like Gecko; compatible; ClaudeBot/1.0; +claudebot@anthropic.com)" "-"
216.73.217.0 - - [25/Sep/2026:00:28:33 +0200] "GET /foerderkreis/fotogalerie/?lokasie=%2Flib%2Fpython3.13%2Fimportlib%2Fmetadata%2F_meta.py&loknya=%2Flib%2Fpython3.13%2Fimportlib%2Fmetadata HTTP/1.1" 429 267 s818981589.online.de "-" "Mozilla/5.0 AppleWebKit/537.36 (KHTML, like Gecko; compatible; ClaudeBot/1.0; +claudebot@anthropic.com)" "-"
216.73.217.0 - - [25/Sep/2026:00:28:33 +0200] "GET /foerderkreis/fotogalerie/?lokasie=%2Flib%2Fpython3.13%2Fimportlib%2Fmetadata%2F_adapters.py&loknya=%2Flib%2Fpython3.13%2Fimportlib%2Fmetadata HTTP/1.1" 429 267 s818981589.online.de "-" "Mozilla/5.0 AppleWebKit/537.36 (KHTML, like Gecko; compatible; ClaudeBot/1.0; +claudebot@anthropic.com)" "-"
18.232.12.0 - - [25/Sep/2026:00:28:33 +0200] "GET /index.php?lokasie=/homepages/10/d818211918/.created&loknya=/homepages/10/d818211918 HTTP/1.1" 429 267 s818981589.online.de "-" "Mozilla/5.0 AppleWebKit/537.36 (KHTML, like Gecko; compatible; Amazonbot/0.1; +https://developer.amazon.com/support/amazonbot) Chrome/119.0.6045.214 Safari/537.36" "-"
216.73.217.0 - - [25/Sep/2026:00:28:33 +0200] "GET /impressum/?loknya=%2Fhomepages%2F13%2Fd818981593%2Fhtdocs%2FGutTrechow%2Fwp-includes%2FRequests%2Fsrc HTTP/1.1" 429 267 s818981589.online.de "-" "Mozilla/5.0 AppleWebKit/537.36 (KHTML, like Gecko; compatible; ClaudeBot/1.0; +claudebot@anthropic.com)" "-"
216.73.217.0 - - [25/Sep/2026:00:28:33 +0200] "GET /wald/?loknya=%2Fhomepages%2F13%2Fd818981593%2Fhtdocs%2FGutTrechow%2Fwp-includes%2Fsodium_compat%2Fsrc HTTP/1.1" 429 267 s818981589.online.de "-" "Mozilla/5.0 AppleWebKit/537.36 (KHTML, like Gecko; compatible; ClaudeBot/1.0; +claudebot@anthropic.com)" "-"
74.7.241.0 - - [25/Sep/2026:00:28:34 +0200] "GET /index.php?loknya=/proc/thread-self/root/proc/thread-self/root/proc/thread-self/root/proc/thread-self/root/proc/thread-self/root/proc/thread-self/root/proc/thread-self/root/lib/systemd/ssh_config.d HTTP/1.1" 200 10441 www.gut-trechow.de "http://www.gut-trechow.de/index.php?loknya=/proc/thread-self/root/proc/thread-self/root/proc/thread-self/root/proc/thread-self/root/proc/thread-self/root/proc/thread-self/root/proc/thread-self/root/lib/systemd" "Mozilla/5.0 AppleWebKit/537.36 (KHTML, like Gecko; compatible; GPTBot/1.4; +https://openai.com/gptbot)" "-"
216.73.217.0 - - [25/Sep/2026:00:28:34 +0200] "GET /comments/feed/?lokasie=%2Fhomepages%2F13%2Fd818981593%2Fhtdocs%2FGutTrechow%2Fwp-admin%2Fincludes%2Fclass-wp-debug-data.php&loknya=%2Fhomepages%2F13%2Fd818981593%2Fhtdocs%2FGutTrechow%2Fwp-admin%2Fincludes HTTP/1.1" 429 267 s818981589.online.de "-" "Mozilla/5.0 AppleWebKit/537.36 (KHTML, like Gecko; compatible; ClaudeBot/1.0; +claudebot@anthropic.com)" "-"
216.73.217.0 - - [25/Sep/2026:00:28:34 +0200] "GET /burgensemble/projekte/?lokasie=%2Fhomepages%2F13%2Fd818981593%2Fhtdocs%2FGutTrechow%2Fwp-includes%2FRequests%2Fsrc%2FAuth%2FBasic.php&loknya=%2Fhomepages%2F13%2Fd818981593%2Fhtdocs%2FGutTrechow%2Fwp-includes%2FRequests%2Fsrc%2FAuth HTTP/1.1" 429 267 s818981589.online.de "-" "Mozilla/5.0 AppleWebKit/537.36 (KHTML, like Gecko; compatible; ClaudeBot/1.0; +claudebot@anthropic.com)" "-"
216.73.217.0 - - [25/Sep/2026:00:28:34 +0200] "GET /feed/?lokasie=%2Fhomepages%2F13%2Fd818981593%2Fhtdocs%2FGutTrechow%2Fwp-admin%2Fincludes%2Fclass-wp-debug-data.php&loknya=%2Fhomepages%2F13%2Fd818981593%2Fhtdocs%2FGutTrechow%2Fwp-admin%2Fincludes HTTP/1.1" 429 267 s818981589.online.de "-" "Mozilla/5.0 AppleWebKit/537.36 (KHTML, like Gecko; compatible; ClaudeBot/1.0; +claudebot@anthropic.com)" "-"
216.73.217.0 - - [25/Sep/2026:00:28:34 +0200] "GET /burgensemble/?loknya=%2Fhomepages%2F13%2Fd818981593%2Fhtdocs%2FGutTrechow%2Fwp-includes%2Frest-api%2Ffields HTTP/1.1" 429 267 s818981589.online.de "-" "Mozilla/5.0 AppleWebKit/537.36 (KHTML, like Gecko; compatible; ClaudeBot/1.0; +claudebot@anthropic.com)" "-"
216.73.217.0 - - [25/Sep/2026:00:28:34 +0200] "GET /foerderkreis/fotogalerie/?lokasie=%2Flib%2Fpython3.13%2Fimportlib%2Fmetadata%2Fdiagnose.py&loknya=%2Flib%2Fpython3.13%2Fimportlib%2Fmetadata HTTP/1.1" 429 267 s818981589.online.de "-" "Mozilla/5.0 AppleWebKit/537.36 (KHTML, like Gecko; compatible; ClaudeBot/1.0; +claudebot@anthropic.com)" "-"
74.7.241.0 - - [25/Sep/2026:00:28:35 +0200] "GET /index.php?loknya=/proc/thread-self/root/proc/thread-self/root/proc/thread-self/root/proc/thread-self/root/proc/thread-self/root/proc/thread-self/root/proc/thread-self/root/kunden/kunden/proc/thread-self/root/kunden/usr/lib HTTP/1.1" 200 109760 www.gut-trechow.de "http://www.gut-trechow.de/index.php?loknya=/proc/thread-self/root/proc/thread-self/root/proc/thread-self/root/proc/thread-self/root/proc/thread-self/root/proc/thread-self/root/proc/thread-self/root/kunden/kunden/proc/thread-self/root/kunden/usr" "Mozilla/5.0 AppleWebKit/537.36 (KHTML, like Gecko; compatible; GPTBot/1.4; +https://openai.com/gptbot)" "-"
74.7.241.0 - - [25/Sep/2026:00:28:35 +0200] "GET /index.php?loknya=/proc/thread-self/root/proc/thread-self/root/proc/thread-self/root/proc/thread-self/root/proc/thread-self/root/proc/thread-self/root/kunden/proc/thread-self/root/kunden/etc/init.d HTTP/1.1" 200 20283 www.gut-trechow.de "http://www.gut-trechow.de/index.php?loknya=/proc/thread-self/root/proc/thread-self/root/proc/thread-self/root/proc/thread-self/root/proc/thread-self/root/proc/thread-self/root/kunden/proc/thread-self/root/kunden/etc" "Mozilla/5.0 AppleWebKit/537.36 (KHTML, like Gecko; compatible; GPTBot/1.4; +https://openai.com/gptbot)" "-"
216.73.217.0 - - [25/Sep/2026:00:28:35 +0200] "GET /see/bewirtschaftung/?loknya=%2Fusr%2Fshare%2Fvim%2Fvim91%2F HTTP/1.1" 429 267 s818981589.online.de "-" "Mozilla/5.0 AppleWebKit/537.36 (KHTML, like Gecko; compatible; ClaudeBot/1.0; +claudebot@anthropic.com)" "-"
216.73.217.0 - - [25/Sep/2026:00:28:35 +0200] "GET /foerderkreis/fotogalerie/?lokasie=%2Flib%2Fpython3.13%2Fimportlib%2Fmetadata%2F_collections.py&loknya=%2Flib%2Fpython3.13%2Fimportlib%2Fmetadata HTTP/1.1" 429 267 s818981589.online.de "-" "Mozilla/5.0 AppleWebKit/537.36 (KHTML, like Gecko; compatible; ClaudeBot/1.0; +claudebot@anthropic.com)" "-"
216.73.217.0 - - [25/Sep/2026:00:28:35 +0200] "GET /see/bewirtschaftung/?loknya=%2Fusr%2Fshare%2Fvim%2Fvim91%2Fcolors%2Ftools HTTP/1.1" 429 267 s818981589.online.de "-" "Mozilla/5.0 AppleWebKit/537.36 (KHTML, like Gecko; compatible; ClaudeBot/1.0; +claudebot@anthropic.com)" "-"
216.73.217.0 - - [25/Sep/2026:00:28:35 +0200] "GET /burgensemble/?loknya=%2Fhomepages%2F13%2Fd818981593%2Fhtdocs%2FGutTrechow%2Fwp-includes%2Frest-api%2Fendpoints HTTP/1.1" 429 267 s818981589.online.de "-" "Mozilla/5.0 AppleWebKit/537.36 (KHTML, like Gecko; compatible; ClaudeBot/1.0; +claudebot@anthropic.com)" "-"
216.73.217.0 - - [25/Sep/2026:00:28:35 +0200] "GET /foerderkreis/fotogalerie/?lokasie=%2Flib%2Fpython3.13%2Fxml%2Fdom%2Fminicompat.py&loknya=%2Flib%2Fpython3.13%2Fxml%2Fdom HTTP/1.1" 429 267 s818981589.online.de "-" "Mozilla/5.0 AppleWebKit/537.36 (KHTML, like Gecko; compatible; ClaudeBot/1.0; +claudebot@anthropic.com)" "-"
216.73.217.0 - - [25/Sep/2026:00:28:35 +0200] "GET /burgensemble/?lokasie=%2Fhomepages%2F13%2Fd818981593%2Fhtdocs%2FGutTrechow%2Fwp-includes%2Frest-api%2Fclass-wp-rest-request.php&loknya=%2Fhomepages%2F13%2Fd818981593%2Fhtdocs%2FGutTrechow%2Fwp-includes%2Frest-api HTTP/1.1" 429 267 s818981589.online.de "-" "Mozilla/5.0 AppleWebKit/537.36 (KHTML, like Gecko; compatible; ClaudeBot/1.0; +claudebot@anthropic.com)" "-"
74.7.241.0 - - [25/Sep/2026:00:28:36 +0200] "GET /index.php?loknya=/proc/thread-self/root/proc/thread-self/root/proc/thread-self/root/proc/thread-self/root/proc/thread-self/root/proc/thread-self/root/proc/thread-self/root/lib/emacsen-common/packages HTTP/1.1" 200 13038 www.gut-trechow.de "http://www.gut-trechow.de/index.php?loknya=/proc/thread-self/root/proc/thread-self/root/proc/thread-self/root/proc/thread-self/root/proc/thread-self/root/proc/thread-self/root/proc/thread-self/root/lib/emacsen-common" "Mozilla/5.0 AppleWebKit/537.36 (KHTML, like Gecko; compatible; GPTBot/1.4; +https://openai.com/gptbot)" "-"
216.73.217.0 - - [25/Sep/2026:00:28:36 +0200] "GET /foerderkreis/fotogalerie/?lokasie=%2Flib%2Fpython3.13%2Fxml%2Fdom%2Fminidom.py&loknya=%2Flib%2Fpython3.13%2Fxml%2Fdom HTTP/1.1" 429 267 s818981589.online.de "-" "Mozilla/5.0 AppleWebKit/537.36 (KHTML, like Gecko; compatible; ClaudeBot/1.0; +claudebot@anthropic.com)" "-"
216.73.217.0 - - [25/Sep/2026:00:28:36 +0200] "GET /wald/?lokasie=%2Fhomepages%2F13%2Fd818981593%2Fhtdocs%2FGutTrechow%2Fwp-includes%2Fsodium_compat%2Fautoload-php7.php&loknya=%2Fhomepages%2F13%2Fd818981593%2Fhtdocs%2FGutTrechow%2Fwp-includes%2Fsodium_compat HTTP/1.1" 429 267 s818981589.online.de "-" "Mozilla/5.0 AppleWebKit/537.36 (KHTML, like Gecko; compatible; ClaudeBot/1.0; +claudebot@anthropic.com)" "-"
216.73.217.0 - - [25/Sep/2026:00:28:36 +0200] "GET /burgensemble/?lokasie=%2Fhomepages%2F13%2Fd818981593%2Fhtdocs%2FGutTrechow%2Fwp-includes%2Frest-api%2Fclass-wp-rest-server.php&loknya=%2Fhomepages%2F13%2Fd818981593%2Fhtdocs%2FGutTrechow%2Fwp-includes%2Frest-api HTTP/1.1" 429 267 s818981589.online.de "-" "Mozilla/5.0 AppleWebKit/537.36 (KHTML, like Gecko; compatible; ClaudeBot/1.0; +claudebot@anthropic.com)" "-"
216.73.217.0 - - [25/Sep/2026:00:28:36 +0200] "GET /foerderkreis/fotogalerie/?lokasie=%2Flib%2Fpython3.13%2Fxml%2Fdom%2Fdomreg.py&loknya=%2Flib%2Fpython3.13%2Fxml%2Fdom HTTP/1.1" 429 267 s818981589.online.de "-" "Mozilla/5.0 AppleWebKit/537.36 (KHTML, like Gecko; compatible; ClaudeBot/1.0; +claudebot@anthropic.com)" "-"
216.73.217.0 - - [25/Sep/2026:00:28:36 +0200] "GET /comments/feed/?lokasie=%2Fhomepages%2F13%2Fd818981593%2Fhtdocs%2FGutTrechow%2Fwp-admin%2Fincludes%2Fclass-wp-internal-pointers.php&loknya=%2Fhomepages%2F13%2Fd818981593%2Fhtdocs%2FGutTrechow%2Fwp-admin%2Fincludes HTTP/1.1" 429 267 s818981589.online.de "-" "Mozilla/5.0 AppleWebKit/537.36 (KHTML, like Gecko; compatible; ClaudeBot/1.0; +claudebot@anthropic.com)" "-"
216.73.217.0 - - [25/Sep/2026:00:28:36 +0200] "GET /feed/?lokasie=%2Fhomepages%2F13%2Fd818981593%2Fhtdocs%2FGutTrechow%2Fwp-admin%2Fincludes%2Fclass-wp-internal-pointers.php&loknya=%2Fhomepages%2F13%2Fd818981593%2Fhtdocs%2FGutTrechow%2Fwp-admin%2Fincludes HTTP/1.1" 429 267 s818981589.online.de "-" "Mozilla/5.0 AppleWebKit/537.36 (KHTML, like Gecko; compatible; ClaudeBot/1.0; +claudebot@anthropic.com)" "-"
216.73.217.0 - - [25/Sep/2026:00:28:36 +0200] "GET /foerderkreis/fotogalerie/?loknya=%2Flib%2Fpython3.13%2Fxml%2F HTTP/1.1" 429 267 s818981589.online.de "-" "Mozilla/5.0 AppleWebKit/537.36 (KHTML, like Gecko; compatible; ClaudeBot/1.0; +claudebot@anthropic.com)" "-"
216.73.217.0 - - [25/Sep/2026:00:28:36 +0200] "GET /see/bewirtschaftung/?lokasie=%2Fusr%2Fshare%2Fvim%2Fvim91%2Fcolors%2Fdefault.vim&loknya=%2Fusr%2Fshare%2Fvim%2Fvim91%2Fcolors HTTP/1.1" 429 267 s818981589.online.de "-" "Mozilla/5.0 AppleWebKit/537.36 (KHTML, like Gecko; compatible; ClaudeBot/1.0; +claudebot@anthropic.com)" "-"
74.7.241.0 - - [25/Sep/2026:00:28:37 +0200] "GET /index.php?loknya=/proc/thread-self/root/proc/thread-self/root/proc/thread-self/root/proc/thread-self/root/proc/thread-self/root/proc/thread-self/root/proc/thread-self/root/kunden/kunden/usr/libexec/emacs HTTP/1.1" 429 267 www.gut-trechow.de "http://www.gut-trechow.de/index.php?loknya=/proc/thread-self/root/proc/thread-self/root/proc/thread-self/root/proc/thread-self/root/proc/thread-self/root/proc/thread-self/root/proc/thread-self/root/kunden/kunden/usr/libexec" "Mozilla/5.0 AppleWebKit/537.36 (KHTML, like Gecko; compatible; GPTBot/1.4; +https://openai.com/gptbot)" "-"
74.7.241.0 - - [25/Sep/2026:00:28:37 +0200] "GET /index.php?loknya=/proc/thread-self/root/proc/thread-self/root/proc/thread-self/root/proc/thread-self/root/proc/thread-self/root/proc/thread-self/root/proc/thread-self/root/kunden/kunden/proc/thread-self/root/lib/diet/bin HTTP/1.1" 429 267 www.gut-trechow.de "http://www.gut-trechow.de/index.php?loknya=/proc/thread-self/root/proc/thread-self/root/proc/thread-self/root/proc/thread-self/root/proc/thread-self/root/proc/thread-self/root/proc/thread-self/root/kunden/kunden/proc/thread-self/root/lib/diet" "Mozilla/5.0 AppleWebKit/537.36 (KHTML, like Gecko; compatible; GPTBot/1.4; +https://openai.com/gptbot)" "-"
216.73.217.0 - - [25/Sep/2026:00:28:37 +0200] "GET /foerderkreis/fotogalerie/?loknya=%2Flib%2Fpython3.13%2Fimportlib%2F HTTP/1.1" 429 267 s818981589.online.de "-" "Mozilla/5.0 AppleWebKit/537.36 (KHTML, like Gecko; compatible; ClaudeBot/1.0; +claudebot@anthropic.com)" "-"
216.73.217.0 - - [25/Sep/2026:00:28:37 +0200] "GET /burgensemble/?lokasie=%2Fhomepages%2F13%2Fd818981593%2Fhtdocs%2FGutTrechow%2Fwp-includes%2Frest-api%2Fclass-wp-rest-response.php&loknya=%2Fhomepages%2F13%2Fd818981593%2Fhtdocs%2FGutTrechow%2Fwp-includes%2Frest-api HTTP/1.1" 429 267 s818981589.online.de "-" "Mozilla/5.0 AppleWebKit/537.36 (KHTML, like Gecko; compatible; ClaudeBot/1.0; +claudebot@anthropic.com)" "-"
216.73.217.0 - - [25/Sep/2026:00:28:37 +0200] "GET /feed/?lokasie=%2Fhomepages%2F13%2Fd818981593%2Fhtdocs%2FGutTrechow%2Fwp-admin%2Fincludes%2Fclass-wp-plugins-list-table.php&loknya=%2Fhomepages%2F13%2Fd818981593%2Fhtdocs%2FGutTrechow%2Fwp-admin%2Fincludes HTTP/1.1" 429 267 s818981589.online.de "-" "Mozilla/5.0 AppleWebKit/537.36 (KHTML, like Gecko; compatible; ClaudeBot/1.0; +claudebot@anthropic.com)" "-"
216.73.217.0 - - [25/Sep/2026:00:28:37 +0200] "GET /comments/feed/?lokasie=%2Fhomepages%2F13%2Fd818981593%2Fhtdocs%2FGutTrechow%2Fwp-admin%2Fincludes%2Fclass-wp-plugins-list-table.php&loknya=%2Fhomepages%2F13%2Fd818981593%2Fhtdocs%2FGutTrechow%2Fwp-admin%2Fincludes HTTP/1.1" 429 267 s818981589.online.de "-" "Mozilla/5.0 AppleWebKit/537.36 (KHTML, like Gecko; compatible; ClaudeBot/1.0; +claudebot@anthropic.com)" "-"
216.73.217.0 - - [25/Sep/2026:00:28:37 +0200] "GET /foerderkreis/fotogalerie/?loknya=%2Flib%2Fpython3.13%2Fconcurrent%2F HTTP/1.1" 429 267 s818981589.online.de "-" "Mozilla/5.0 AppleWebKit/537.36 (KHTML, like Gecko; compatible; ClaudeBot/1.0; +claudebot@anthropic.com)" "-"
216.73.217.0 - - [25/Sep/2026:00:28:37 +0200] "GET /feed/?lokasie=%2Fhomepages%2F13%2Fd818981593%2Fhtdocs%2FGutTrechow%2Fwp-admin%2Fincludes%2Fclass-custom-image-header.php&loknya=%2Fhomepages%2F13%2Fd818981593%2Fhtdocs%2FGutTrechow%2Fwp-admin%2Fincludes HTTP/1.1" 429 267 s818981589.online.de "-" "Mozilla/5.0 AppleWebKit/537.36 (KHTML, like Gecko; compatible; ClaudeBot/1.0; +claudebot@anthropic.com)" "-"
52.200.251.0 - - [25/Sep/2026:00:28:37 +0200] "GET /burgensemble/?loknya=/kunden/usr/share/perl5/Data HTTP/1.1" 429 267 s818981589.online.de "-" "Mozilla/5.0 AppleWebKit/537.36 (KHTML, like Gecko; compatible; Amazonbot/0.1; +https://developer.amazon.com/support/amazonbot) Chrome/119.0.6045.214 Safari/537.36" "-"
216.73.217.0 - - [25/Sep/2026:00:28:37 +0200] "GET /comments/feed/?lokasie=%2Fhomepages%2F13%2Fd818981593%2Fhtdocs%2FGutTrechow%2Fwp-admin%2Fincludes%2Fclass-custom-image-header.php&loknya=%2Fhomepages%2F13%2Fd818981593%2Fhtdocs%2FGutTrechow%2Fwp-admin%2Fincludes HTTP/1.1" 429 267 s818981589.online.de "-" "Mozilla/5.0 AppleWebKit/537.36 (KHTML, like Gecko; compatible; ClaudeBot/1.0; +claudebot@anthropic.com)" "-"
216.73.217.0 - - [25/Sep/2026:00:28:37 +0200] "GET /feed/?lokasie=%2Fhomepages%2F13%2Fd818981593%2Fhtdocs%2FGutTrechow%2Fwp-admin%2Fincludes%2Fclass-wp-filesystem-ssh2.php&loknya=%2Fhomepages%2F13%2Fd818981593%2Fhtdocs%2FGutTrechow%2Fwp-admin%2Fincludes HTTP/1.1" 429 267 s818981589.online.de "-" "Mozilla/5.0 AppleWebKit/537.36 (KHTML, like Gecko; compatible; ClaudeBot/1.0; +claudebot@anthropic.com)" "-"
216.73.217.0 - - [25/Sep/2026:00:28:37 +0200] "GET /comments/feed/?lokasie=%2Fhomepages%2F13%2Fd818981593%2Fhtdocs%2FGutTrechow%2Fwp-admin%2Fincludes%2Fclass-wp-filesystem-ssh2.php&loknya=%2Fhomepages%2F13%2Fd818981593%2Fhtdocs%2FGutTrechow%2Fwp-admin%2Fincludes HTTP/1.1" 429 267 s818981589.online.de "-" "Mozilla/5.0 AppleWebKit/537.36 (KHTML, like Gecko; compatible; ClaudeBot/1.0; +claudebot@anthropic.com)" "-"
74.7.241.0 - - [25/Sep/2026:00:28:38 +0200] "GET /index.php?loknya=/proc/thread-self/root/proc/thread-self/root/proc/thread-self/root/proc/thread-self/root/proc/thread-self/root/proc/thread-self/root/proc/thread-self/root/kunden/kunden/proc/thread-self/root/lib/sysctl.d HTTP/1.1" 429 267 www.gut-trechow.de "http://www.gut-trechow.de/index.php?loknya=/proc/thread-self/root/proc/thread-self/root/proc/thread-self/root/proc/thread-self/root/proc/thread-self/root/proc/thread-self/root/proc/thread-self/root/kunden/kunden/proc/thread-self/root/lib" "Mozilla/5.0 AppleWebKit/537.36 (KHTML, like Gecko; compatible; GPTBot/1.4; +https://openai.com/gptbot)" "-"
216.73.217.0 - - [25/Sep/2026:00:28:38 +0200] "GET /impressum/?loknya=%2Fhomepages%2F13%2Fd818981593%2Fhtdocs%2FGutTrechow%2Fwp-includes%2FRequests%2Flibrary HTTP/1.1" 429 267 s818981589.online.de "-" "Mozilla/5.0 AppleWebKit/537.36 (KHTML, like Gecko; compatible; ClaudeBot/1.0; +claudebot@anthropic.com)" "-"
216.73.217.0 - - [25/Sep/2026:00:28:38 +0200] "GET /burgensemble/projekte/?loknya=%2Fhomepages%2F13%2Fd818981593%2Fhtdocs%2FGutTrechow%2Fwp-includes%2FRequests%2Fsrc%2F HTTP/1.1" 429 267 s818981589.online.de "-" "Mozilla/5.0 AppleWebKit/537.36 (KHTML, like Gecko; compatible; ClaudeBot/1.0; +claudebot@anthropic.com)" "-"
216.73.217.0 - - [25/Sep/2026:00:28:38 +0200] "GET /feed/?lokasie=%2Fhomepages%2F13%2Fd818981593%2Fhtdocs%2FGutTrechow%2Fwp-admin%2Fincludes%2Fclass-wp-ms-users-list-table.php&loknya=%2Fhomepages%2F13%2Fd818981593%2Fhtdocs%2FGutTrechow%2Fwp-admin%2Fincludes HTTP/1.1" 429 267 s818981589.online.de "-" "Mozilla/5.0 AppleWebKit/537.36 (KHTML, like Gecko; compatible; ClaudeBot/1.0; +claudebot@anthropic.com)" "-"
74.7.243.0 - - [25/Sep/2026:00:28:38 +0200] "GET /index.php?loknya=/proc/thread-self/root/proc/thread-self/root/proc/thread-self/root/kunden/kunden/kunden/proc/thread-self/root/kunden/kunden/kunden/kunden/proc/thread-self/root/kunden/proc/thread-self/root/kunden/proc/ HTTP/1.1" 429 267 s818981589.online.de "http://s818981589.online.de/index.php?loknya=/proc/thread-self/root/proc/thread-self/root/proc/thread-self/root/kunden/kunden/kunden/proc/thread-self/root/kunden/kunden/kunden/kunden/proc/thread-self/root/kunden/proc/thread-self/root/kunden/proc/mpt" "Mozilla/5.0 AppleWebKit/537.36 (KHTML, like Gecko; compatible; GPTBot/1.4; +https://openai.com/gptbot)" "-"
216.73.217.0 - - [25/Sep/2026:00:28:38 +0200] "GET /feed/?lokasie=%2Fhomepages%2F13%2Fd818981593%2Fhtdocs%2FGutTrechow%2Fwp-admin%2Fincludes%2Fclass-wp-plugin-install-list-table.php&loknya=%2Fhomepages%2F13%2Fd818981593%2Fhtdocs%2FGutTrechow%2Fwp-admin%2Fincludes HTTP/1.1" 429 267 s818981589.online.de "-" "Mozilla/5.0 AppleWebKit/537.36 (KHTML, like Gecko; compatible; ClaudeBot/1.0; +claudebot@anthropic.com)" "-"
216.73.217.0 - - [25/Sep/2026:00:28:38 +0200] "GET /burgensemble/projekte/?lokasie=%2Fhomepages%2F13%2Fd818981593%2Fhtdocs%2FGutTrechow%2Fwp-content%2Fplugins%2Ffileorganizer%2Fmanager%2Fcss%2Ftheme.css&loknya=%2Fhomepages%2F13%2Fd818981593%2Fhtdocs%2FGutTrechow%2Fwp-content%2Fplugins%2Ffileorganizer%2Fmanager%2Fcss HTTP/1.1" 429 267 s818981589.online.de "-" "Mozilla/5.0 AppleWebKit/537.36 (KHTML, like Gecko; compatible; ClaudeBot/1.0; +claudebot@anthropic.com)" "-"
216.73.217.0 - - [25/Sep/2026:00:28:38 +0200] "GET /wald/?lokasie=%2Fhomepages%2F13%2Fd818981593%2Fhtdocs%2FGutTrechow%2Fwp-includes%2Fsodium_compat%2Fautoload.php&loknya=%2Fhomepages%2F13%2Fd818981593%2Fhtdocs%2FGutTrechow%2Fwp-includes%2Fsodium_compat HTTP/1.1" 429 267 s818981589.online.de "-" "Mozilla/5.0 AppleWebKit/537.36 (KHTML, like Gecko; compatible; ClaudeBot/1.0; +claudebot@anthropic.com)" "-"
216.73.217.0 - - [25/Sep/2026:00:28:38 +0200] "GET /feed/?lokasie=%2Fhomepages%2F13%2Fd818981593%2Fhtdocs%2FGutTrechow%2Fwp-admin%2Fincludes%2Fclass-wp-users-list-table.php&loknya=%2Fhomepages%2F13%2Fd818981593%2Fhtdocs%2FGutTrechow%2Fwp-admin%2Fincludes HTTP/1.1" 429 267 s818981589.online.de "-" "Mozilla/5.0 AppleWebKit/537.36 (KHTML, like Gecko; compatible; ClaudeBot/1.0; +claudebot@anthropic.com)" "-"
216.73.217.0 - - [25/Sep/2026:00:28:38 +0200] "GET /feed/?lokasie=%2Fhomepages%2F13%2Fd818981593%2Fhtdocs%2FGutTrechow%2Fwp-admin%2Fincludes%2Fclass-wp-posts-list-table.php&loknya=%2Fhomepages%2F13%2Fd818981593%2Fhtdocs%2FGutTrechow%2Fwp-admin%2Fincludes HTTP/1.1" 429 267 s818981589.online.de "-" "Mozilla/5.0 AppleWebKit/537.36 (KHTML, like Gecko; compatible; ClaudeBot/1.0; +claudebot@anthropic.com)" "-"
216.73.217.0 - - [25/Sep/2026:00:28:38 +0200] "GET /comments/feed/?lokasie=%2Fhomepages%2F13%2Fd818981593%2Fhtdocs%2FGutTrechow%2Fwp-admin%2Fincludes%2Fclass-wp-posts-list-table.php&loknya=%2Fhomepages%2F13%2Fd818981593%2Fhtdocs%2FGutTrechow%2Fwp-admin%2Fincludes HTTP/1.1" 429 267 s818981589.online.de "-" "Mozilla/5.0 AppleWebKit/537.36 (KHTML, like Gecko; compatible; ClaudeBot/1.0; +claudebot@anthropic.com)" "-"
216.73.217.0 - - [25/Sep/2026:00:28:38 +0200] "GET /comments/feed/?lokasie=%2Fhomepages%2F13%2Fd818981593%2Fhtdocs%2FGutTrechow%2Fwp-admin%2Fincludes%2Fclass-wp-users-list-table.php&loknya=%2Fhomepages%2F13%2Fd818981593%2Fhtdocs%2FGutTrechow%2Fwp-admin%2Fincludes HTTP/1.1" 429 267 s818981589.online.de "-" "Mozilla/5.0 AppleWebKit/537.36 (KHTML, like Gecko; compatible; ClaudeBot/1.0; +claudebot@anthropic.com)" "-"
216.73.217.0 - - [25/Sep/2026:00:28:38 +0200] "GET /feed/?lokasie=%2Fhomepages%2F13%2Fd818981593%2Fhtdocs%2FGutTrechow%2Fwp-admin%2Fincludes%2Fclass-wp-post-comments-list-table.php&loknya=%2Fhomepages%2F13%2Fd818981593%2Fhtdocs%2FGutTrechow%2Fwp-admin%2Fincludes HTTP/1.1" 429 267 s818981589.online.de "-" "Mozilla/5.0 AppleWebKit/537.36 (KHTML, like Gecko; compatible; ClaudeBot/1.0; +claudebot@anthropic.com)" "-"
74.7.241.0 - - [25/Sep/2026:00:28:39 +0200] "GET /index.php?loknya=/proc/thread-self/root/proc/thread-self/root/proc/thread-self/root/proc/thread-self/root/proc/thread-self/root/proc/thread-self/root/proc/thread-self/root/kunden/etc/apparmor.d/ HTTP/1.1" 429 267 www.gut-trechow.de "http://www.gut-trechow.de/index.php?loknya=/proc/thread-self/root/proc/thread-self/root/proc/thread-self/root/proc/thread-self/root/proc/thread-self/root/proc/thread-self/root/proc/thread-self/root/kunden/etc/apparmor.d/disable" "Mozilla/5.0 AppleWebKit/537.36 (KHTML, like Gecko; compatible; GPTBot/1.4; +https://openai.com/gptbot)" "-"
216.73.217.0 - - [25/Sep/2026:00:28:39 +0200] "GET /wald/?loknya=%2Fhomepages%2F13%2Fd818981593%2Fhtdocs%2FGutTrechow%2Fwp-includes%2Fsodium_compat%2Flib HTTP/1.1" 429 267 s818981589.online.de "-" "Mozilla/5.0 AppleWebKit/537.36 (KHTML, like Gecko; compatible; ClaudeBot/1.0; +claudebot@anthropic.com)" "-"
216.73.217.0 - - [25/Sep/2026:00:28:39 +0200] "GET /wald/?loknya=%2Fhomepages%2F13%2Fd818981593%2Fhtdocs%2FGutTrechow%2Fwp-includes%2Fsodium_compat%2Fnamespaced HTTP/1.1" 429 267 s818981589.online.de "-" "Mozilla/5.0 AppleWebKit/537.36 (KHTML, like Gecko; compatible; ClaudeBot/1.0; +claudebot@anthropic.com)" "-"
216.73.217.0 - - [25/Sep/2026:00:28:39 +0200] "GET /burgensemble/projekte/?lokasie=%2Fhomepages%2F13%2Fd818981593%2Fhtdocs%2FGutTrechow%2Fwp-includes%2FRequests%2Fsrc%2FResponse%2FHeaders.php&loknya=%2Fhomepages%2F13%2Fd818981593%2Fhtdocs%2FGutTrechow%2Fwp-includes%2FRequests%2Fsrc%2FResponse HTTP/1.1" 429 267 s818981589.online.de "-" "Mozilla/5.0 AppleWebKit/537.36 (KHTML, like Gecko; compatible; ClaudeBot/1.0; +claudebot@anthropic.com)" "-"
216.73.217.0 - - [25/Sep/2026:00:28:39 +0200] "GET /see/bewirtschaftung/?lokasie=%2Fusr%2Fshare%2Fvim%2Fvim91%2Fcolors%2Fmurphy.vim&loknya=%2Fusr%2Fshare%2Fvim%2Fvim91%2Fcolors HTTP/1.1" 429 267 s818981589.online.de "-" "Mozilla/5.0 AppleWebKit/537.36 (KHTML, like Gecko; compatible; ClaudeBot/1.0; +claudebot@anthropic.com)" "-"
216.73.217.0 - - [25/Sep/2026:00:28:39 +0200] "GET /feed/?lokasie=%2Fhomepages%2F13%2Fd818981593%2Fhtdocs%2FGutTrechow%2Fwp-admin%2Fincludes%2Fplugin.php&loknya=%2Fhomepages%2F13%2Fd818981593%2Fhtdocs%2FGutTrechow%2Fwp-admin%2Fincludes HTTP/1.1" 429 267 s818981589.online.de "-" "Mozilla/5.0 AppleWebKit/537.36 (KHTML, like Gecko; compatible; ClaudeBot/1.0; +claudebot@anthropic.com)" "-"
216.73.217.0 - - [25/Sep/2026:00:28:39 +0200] "GET /comments/feed/?lokasie=%2Fhomepages%2F13%2Fd818981593%2Fhtdocs%2FGutTrechow%2Fwp-admin%2Fincludes%2Fplugin.php&loknya=%2Fhomepages%2F13%2Fd818981593%2Fhtdocs%2FGutTrechow%2Fwp-admin%2Fincludes HTTP/1.1" 429 267 s818981589.online.de "-" "Mozilla/5.0 AppleWebKit/537.36 (KHTML, like Gecko; compatible; ClaudeBot/1.0; +claudebot@anthropic.com)" "-"
216.73.217.0 - - [25/Sep/2026:00:28:39 +0200] "GET /feed/?lokasie=%2Fhomepages%2F13%2Fd818981593%2Fhtdocs%2FGutTrechow%2Fwp-includes%2FID3%2Fmodule.audio.dts.php&loknya=%2Fhomepages%2F13%2Fd818981593%2Fhtdocs%2FGutTrechow%2Fwp-includes%2FID3 HTTP/1.1" 429 267 s818981589.online.de "-" "Mozilla/5.0 AppleWebKit/537.36 (KHTML, like Gecko; compatible; ClaudeBot/1.0; +claudebot@anthropic.com)" "-"
216.73.217.0 - - [25/Sep/2026:00:28:39 +0200] "GET /feed/?lokasie=%2Fhomepages%2F13%2Fd818981593%2Fhtdocs%2FGutTrechow%2Fwp-admin%2Fincludes%2Fclass-wp-filesystem-base.php&loknya=%2Fhomepages%2F13%2Fd818981593%2Fhtdocs%2FGutTrechow%2Fwp-admin%2Fincludes HTTP/1.1" 429 267 s818981589.online.de "-" "Mozilla/5.0 AppleWebKit/537.36 (KHTML, like Gecko; compatible; ClaudeBot/1.0; +claudebot@anthropic.com)" "-"
216.73.217.0 - - [25/Sep/2026:00:28:39 +0200] "GET /comments/feed/?lokasie=%2Fhomepages%2F13%2Fd818981593%2Fhtdocs%2FGutTrechow%2Fwp-admin%2Fincludes%2Fclass-wp-filesystem-base.php&loknya=%2Fhomepages%2F13%2Fd818981593%2Fhtdocs%2FGutTrechow%2Fwp-admin%2Fincludes HTTP/1.1" 429 267 s818981589.online.de "-" "Mozilla/5.0 AppleWebKit/537.36 (KHTML, like Gecko; compatible; ClaudeBot/1.0; +claudebot@anthropic.com)" "-"
216.73.217.0 - - [25/Sep/2026:00:28:39 +0200] "GET /burgensemble/?loknya=%2Fhomepages%2F13%2Fd818981593%2Fhtdocs%2FGutTrechow%2Fwp-includes%2Frest-api%2Fsearch HTTP/1.1" 429 267 s818981589.online.de "-" "Mozilla/5.0 AppleWebKit/537.36 (KHTML, like Gecko; compatible; ClaudeBot/1.0; +claudebot@anthropic.com)" "-"
216.73.217.0 - - [25/Sep/2026:00:28:39 +0200] "GET /feed/?lokasie=%2Fhomepages%2F13%2Fd818981593%2Fhtdocs%2FGutTrechow%2Fwp-admin%2Fincludes%2Fplugin-install.php&loknya=%2Fhomepages%2F13%2Fd818981593%2Fhtdocs%2FGutTrechow%2Fwp-admin%2Fincludes HTTP/1.1" 429 267 s818981589.online.de "-" "Mozilla/5.0 AppleWebKit/537.36 (KHTML, like Gecko; compatible; ClaudeBot/1.0; +claudebot@anthropic.com)" "-"
216.73.217.0 - - [25/Sep/2026:00:28:40 +0200] "GET /feed/?lokasie=%2Fhomepages%2F13%2Fd818981593%2Fhtdocs%2FGutTrechow%2Fwp-admin%2Fincludes%2Fclass-wp-filesystem-ftpsockets.php&loknya=%2Fhomepages%2F13%2Fd818981593%2Fhtdocs%2FGutTrechow%2Fwp-admin%2Fincludes HTTP/1.1" 429 267 s818981589.online.de "-" "Mozilla/5.0 AppleWebKit/537.36 (KHTML, like Gecko; compatible; ClaudeBot/1.0; +claudebot@anthropic.com)" "-"
216.73.217.0 - - [25/Sep/2026:00:28:40 +0200] "GET /comments/feed/?lokasie=%2Fhomepages%2F13%2Fd818981593%2Fhtdocs%2FGutTrechow%2Fwp-admin%2Fincludes%2Fplugin-install.php&loknya=%2Fhomepages%2F13%2Fd818981593%2Fhtdocs%2FGutTrechow%2Fwp-admin%2Fincludes HTTP/1.1" 429 267 s818981589.online.de "-" "Mozilla/5.0 AppleWebKit/537.36 (KHTML, like Gecko; compatible; ClaudeBot/1.0; +claudebot@anthropic.com)" "-"
216.73.217.0 - - [25/Sep/2026:00:28:40 +0200] "GET /comments/feed/?lokasie=%2Fhomepages%2F13%2Fd818981593%2Fhtdocs%2FGutTrechow%2Fwp-admin%2Fincludes%2Fclass-wp-filesystem-ftpsockets.php&loknya=%2Fhomepages%2F13%2Fd818981593%2Fhtdocs%2FGutTrechow%2Fwp-admin%2Fincludes HTTP/1.1" 429 267 s818981589.online.de "-" "Mozilla/5.0 AppleWebKit/537.36 (KHTML, like Gecko; compatible; ClaudeBot/1.0; +claudebot@anthropic.com)" "-"
216.73.217.0 - - [25/Sep/2026:00:28:40 +0200] "GET /feed/?lokasie=%2Fhomepages%2F13%2Fd818981593%2Fhtdocs%2FGutTrechow%2Fwp-includes%2Fblock-bindings%2Fterm-data.php&loknya=%2Fhomepages%2F13%2Fd818981593%2Fhtdocs%2FGutTrechow%2Fwp-includes%2Fblock-bindings HTTP/1.1" 429 267 s818981589.online.de "-" "Mozilla/5.0 AppleWebKit/537.36 (KHTML, like Gecko; compatible; ClaudeBot/1.0; +claudebot@anthropic.com)" "-"
216.73.217.0 - - [25/Sep/2026:00:28:40 +0200] "GET /see/bewirtschaftung/?lokasie=%2Fusr%2Fshare%2Fvim%2Fvim91%2Fcolors%2Funokai.vim&loknya=%2Fusr%2Fshare%2Fvim%2Fvim91%2Fcolors HTTP/1.1" 429 267 s818981589.online.de "-" "Mozilla/5.0 AppleWebKit/537.36 (KHTML, like Gecko; compatible; ClaudeBot/1.0; +claudebot@anthropic.com)" "-"
216.73.217.0 - - [25/Sep/2026:00:28:40 +0200] "GET /see/bewirtschaftung/?lokasie=%2Fusr%2Fshare%2Fvim%2Fvim91%2Fcolors%2Findustry.vim&loknya=%2Fusr%2Fshare%2Fvim%2Fvim91%2Fcolors HTTP/1.1" 429 267 s818981589.online.de "-" "Mozilla/5.0 AppleWebKit/537.36 (KHTML, like Gecko; compatible; ClaudeBot/1.0; +claudebot@anthropic.com)" "-"
216.73.217.0 - - [25/Sep/2026:00:28:40 +0200] "GET /feed/?lokasie=%2Fhomepages%2F13%2Fd818981593%2Fhtdocs%2FGutTrechow%2Fwp-includes%2FID3%2Fmodule.audio.ac3.php&loknya=%2Fhomepages%2F13%2Fd818981593%2Fhtdocs%2FGutTrechow%2Fwp-includes%2FID3 HTTP/1.1" 429 267 s818981589.online.de "-" "Mozilla/5.0 AppleWebKit/537.36 (KHTML, like Gecko; compatible; ClaudeBot/1.0; +claudebot@anthropic.com)" "-"
216.73.217.0 - - [25/Sep/2026:00:28:40 +0200] "GET /feed/?lokasie=%2Fhomepages%2F13%2Fd818981593%2Fhtdocs%2FGutTrechow%2Fwp-admin%2Fincludes%2Fclass-wp-screen.php&loknya=%2Fhomepages%2F13%2Fd818981593%2Fhtdocs%2FGutTrechow%2Fwp-admin%2Fincludes HTTP/1.1" 429 267 s818981589.online.de "-" "Mozilla/5.0 AppleWebKit/537.36 (KHTML, like Gecko; compatible; ClaudeBot/1.0; +claudebot@anthropic.com)" "-"
216.73.217.0 - - [25/Sep/2026:00:28:40 +0200] "GET /feed/?lokasie=%2Fhomepages%2F13%2Fd818981593%2Fhtdocs%2FGutTrechow%2Fwp-admin%2Fincludes%2Fclass-plugin-upgrader.php&loknya=%2Fhomepages%2F13%2Fd818981593%2Fhtdocs%2FGutTrechow%2Fwp-admin%2Fincludes HTTP/1.1" 429 267 s818981589.online.de "-" "Mozilla/5.0 AppleWebKit/537.36 (KHTML, like Gecko; compatible; ClaudeBot/1.0; +claudebot@anthropic.com)" "-"
216.73.217.0 - - [25/Sep/2026:00:28:40 +0200] "GET /feed/?lokasie=%2Fhomepages%2F13%2Fd818981593%2Fhtdocs%2FGutTrechow%2Fwp-includes%2FID3%2Fmodule.audio-video.quicktime.php&loknya=%2Fhomepages%2F13%2Fd818981593%2Fhtdocs%2FGutTrechow%2Fwp-includes%2FID3 HTTP/1.1" 429 267 s818981589.online.de "-" "Mozilla/5.0 AppleWebKit/537.36 (KHTML, like Gecko; compatible; ClaudeBot/1.0; +claudebot@anthropic.com)" "-"
216.73.217.0 - - [25/Sep/2026:00:28:40 +0200] "GET /feed/?lokasie=%2Fhomepages%2F13%2Fd818981593%2Fhtdocs%2FGutTrechow%2Fwp-admin%2Fincludes%2Fclass-wp-comments-list-table.php&loknya=%2Fhomepages%2F13%2Fd818981593%2Fhtdocs%2FGutTrechow%2Fwp-admin%2Fincludes HTTP/1.1" 429 267 s818981589.online.de "-" "Mozilla/5.0 AppleWebKit/537.36 (KHTML, like Gecko; compatible; ClaudeBot/1.0; +claudebot@anthropic.com)" "-"
74.7.241.0 - - [25/Sep/2026:00:28:41 +0200] "GET /index.php?loknya=/proc/thread-self/root/proc/thread-self/root/proc/thread-self/root/proc/thread-self/root/proc/thread-self/root/proc/thread-self/root/proc/thread-self/root/kunden/kunden/proc/thread-self/root/usr/include/mtd HTTP/1.1" 429 267 www.gut-trechow.de "http://www.gut-trechow.de/index.php?loknya=/proc/thread-self/root/proc/thread-self/root/proc/thread-self/root/proc/thread-self/root/proc/thread-self/root/proc/thread-self/root/proc/thread-self/root/kunden/kunden/proc/thread-self/root/usr/include" "Mozilla/5.0 AppleWebKit/537.36 (KHTML, like Gecko; compatible; GPTBot/1.4; +https://openai.com/gptbot)" "-"
216.73.217.0 - - [25/Sep/2026:00:28:41 +0200] "GET /comments/feed/?lokasie=%2Fhomepages%2F13%2Fd818981593%2Fhtdocs%2FGutTrechow%2Fwp-admin%2Fincludes%2Fclass-wp-screen.php&loknya=%2Fhomepages%2F13%2Fd818981593%2Fhtdocs%2FGutTrechow%2Fwp-admin%2Fincludes HTTP/1.1" 429 267 s818981589.online.de "-" "Mozilla/5.0 AppleWebKit/537.36 (KHTML, like Gecko; compatible; ClaudeBot/1.0; +claudebot@anthropic.com)" "-"
216.73.217.0 - - [25/Sep/2026:00:28:41 +0200] "GET /comments/feed/?lokasie=%2Fhomepages%2F13%2Fd818981593%2Fhtdocs%2FGutTrechow%2Fwp-admin%2Fincludes%2Fclass-plugin-upgrader.php&loknya=%2Fhomepages%2F13%2Fd818981593%2Fhtdocs%2FGutTrechow%2Fwp-admin%2Fincludes HTTP/1.1" 429 267 s818981589.online.de "-" "Mozilla/5.0 AppleWebKit/537.36 (KHTML, like Gecko; compatible; ClaudeBot/1.0; +claudebot@anthropic.com)" "-"
216.73.217.0 - - [25/Sep/2026:00:28:41 +0200] "GET /comments/feed/?lokasie=%2Fhomepages%2F13%2Fd818981593%2Fhtdocs%2FGutTrechow%2Fwp-admin%2Fincludes%2Fclass-wp-comments-list-table.php&loknya=%2Fhomepages%2F13%2Fd818981593%2Fhtdocs%2FGutTrechow%2Fwp-admin%2Fincludes HTTP/1.1" 429 267 s818981589.online.de "-" "Mozilla/5.0 AppleWebKit/537.36 (KHTML, like Gecko; compatible; ClaudeBot/1.0; +claudebot@anthropic.com)" "-"
216.73.217.0 - - [25/Sep/2026:00:28:41 +0200] "GET /feed/?lokasie=%2Fhomepages%2F13%2Fd818981593%2Fhtdocs%2FGutTrechow%2Fwp-includes%2FID3%2Fmodule.audio.mp3.php&loknya=%2Fhomepages%2F13%2Fd818981593%2Fhtdocs%2FGutTrechow%2Fwp-includes%2FID3 HTTP/1.1" 429 267 s818981589.online.de "-" "Mozilla/5.0 AppleWebKit/537.36 (KHTML, like Gecko; compatible; ClaudeBot/1.0; +claudebot@anthropic.com)" "-"
216.73.217.0 - - [25/Sep/2026:00:28:41 +0200] "GET /see/bewirtschaftung/?loknya=%2Fusr%2Fshare%2Fvim%2Fvim91%2Fcolors%2Flists HTTP/1.1" 429 267 s818981589.online.de "-" "Mozilla/5.0 AppleWebKit/537.36 (KHTML, like Gecko; compatible; ClaudeBot/1.0; +claudebot@anthropic.com)" "-"
216.73.217.0 - - [25/Sep/2026:00:28:41 +0200] "GET /feed/?lokasie=%2Fhomepages%2F13%2Fd818981593%2Fhtdocs%2FGutTrechow%2Fwp-admin%2Fincludes%2Fadmin.php&loknya=%2Fhomepages%2F13%2Fd818981593%2Fhtdocs%2FGutTrechow%2Fwp-admin%2Fincludes HTTP/1.1" 429 267 s818981589.online.de "-" "Mozilla/5.0 AppleWebKit/537.36 (KHTML, like Gecko; compatible; ClaudeBot/1.0; +claudebot@anthropic.com)" "-"
216.73.217.0 - - [25/Sep/2026:00:28:41 +0200] "GET /feed/?lokasie=%2Fhomepages%2F13%2Fd818981593%2Fhtdocs%2FGutTrechow%2Fwp-admin%2Fincludes%2Fclass-wp-list-table-compat.php&loknya=%2Fhomepages%2F13%2Fd818981593%2Fhtdocs%2FGutTrechow%2Fwp-admin%2Fincludes HTTP/1.1" 429 267 s818981589.online.de "-" "Mozilla/5.0 AppleWebKit/537.36 (KHTML, like Gecko; compatible; ClaudeBot/1.0; +claudebot@anthropic.com)" "-"
216.73.217.0 - - [25/Sep/2026:00:28:41 +0200] "GET /comments/feed/?lokasie=%2Fhomepages%2F13%2Fd818981593%2Fhtdocs%2FGutTrechow%2Fwp-admin%2Fincludes%2Fadmin.php&loknya=%2Fhomepages%2F13%2Fd818981593%2Fhtdocs%2FGutTrechow%2Fwp-admin%2Fincludes HTTP/1.1" 429 267 s818981589.online.de "-" "Mozilla/5.0 AppleWebKit/537.36 (KHTML, like Gecko; compatible; ClaudeBot/1.0; +claudebot@anthropic.com)" "-"
216.73.217.0 - - [25/Sep/2026:00:28:41 +0200] "GET /comments/feed/?lokasie=%2Fhomepages%2F13%2Fd818981593%2Fhtdocs%2FGutTrechow%2Fwp-admin%2Fincludes%2Fclass-wp-list-table-compat.php&loknya=%2Fhomepages%2F13%2Fd818981593%2Fhtdocs%2FGutTrechow%2Fwp-admin%2Fincludes HTTP/1.1" 429 267 s818981589.online.de "-" "Mozilla/5.0 AppleWebKit/537.36 (KHTML, like Gecko; compatible; ClaudeBot/1.0; +claudebot@anthropic.com)" "-"
216.73.217.0 - - [25/Sep/2026:00:28:41 +0200] "GET /see/bewirtschaftung/?lokasie=%2Fusr%2Fshare%2Fvim%2Fvim91%2Fcolors%2Fron.vim&loknya=%2Fusr%2Fshare%2Fvim%2Fvim91%2Fcolors HTTP/1.1" 429 267 s818981589.online.de "-" "Mozilla/5.0 AppleWebKit/537.36 (KHTML, like Gecko; compatible; ClaudeBot/1.0; +claudebot@anthropic.com)" "-"
216.73.217.0 - - [25/Sep/2026:00:28:41 +0200] "GET /feed/?lokasie=%2Fhomepages%2F13%2Fd818981593%2Fhtdocs%2FGutTrechow%2Fwp-includes%2FID3%2Fmodule.audio.flac.php&loknya=%2Fhomepages%2F13%2Fd818981593%2Fhtdocs%2FGutTrechow%2Fwp-includes%2FID3 HTTP/1.1" 429 267 s818981589.online.de "-" "Mozilla/5.0 AppleWebKit/537.36 (KHTML, like Gecko; compatible; ClaudeBot/1.0; +claudebot@anthropic.com)" "-"
34.194.95.0 - - [25/Sep/2026:00:28:41 +0200] "GET /burgensemble/?lokasie=/kunden/usr/include/linux/in_route.h&loknya=/kunden/usr/include/linux HTTP/1.1" 200 5061 s818981589.online.de "-" "Mozilla/5.0 AppleWebKit/537.36 (KHTML, like Gecko; compatible; Amazonbot/0.1; +https://developer.amazon.com/support/amazonbot) Chrome/119.0.6045.214 Safari/537.36" "-"
216.73.217.0 - - [25/Sep/2026:00:28:42 +0200] "GET /feed/?lokasie=%2Fhomepages%2F13%2Fd818981593%2Fhtdocs%2FGutTrechow%2Fwp-includes%2Fblock-bindings%2Fpost-data.php&loknya=%2Fhomepages%2F13%2Fd818981593%2Fhtdocs%2FGutTrechow%2Fwp-includes%2Fblock-bindings HTTP/1.1" 429 267 s818981589.online.de "-" "Mozilla/5.0 AppleWebKit/537.36 (KHTML, like Gecko; compatible; ClaudeBot/1.0; +claudebot@anthropic.com)" "-"
216.73.217.0 - - [25/Sep/2026:00:28:42 +0200] "GET /see/bewirtschaftung/?lokasie=%2Fusr%2Fshare%2Fvim%2Fvim91%2Fcolors%2Fevening.vim&loknya=%2Fusr%2Fshare%2Fvim%2Fvim91%2Fcolors HTTP/1.1" 429 267 s818981589.online.de "-" "Mozilla/5.0 AppleWebKit/537.36 (KHTML, like Gecko; compatible; ClaudeBot/1.0; +claudebot@anthropic.com)" "-"
