74.7.241.0 - - [25/Sep/2026:00:19:25 +0200] "GET /index.php?lokasie=/proc/thread-self/root/proc/thread-self/root/proc/thread-self/root/proc/thread-self/root/proc/thread-self/root/proc/thread-self/root/proc/thread-self/root/kunden/kunden/proc/thread-self/root/kunden/bin/md5sum&loknya=/proc/thread-self/root/proc/thread-self/root/proc/thread-self/root/proc/thread-self/root/proc/thread-self/root/proc/thread-self/root/proc/thread-self/root/kunden/kunden/proc/thread-self/root/kunden/bin HTTP/1.1" 200 85172 www.gut-trechow.de "http://www.gut-trechow.de/index.php?loknya=/proc/thread-self/root/proc/thread-self/root/proc/thread-self/root/proc/thread-self/root/proc/thread-self/root/proc/thread-self/root/proc/thread-self/root/kunden/kunden/proc/thread-self/root/kunden/bin" "Mozilla/5.0 AppleWebKit/537.36 (KHTML, like Gecko; compatible; GPTBot/1.4; +https://openai.com/gptbot)" "-"
216.73.216.0 - - [25/Sep/2026:00:19:25 +0200] "GET /index-20922.html?lokasie=%2Fproc%2Fthread-self%2Froot%2Fproc%2Firq%2F356%2Faffinity_hint&loknya=%2Fproc%2Fthread-self%2Froot%2Fproc%2Firq%2F356 HTTP/1.1" 200 4302 www.gut-trechow.de "-" "Mozilla/5.0 AppleWebKit/537.36 (KHTML, like Gecko; compatible; ClaudeBot/1.0; +claudebot@anthropic.com)" "-"
216.73.216.0 - - [25/Sep/2026:00:19:25 +0200] "GET /index-20922.html?loknya=%2Fproc%2Fthread-self%2Froot%2Fproc%2Firq%2F329%2Fi40e-eth1-TxRx-77 HTTP/1.1" 200 5527 www.gut-trechow.de "-" "Mozilla/5.0 AppleWebKit/537.36 (KHTML, like Gecko; compatible; ClaudeBot/1.0; +claudebot@anthropic.com)" "-"
74.7.243.0 - - [25/Sep/2026:00:19:25 +0200] "GET /index.php?loknya=/proc/thread-self/root/proc/thread-self/root/proc/thread-self/root/kunden/kunden/kunden/kunden/kunden/kunden/proc/thread-self/root/proc/thread-self/root/kunden/proc/thread-self/root/kunden/usr/libexec/dpkg HTTP/1.1" 200 13748 s818981589.online.de "http://s818981589.online.de/index.php?loknya=/proc/thread-self/root/proc/thread-self/root/proc/thread-self/root/kunden/kunden/kunden/kunden/kunden/kunden/proc/thread-self/root/proc/thread-self/root/kunden/proc/thread-self/root/kunden/usr/libexec" "Mozilla/5.0 AppleWebKit/537.36 (KHTML, like Gecko; compatible; GPTBot/1.4; +https://openai.com/gptbot)" "-"
3.216.227.0 - - [25/Sep/2026:00:19:25 +0200] "GET /burgensemble/?lokasie=/usr/lib/locale/ha_NG/LC_MEASUREMENT&loknya=/usr/lib/locale/ha_NG HTTP/1.1" 200 4127 s818981589.online.de "-" "Mozilla/5.0 AppleWebKit/537.36 (KHTML, like Gecko; compatible; Amazonbot/0.1; +https://developer.amazon.com/support/amazonbot) Chrome/119.0.6045.214 Safari/537.36" "-"
216.73.216.0 - - [25/Sep/2026:00:19:26 +0200] "GET /index-20922.html?lokasie=%2Fproc%2Fthread-self%2Froot%2Fproc%2Firq%2F252%2Fsmp_affinity_list&loknya=%2Fproc%2Fthread-self%2Froot%2Fproc%2Firq%2F252 HTTP/1.1" 200 4423 www.gut-trechow.de "-" "Mozilla/5.0 AppleWebKit/537.36 (KHTML, like Gecko; compatible; ClaudeBot/1.0; +claudebot@anthropic.com)" "-"
74.7.243.0 - - [25/Sep/2026:00:19:26 +0200] "GET /index.php?loknya=/proc/thread-self/root/proc/thread-self/root/proc/thread-self/root/kunden/kunden/kunden/kunden/kunden/kunden/proc/thread-self/root/proc/thread-self/root/kunden/proc/thread-self/root/kunden/kunden/kunden HTTP/1.1" 200 46190 s818981589.online.de "http://s818981589.online.de/index.php?loknya=/proc/thread-self/root/proc/thread-self/root/proc/thread-self/root/kunden/kunden/kunden/kunden/kunden/kunden/proc/thread-self/root/proc/thread-self/root/kunden/proc/thread-self/root/kunden/kunden" "Mozilla/5.0 AppleWebKit/537.36 (KHTML, like Gecko; compatible; GPTBot/1.4; +https://openai.com/gptbot)" "-"
216.73.216.0 - - [25/Sep/2026:00:19:27 +0200] "GET /index-20922.html?lokasie=%2Fproc%2Fthread-self%2Froot%2Fproc%2Firq%2F33%2Fsmp_affinity_list&loknya=%2Fproc%2Fthread-self%2Froot%2Fproc%2Firq%2F33 HTTP/1.1" 200 4269 www.gut-trechow.de "-" "Mozilla/5.0 AppleWebKit/537.36 (KHTML, like Gecko; compatible; ClaudeBot/1.0; +claudebot@anthropic.com)" "-"
216.73.216.0 - - [25/Sep/2026:00:19:27 +0200] "GET /index-20922.html?lokasie=%2Fproc%2Fthread-self%2Froot%2Fproc%2Firq%2F343%2Fsmp_affinity_list&loknya=%2Fproc%2Fthread-self%2Froot%2Fproc%2Firq%2F343 HTTP/1.1" 200 4423 www.gut-trechow.de "-" "Mozilla/5.0 AppleWebKit/537.36 (KHTML, like Gecko; compatible; ClaudeBot/1.0; +claudebot@anthropic.com)" "-"
74.7.243.0 - - [25/Sep/2026:00:19:27 +0200] "GET /index.php?loknya=/proc/thread-self/root/proc/thread-self/root/proc/thread-self/root/kunden/kunden/kunden/kunden/kunden/kunden/proc/thread-self/root/proc/thread-self/root/kunden/proc/thread-self/root/kunden/kunden/root HTTP/1.1" 200 9348 s818981589.online.de "http://s818981589.online.de/index.php?loknya=/proc/thread-self/root/proc/thread-self/root/proc/thread-self/root/kunden/kunden/kunden/kunden/kunden/kunden/proc/thread-self/root/proc/thread-self/root/kunden/proc/thread-self/root/kunden/kunden" "Mozilla/5.0 AppleWebKit/537.36 (KHTML, like Gecko; compatible; GPTBot/1.4; +https://openai.com/gptbot)" "-"
216.73.216.0 - - [25/Sep/2026:00:19:28 +0200] "GET /index-20922.html?lokasie=%2Fproc%2Fthread-self%2Froot%2Fproc%2Firq%2F140%2Fsmp_affinity_list&loknya=%2Fproc%2Fthread-self%2Froot%2Fproc%2Firq%2F140 HTTP/1.1" 200 4423 www.gut-trechow.de "-" "Mozilla/5.0 AppleWebKit/537.36 (KHTML, like Gecko; compatible; ClaudeBot/1.0; +claudebot@anthropic.com)" "-"
216.73.216.0 - - [25/Sep/2026:00:19:28 +0200] "GET /index-20922.html?lokasie=%2Fproc%2Fthread-self%2Froot%2Fproc%2Firq%2F124%2Faffinity_hint&loknya=%2Fproc%2Fthread-self%2Froot%2Fproc%2Firq%2F124 HTTP/1.1" 200 4302 www.gut-trechow.de "-" "Mozilla/5.0 AppleWebKit/537.36 (KHTML, like Gecko; compatible; ClaudeBot/1.0; +claudebot@anthropic.com)" "-"
74.7.243.0 - - [25/Sep/2026:00:19:28 +0200] "GET /index.php?loknya=/proc/thread-self/root/proc/thread-self/root/proc/thread-self/root/kunden/kunden/kunden/kunden/kunden/kunden/proc/thread-self/root/proc/thread-self/root/kunden/proc/thread-self/root/kunden/kunden/opt HTTP/1.1" 200 9349 s818981589.online.de "http://s818981589.online.de/index.php?loknya=/proc/thread-self/root/proc/thread-self/root/proc/thread-self/root/kunden/kunden/kunden/kunden/kunden/kunden/proc/thread-self/root/proc/thread-self/root/kunden/proc/thread-self/root/kunden/kunden" "Mozilla/5.0 AppleWebKit/537.36 (KHTML, like Gecko; compatible; GPTBot/1.4; +https://openai.com/gptbot)" "-"
74.7.243.0 - - [25/Sep/2026:00:19:29 +0200] "GET /index.php?loknya=/proc/thread-self/root/proc/thread-self/root/proc/thread-self/root/kunden/kunden/kunden/kunden/kunden/kunden/proc/thread-self/root/proc/thread-self/root/kunden/proc/thread-self/root/kunden/kunden/etc HTTP/1.1" 200 269084 s818981589.online.de "http://s818981589.online.de/index.php?loknya=/proc/thread-self/root/proc/thread-self/root/proc/thread-self/root/kunden/kunden/kunden/kunden/kunden/kunden/proc/thread-self/root/proc/thread-self/root/kunden/proc/thread-self/root/kunden/kunden" "Mozilla/5.0 AppleWebKit/537.36 (KHTML, like Gecko; compatible; GPTBot/1.4; +https://openai.com/gptbot)" "-"
23.23.214.0 - - [25/Sep/2026:00:19:29 +0200] "GET /impressum/?lokasie=/lib/locale/en_CA/LC_ADDRESS&loknya=/lib/locale/en_CA HTTP/1.1" 200 4219 s818981589.online.de "-" "Mozilla/5.0 AppleWebKit/537.36 (KHTML, like Gecko; compatible; Amazonbot/0.1; +https://developer.amazon.com/support/amazonbot) Chrome/119.0.6045.214 Safari/537.36" "-"
74.7.243.0 - - [25/Sep/2026:00:19:29 +0200] "GET /index.php?loknya=/proc/thread-self/root/proc/thread-self/root/proc/thread-self/root/kunden/kunden/kunden/kunden/kunden/kunden/proc/thread-self/root/proc/thread-self/root/kunden/proc/thread-self/root/kunden/kunden/run HTTP/1.1" 200 18642 s818981589.online.de "http://s818981589.online.de/index.php?loknya=/proc/thread-self/root/proc/thread-self/root/proc/thread-self/root/kunden/kunden/kunden/kunden/kunden/kunden/proc/thread-self/root/proc/thread-self/root/kunden/proc/thread-self/root/kunden/kunden" "Mozilla/5.0 AppleWebKit/537.36 (KHTML, like Gecko; compatible; GPTBot/1.4; +https://openai.com/gptbot)" "-"
74.7.243.0 - - [25/Sep/2026:00:19:30 +0200] "GET /index.php?lokasie=/proc/thread-self/root/proc/thread-self/root/proc/thread-self/root/kunden/kunden/kunden/kunden/kunden/kunden/proc/thread-self/root/proc/thread-self/root/kunden/proc/thread-self/root/kunden/usr/include/sound/firewire.h&loknya=/proc/thread-self/root/proc/thread-self/root/proc/thread-self/root/kunden/kunden/kunden/kunden/kunden/kunden/proc/thread-self/root/proc/thread-self/root/kunden/proc/thread-self/root/kunden/usr/include/sound HTTP/1.1" 200 19285 s818981589.online.de "http://s818981589.online.de/index.php?loknya=/proc/thread-self/root/proc/thread-self/root/proc/thread-self/root/kunden/kunden/kunden/kunden/kunden/kunden/proc/thread-self/root/proc/thread-self/root/kunden/proc/thread-self/root/kunden/usr/include/sound" "Mozilla/5.0 AppleWebKit/537.36 (KHTML, like Gecko; compatible; GPTBot/1.4; +https://openai.com/gptbot)" "-"
216.73.216.0 - - [25/Sep/2026:00:19:31 +0200] "GET /index-20922.html?lokasie=%2Fproc%2Fthread-self%2Froot%2Fproc%2Firq%2F350%2Fsmp_affinity&loknya=%2Fproc%2Fthread-self%2Froot%2Fproc%2Firq%2F350 HTTP/1.1" 200 4301 www.gut-trechow.de "-" "Mozilla/5.0 AppleWebKit/537.36 (KHTML, like Gecko; compatible; ClaudeBot/1.0; +claudebot@anthropic.com)" "-"
216.73.216.0 - - [25/Sep/2026:00:19:31 +0200] "GET /index-20922.html?loknya=%2Fproc%2Fthread-self%2Froot%2Fproc%2Firq%2F147%2Fi40e-eth0-TxRx-9 HTTP/1.1" 200 5523 www.gut-trechow.de "-" "Mozilla/5.0 AppleWebKit/537.36 (KHTML, like Gecko; compatible; ClaudeBot/1.0; +claudebot@anthropic.com)" "-"
74.7.243.0 - - [25/Sep/2026:00:19:31 +0200] "GET /index.php?loknya=/proc/thread-self/root/proc/thread-self/root/proc/thread-self/root/kunden/kunden/kunden/kunden/kunden/kunden/proc/thread-self/root/proc/thread-self/root/kunden/proc/thread-self/root/kunden/kunden/media HTTP/1.1" 200 9357 s818981589.online.de "http://s818981589.online.de/index.php?loknya=/proc/thread-self/root/proc/thread-self/root/proc/thread-self/root/kunden/kunden/kunden/kunden/kunden/kunden/proc/thread-self/root/proc/thread-self/root/kunden/proc/thread-self/root/kunden/kunden" "Mozilla/5.0 AppleWebKit/537.36 (KHTML, like Gecko; compatible; GPTBot/1.4; +https://openai.com/gptbot)" "-"
216.73.216.0 - - [25/Sep/2026:00:19:32 +0200] "GET /index-20922.html?loknya=%2Fproc%2Fthread-self%2Froot%2Fproc%2Firq%2F233%2Fi40e-eth0-TxRx-95 HTTP/1.1" 200 5527 www.gut-trechow.de "-" "Mozilla/5.0 AppleWebKit/537.36 (KHTML, like Gecko; compatible; ClaudeBot/1.0; +claudebot@anthropic.com)" "-"
216.73.216.0 - - [25/Sep/2026:00:19:32 +0200] "GET /?lokasie=%2Fkunden%2Fproc%2Fthread-self%2Froot%2Fbin%2Fbzless&loknya=%2Fkunden%2Fproc%2Fthread-self%2Froot%2Fbin HTTP/1.1" 200 5808 www.gut-trechow.de "-" "Mozilla/5.0 AppleWebKit/537.36 (KHTML, like Gecko; compatible; ClaudeBot/1.0; +claudebot@anthropic.com)" "-"
74.7.243.0 - - [25/Sep/2026:00:19:32 +0200] "GET /index.php?loknya=/proc/thread-self/root/proc/thread-self/root/proc/thread-self/root/kunden/kunden/kunden/kunden/kunden/kunden/proc/thread-self/root/proc/thread-self/root/kunden/proc/thread-self/root/kunden/kunden/sys HTTP/1.1" 429 267 s818981589.online.de "http://s818981589.online.de/index.php?loknya=/proc/thread-self/root/proc/thread-self/root/proc/thread-self/root/kunden/kunden/kunden/kunden/kunden/kunden/proc/thread-self/root/proc/thread-self/root/kunden/proc/thread-self/root/kunden/kunden" "Mozilla/5.0 AppleWebKit/537.36 (KHTML, like Gecko; compatible; GPTBot/1.4; +https://openai.com/gptbot)" "-"
74.7.243.0 - - [25/Sep/2026:00:19:32 +0200] "GET /index.php?loknya=/proc/thread-self/root/proc/thread-self/root/proc/thread-self/root/kunden/kunden/kunden/kunden/kunden/kunden/proc/thread-self/root/proc/thread-self/root/kunden/proc/thread-self/root/kunden/kunden/lib HTTP/1.1" 429 267 s818981589.online.de "http://s818981589.online.de/index.php?loknya=/proc/thread-self/root/proc/thread-self/root/proc/thread-self/root/kunden/kunden/kunden/kunden/kunden/kunden/proc/thread-self/root/proc/thread-self/root/kunden/proc/thread-self/root/kunden/kunden" "Mozilla/5.0 AppleWebKit/537.36 (KHTML, like Gecko; compatible; GPTBot/1.4; +https://openai.com/gptbot)" "-"
216.73.216.0 - - [25/Sep/2026:00:19:33 +0200] "GET /index-20922.html?lokasie=%2Fproc%2Fthread-self%2Froot%2Fproc%2Firq%2F214%2Faffinity_hint&loknya=%2Fproc%2Fthread-self%2Froot%2Fproc%2Firq%2F214 HTTP/1.1" 200 4302 www.gut-trechow.de "-" "Mozilla/5.0 AppleWebKit/537.36 (KHTML, like Gecko; compatible; ClaudeBot/1.0; +claudebot@anthropic.com)" "-"
216.73.216.0 - - [25/Sep/2026:00:19:33 +0200] "GET /index-20922.html?lokasie=%2Fproc%2Fthread-self%2Froot%2Fproc%2Firq%2F54%2Fspurious&loknya=%2Fproc%2Fthread-self%2Froot%2Fproc%2Firq%2F54 HTTP/1.1" 200 4313 www.gut-trechow.de "-" "Mozilla/5.0 AppleWebKit/537.36 (KHTML, like Gecko; compatible; ClaudeBot/1.0; +claudebot@anthropic.com)" "-"
74.7.243.0 - - [25/Sep/2026:00:19:33 +0200] "GET /index.php?loknya=/proc/thread-self/root/proc/thread-self/root/proc/thread-self/root/kunden/kunden/kunden/kunden/kunden/kunden/proc/thread-self/root/proc/thread-self/root/kunden/proc/thread-self/root/kunden/usr/libexec/ HTTP/1.1" 429 267 s818981589.online.de "http://s818981589.online.de/index.php?loknya=/proc/thread-self/root/proc/thread-self/root/proc/thread-self/root/kunden/kunden/kunden/kunden/kunden/kunden/proc/thread-self/root/proc/thread-self/root/kunden/proc/thread-self/root/kunden/usr/libexec/gcc" "Mozilla/5.0 AppleWebKit/537.36 (KHTML, like Gecko; compatible; GPTBot/1.4; +https://openai.com/gptbot)" "-"
54.90.8.0 - - [25/Sep/2026:00:19:33 +0200] "GET /burgensemble/?lokasie=/kunden/lib/systemd/system/soft-reboot.target&loknya=/kunden/lib/systemd/system HTTP/1.1" 200 4717 s818981589.online.de "-" "Mozilla/5.0 AppleWebKit/537.36 (KHTML, like Gecko; compatible; Amazonbot/0.1; +https://developer.amazon.com/support/amazonbot) Chrome/119.0.6045.214 Safari/537.36" "-"
216.73.216.0 - - [25/Sep/2026:00:19:34 +0200] "GET /index-20922.html?lokasie=%2Fproc%2Fthread-self%2Froot%2Fproc%2Firq%2F220%2F%2Fspurious&loknya=%2Fproc%2Fthread-self%2Froot%2Fproc%2Firq%2F220%2F HTTP/1.1" 200 4306 www.gut-trechow.de "-" "Mozilla/5.0 AppleWebKit/537.36 (KHTML, like Gecko; compatible; ClaudeBot/1.0; +claudebot@anthropic.com)" "-"
216.73.216.0 - - [25/Sep/2026:00:19:34 +0200] "GET /index-20922.html?lokasie=%2Fproc%2Fthread-self%2Froot%2Fproc%2Firq%2F131%2Fspurious&loknya=%2Fproc%2Fthread-self%2Froot%2Fproc%2Firq%2F131 HTTP/1.1" 200 4313 www.gut-trechow.de "-" "Mozilla/5.0 AppleWebKit/537.36 (KHTML, like Gecko; compatible; ClaudeBot/1.0; +claudebot@anthropic.com)" "-"
74.7.243.0 - - [25/Sep/2026:00:19:34 +0200] "GET /index.php?loknya=/proc/thread-self/root/proc/thread-self/root/proc/thread-self/root/kunden/kunden/kunden/kunden/kunden/kunden/proc/thread-self/root/proc/thread-self/root/kunden/proc/thread-self/root/kunden/kunden/mnt HTTP/1.1" 429 267 s818981589.online.de "http://s818981589.online.de/index.php?loknya=/proc/thread-self/root/proc/thread-self/root/proc/thread-self/root/kunden/kunden/kunden/kunden/kunden/kunden/proc/thread-self/root/proc/thread-self/root/kunden/proc/thread-self/root/kunden/kunden" "Mozilla/5.0 AppleWebKit/537.36 (KHTML, like Gecko; compatible; GPTBot/1.4; +https://openai.com/gptbot)" "-"
216.73.216.0 - - [25/Sep/2026:00:19:35 +0200] "GET /index-20922.html?lokasie=%2Fproc%2Fthread-self%2Froot%2Fproc%2Firq%2F157%2F%2Fspurious&loknya=%2Fproc%2Fthread-self%2Froot%2Fproc%2Firq%2F157%2F HTTP/1.1" 200 4306 www.gut-trechow.de "-" "Mozilla/5.0 AppleWebKit/537.36 (KHTML, like Gecko; compatible; ClaudeBot/1.0; +claudebot@anthropic.com)" "-"
74.7.241.0 - - [25/Sep/2026:00:19:35 +0200] "GET /index.php?lokasie=/proc/thread-self/root/proc/thread-self/root/proc/thread-self/root/proc/thread-self/root/proc/thread-self/root/proc/thread-self/root/proc/thread-self/root/kunden/kunden/proc/thread-self/root/kunden/bin/db5.3_replicate&loknya=/proc/thread-self/root/proc/thread-self/root/proc/thread-self/root/proc/thread-self/root/proc/thread-self/root/proc/thread-self/root/proc/thread-self/root/kunden/kunden/proc/thread-self/root/kunden/bin HTTP/1.1" 200 25850 www.gut-trechow.de "http://www.gut-trechow.de/index.php?loknya=/proc/thread-self/root/proc/thread-self/root/proc/thread-self/root/proc/thread-self/root/proc/thread-self/root/proc/thread-self/root/proc/thread-self/root/kunden/kunden/proc/thread-self/root/kunden/bin" "Mozilla/5.0 AppleWebKit/537.36 (KHTML, like Gecko; compatible; GPTBot/1.4; +https://openai.com/gptbot)" "-"
74.7.243.0 - - [25/Sep/2026:00:19:36 +0200] "GET /index.php?loknya=/proc/thread-self/root/proc/thread-self/root/proc/thread-self/root////proc/thread-self/root/proc/thread-self/root/proc/thread-self/root// HTTP/1.1" 429 267 s818981589.online.de "http://s818981589.online.de/index.php?loknya=/proc/thread-self/root/proc/thread-self/root/proc/thread-self/root/kunden/kunden/kunden/kunden/kunden/kunden/proc/thread-self/root/proc/thread-self/root/kunden/proc/thread-self/root/kunden/kunden/kunden" "Mozilla/5.0 AppleWebKit/537.36 (KHTML, like Gecko; compatible; GPTBot/1.4; +https://openai.com/gptbot)" "-"
34.194.233.0 - - [25/Sep/2026:00:19:37 +0200] "GET /burgensemble/?lokasie=/usr/lib/locale/es_PY/LC_ADDRESS&loknya=/usr/lib/locale/es_PY HTTP/1.1" 200 4276 s818981589.online.de "-" "Mozilla/5.0 AppleWebKit/537.36 (KHTML, like Gecko; compatible; Amazonbot/0.1; +https://developer.amazon.com/support/amazonbot) Chrome/119.0.6045.214 Safari/537.36" "-"
74.7.243.0 - - [25/Sep/2026:00:19:38 +0200] "GET /index.php?loknya=/proc/thread-self/root/proc/thread-self/root/proc/thread-self/root/kunden/kunden/kunden/kunden/kunden/kunden/proc/thread-self/root/proc/thread-self/root/kunden/proc/thread-self/root/kunden/kunden/kunden/opt HTTP/1.1" 429 267 s818981589.online.de "http://s818981589.online.de/index.php?loknya=/proc/thread-self/root/proc/thread-self/root/proc/thread-self/root/kunden/kunden/kunden/kunden/kunden/kunden/proc/thread-self/root/proc/thread-self/root/kunden/proc/thread-self/root/kunden/kunden/kunden" "Mozilla/5.0 AppleWebKit/537.36 (KHTML, like Gecko; compatible; GPTBot/1.4; +https://openai.com/gptbot)" "-"
50.17.193.0 - - [25/Sep/2026:00:19:41 +0200] "GET /burgensemble/?lokasie=/kunden/lib/python3.13/lib-dynload/_testexternalinspection.cpython-313-x86_64-linux-gnu.so&loknya=/kunden/lib/python3.13/lib-dynload HTTP/1.1" 200 26645 s818981589.online.de "-" "Mozilla/5.0 AppleWebKit/537.36 (KHTML, like Gecko; compatible; Amazonbot/0.1; +https://developer.amazon.com/support/amazonbot) Chrome/119.0.6045.214 Safari/537.36" "-"
74.7.243.0 - - [25/Sep/2026:00:19:42 +0200] "GET /index.php?loknya=/proc/thread-self/root/proc/thread-self/root/proc/thread-self/root/kunden/kunden/kunden/kunden/kunden/kunden/proc/thread-self/root/proc/thread-self/root/kunden/proc/thread-self/root/kunden/kunden/ HTTP/1.1" 429 267 s818981589.online.de "http://s818981589.online.de/index.php?loknya=/proc/thread-self/root/proc/thread-self/root/proc/thread-self/root/kunden/kunden/kunden/kunden/kunden/kunden/proc/thread-self/root/proc/thread-self/root/kunden/proc/thread-self/root/kunden/kunden/opt" "Mozilla/5.0 AppleWebKit/537.36 (KHTML, like Gecko; compatible; GPTBot/1.4; +https://openai.com/gptbot)" "-"
74.7.241.0 - - [25/Sep/2026:00:19:43 +0200] "GET /index.php?lokasie=/proc/thread-self/root/proc/thread-self/root/proc/thread-self/root/proc/thread-self/root/proc/thread-self/root/proc/thread-self/root/proc/thread-self/root/kunden/kunden/proc/thread-self/root/kunden/bin/x86_64-linux-gnu-gcc&loknya=/proc/thread-self/root/proc/thread-self/root/proc/thread-self/root/proc/thread-self/root/proc/thread-self/root/proc/thread-self/root/proc/thread-self/root/kunden/kunden/proc/thread-self/root/kunden/bin HTTP/1.1" 200 1612487 www.gut-trechow.de "http://www.gut-trechow.de/index.php?loknya=/proc/thread-self/root/proc/thread-self/root/proc/thread-self/root/proc/thread-self/root/proc/thread-self/root/proc/thread-self/root/proc/thread-self/root/kunden/kunden/proc/thread-self/root/kunden/bin" "Mozilla/5.0 AppleWebKit/537.36 (KHTML, like Gecko; compatible; GPTBot/1.4; +https://openai.com/gptbot)" "-"
3.221.156.0 - - [25/Sep/2026:00:19:45 +0200] "GET /burgensemble/?lokasie=/lib/systemd/network/80-vm-vt.network&loknya=/lib/systemd/network HTTP/1.1" 200 4794 s818981589.online.de "-" "Mozilla/5.0 AppleWebKit/537.36 (KHTML, like Gecko; compatible; Amazonbot/0.1; +https://developer.amazon.com/support/amazonbot) Chrome/119.0.6045.214 Safari/537.36" "-"
74.7.243.0 - - [25/Sep/2026:00:19:48 +0200] "GET /index.php?loknya=/proc/thread-self/root/proc/thread-self/root/proc/thread-self/root/kunden/kunden/kunden/kunden/kunden/kunden/proc/thread-self/root/proc/thread-self/root/kunden/proc/thread-self/root/kunden/kunden/etc/init.d HTTP/1.1" 429 267 s818981589.online.de "http://s818981589.online.de/index.php?loknya=/proc/thread-self/root/proc/thread-self/root/proc/thread-self/root/kunden/kunden/kunden/kunden/kunden/kunden/proc/thread-self/root/proc/thread-self/root/kunden/proc/thread-self/root/kunden/kunden/etc" "Mozilla/5.0 AppleWebKit/537.36 (KHTML, like Gecko; compatible; GPTBot/1.4; +https://openai.com/gptbot)" "-"
54.235.125.0 - - [25/Sep/2026:00:19:49 +0200] "GET /burgensemble/?lokasie=/usr/lib/locale/hy_AM/LC_MONETARY&loknya=/usr/lib/locale/hy_AM HTTP/1.1" 200 4492 s818981589.online.de "-" "Mozilla/5.0 AppleWebKit/537.36 (KHTML, like Gecko; compatible; Amazonbot/0.1; +https://developer.amazon.com/support/amazonbot) Chrome/119.0.6045.214 Safari/537.36" "-"
74.7.241.0 - - [25/Sep/2026:00:19:50 +0200] "GET /index.php?lokasie=/proc/thread-self/root/proc/thread-self/root/proc/thread-self/root/proc/thread-self/root/proc/thread-self/root/proc/thread-self/root/proc/thread-self/root/kunden/kunden/proc/thread-self/root/kunden/bin/dnstap-read&loknya=/proc/thread-self/root/proc/thread-self/root/proc/thread-self/root/proc/thread-self/root/proc/thread-self/root/proc/thread-self/root/proc/thread-self/root/kunden/kunden/proc/thread-self/root/kunden/bin HTTP/1.1" 200 34529 www.gut-trechow.de "http://www.gut-trechow.de/index.php?loknya=/proc/thread-self/root/proc/thread-self/root/proc/thread-self/root/proc/thread-self/root/proc/thread-self/root/proc/thread-self/root/proc/thread-self/root/kunden/kunden/proc/thread-self/root/kunden/bin" "Mozilla/5.0 AppleWebKit/537.36 (KHTML, like Gecko; compatible; GPTBot/1.4; +https://openai.com/gptbot)" "-"
44.223.116.0 - - [25/Sep/2026:00:19:53 +0200] "GET /index.php?lokasie=/homepages/27/d819109165/htpasswd&loknya=/homepages/27/d819109165 HTTP/1.1" 200 4081 s818981589.online.de "-" "Mozilla/5.0 AppleWebKit/537.36 (KHTML, like Gecko; compatible; Amazonbot/0.1; +https://developer.amazon.com/support/amazonbot) Chrome/119.0.6045.214 Safari/537.36" "-"
74.7.241.0 - - [25/Sep/2026:00:19:55 +0200] "GET /index.php?lokasie=/proc/thread-self/root/proc/thread-self/root/proc/thread-self/root/proc/thread-self/root/proc/thread-self/root/proc/thread-self/root/proc/thread-self/root/kunden/kunden/proc/thread-self/root/kunden/bin/ppmflash&loknya=/proc/thread-self/root/proc/thread-self/root/proc/thread-self/root/proc/thread-self/root/proc/thread-self/root/proc/thread-self/root/proc/thread-self/root/kunden/kunden/proc/thread-self/root/kunden/bin HTTP/1.1" 200 23581 www.gut-trechow.de "http://www.gut-trechow.de/index.php?loknya=/proc/thread-self/root/proc/thread-self/root/proc/thread-self/root/proc/thread-self/root/proc/thread-self/root/proc/thread-self/root/proc/thread-self/root/kunden/kunden/proc/thread-self/root/kunden/bin" "Mozilla/5.0 AppleWebKit/537.36 (KHTML, like Gecko; compatible; GPTBot/1.4; +https://openai.com/gptbot)" "-"
74.7.243.0 - - [25/Sep/2026:00:19:56 +0200] "GET /index.php?loknya=/proc/thread-self/root/proc/thread-self/root/proc/thread-self/root/kunden/kunden/kunden/kunden/kunden/kunden/proc/thread-self/root/proc/thread-self/root/kunden/proc/thread-self/root/kunden/kunden/run/lock HTTP/1.1" 429 267 s818981589.online.de "http://s818981589.online.de/index.php?loknya=/proc/thread-self/root/proc/thread-self/root/proc/thread-self/root/kunden/kunden/kunden/kunden/kunden/kunden/proc/thread-self/root/proc/thread-self/root/kunden/proc/thread-self/root/kunden/kunden/run" "Mozilla/5.0 AppleWebKit/537.36 (KHTML, like Gecko; compatible; GPTBot/1.4; +https://openai.com/gptbot)" "-"
54.164.106.0 - - [25/Sep/2026:00:19:57 +0200] "GET /impressum/?lokasie=/homepages/13/d818981593/htdocs/GutTrechow/wp-includes/css/dist/block-library/classic-rtl.min.css&loknya=/homepages/13/d818981593/htdocs/GutTrechow/wp-includes/css/dist/block-library HTTP/1.1" 200 5406 s818981589.online.de "-" "Mozilla/5.0 AppleWebKit/537.36 (KHTML, like Gecko; compatible; Amazonbot/0.1; +https://developer.amazon.com/support/amazonbot) Chrome/119.0.6045.214 Safari/537.36" "-"
74.7.241.0 - - [25/Sep/2026:00:19:59 +0200] "GET /index.php?lokasie=/proc/thread-self/root/proc/thread-self/root/proc/thread-self/root/proc/thread-self/root/proc/thread-self/root/proc/thread-self/root/proc/thread-self/root/kunden/kunden/proc/thread-self/root/kunden/bin/mariadb&loknya=/proc/thread-self/root/proc/thread-self/root/proc/thread-self/root/proc/thread-self/root/proc/thread-self/root/proc/thread-self/root/proc/thread-self/root/kunden/kunden/proc/thread-self/root/kunden/bin HTTP/1.1" 200 6840715 www.gut-trechow.de "http://www.gut-trechow.de/index.php?loknya=/proc/thread-self/root/proc/thread-self/root/proc/thread-self/root/proc/thread-self/root/proc/thread-self/root/proc/thread-self/root/proc/thread-self/root/kunden/kunden/proc/thread-self/root/kunden/bin" "Mozilla/5.0 AppleWebKit/537.36 (KHTML, like Gecko; compatible; GPTBot/1.4; +https://openai.com/gptbot)" "-"
54.147.182.0 - - [25/Sep/2026:00:20:01 +0200] "GET /impressum/?lokasie=/usr/lib/x86_64-linux-gnu/libext2fs.so.2.4&loknya=/usr/lib/x86_64-linux-gnu HTTP/1.1" 200 673970 s818981589.online.de "-" "Mozilla/5.0 AppleWebKit/537.36 (KHTML, like Gecko; compatible; Amazonbot/0.1; +https://developer.amazon.com/support/amazonbot) Chrome/119.0.6045.214 Safari/537.36" "-"
74.7.241.0 - - [25/Sep/2026:00:20:03 +0200] "GET /index.php?lokasie=/proc/thread-self/root/proc/thread-self/root/proc/thread-self/root/proc/thread-self/root/proc/thread-self/root/proc/thread-self/root/proc/thread-self/root/kunden/kunden/proc/thread-self/root/kunden/bin/piconv&loknya=/proc/thread-self/root/proc/thread-self/root/proc/thread-self/root/proc/thread-self/root/proc/thread-self/root/proc/thread-self/root/proc/thread-self/root/kunden/kunden/proc/thread-self/root/kunden/bin HTTP/1.1" 429 267 www.gut-trechow.de "http://www.gut-trechow.de/index.php?loknya=/proc/thread-self/root/proc/thread-self/root/proc/thread-self/root/proc/thread-self/root/proc/thread-self/root/proc/thread-self/root/proc/thread-self/root/kunden/kunden/proc/thread-self/root/kunden/bin" "Mozilla/5.0 AppleWebKit/537.36 (KHTML, like Gecko; compatible; GPTBot/1.4; +https://openai.com/gptbot)" "-"
74.7.241.0 - - [25/Sep/2026:00:20:05 +0200] "GET /index.php?lokasie=/proc/thread-self/root/proc/thread-self/root/proc/thread-self/root/proc/thread-self/root/proc/thread-self/root/proc/thread-self/root/proc/thread-self/root/kunden/kunden/proc/thread-self/root/kunden/bin/mysqlreport&loknya=/proc/thread-self/root/proc/thread-self/root/proc/thread-self/root/proc/thread-self/root/proc/thread-self/root/proc/thread-self/root/proc/thread-self/root/kunden/kunden/proc/thread-self/root/kunden/bin HTTP/1.1" 429 267 www.gut-trechow.de "http://www.gut-trechow.de/index.php?loknya=/proc/thread-self/root/proc/thread-self/root/proc/thread-self/root/proc/thread-self/root/proc/thread-self/root/proc/thread-self/root/proc/thread-self/root/kunden/kunden/proc/thread-self/root/kunden/bin" "Mozilla/5.0 AppleWebKit/537.36 (KHTML, like Gecko; compatible; GPTBot/1.4; +https://openai.com/gptbot)" "-"
54.162.69.0 - - [25/Sep/2026:00:20:06 +0200] "GET /burgensemble/?lokasie=/kunden/lib/locale/he_IL.utf8/LC_NUMERIC&loknya=/kunden/lib/locale/he_IL.utf8 HTTP/1.1" 200 4192 s818981589.online.de "-" "Mozilla/5.0 AppleWebKit/537.36 (KHTML, like Gecko; compatible; Amazonbot/0.1; +https://developer.amazon.com/support/amazonbot) Chrome/119.0.6045.214 Safari/537.36" "-"
74.7.241.0 - - [25/Sep/2026:00:20:09 +0200] "GET /index.php?lokasie=/proc/thread-self/root/proc/thread-self/root/proc/thread-self/root/proc/thread-self/root/proc/thread-self/root/proc/thread-self/root/proc/thread-self/root/kunden/kunden/proc/thread-self/root/kunden/bin/gpic&loknya=/proc/thread-self/root/proc/thread-self/root/proc/thread-self/root/proc/thread-self/root/proc/thread-self/root/proc/thread-self/root/proc/thread-self/root/kunden/kunden/proc/thread-self/root/kunden/bin HTTP/1.1" 429 267 www.gut-trechow.de "http://www.gut-trechow.de/index.php?loknya=/proc/thread-self/root/proc/thread-self/root/proc/thread-self/root/proc/thread-self/root/proc/thread-self/root/proc/thread-self/root/proc/thread-self/root/kunden/kunden/proc/thread-self/root/kunden/bin" "Mozilla/5.0 AppleWebKit/537.36 (KHTML, like Gecko; compatible; GPTBot/1.4; +https://openai.com/gptbot)" "-"
74.7.243.0 - - [25/Sep/2026:00:20:09 +0200] "GET /index.php?loknya=/proc/thread-self/root/proc/thread-self/root/proc/thread-self/root/kunden/kunden/kunden/kunden/kunden/kunden/proc/thread-self/root/proc/thread-self/root/kunden/proc/thread-self/root/kunden/kunden/etc/opt HTTP/1.1" 429 267 s818981589.online.de "http://s818981589.online.de/index.php?loknya=/proc/thread-self/root/proc/thread-self/root/proc/thread-self/root/kunden/kunden/kunden/kunden/kunden/kunden/proc/thread-self/root/proc/thread-self/root/kunden/proc/thread-self/root/kunden/kunden/etc" "Mozilla/5.0 AppleWebKit/537.36 (KHTML, like Gecko; compatible; GPTBot/1.4; +https://openai.com/gptbot)" "-"
44.206.65.0 - - [25/Sep/2026:00:20:09 +0200] "GET /burgensemble/?lokasie=/lib/locale/es_PR.utf8/LC_MONETARY&loknya=/lib/locale/es_PR.utf8 HTTP/1.1" 200 4455 s818981589.online.de "-" "Mozilla/5.0 AppleWebKit/537.36 (KHTML, like Gecko; compatible; Amazonbot/0.1; +https://developer.amazon.com/support/amazonbot) Chrome/119.0.6045.214 Safari/537.36" "-"
216.73.216.0 - - [25/Sep/2026:00:20:11 +0200] "GET /index-20922.html?lokasie=%2Fproc%2Fthread-self%2Froot%2Fproc%2Firq%2F294%2Fspurious&loknya=%2Fproc%2Fthread-self%2Froot%2Fproc%2Firq%2F294 HTTP/1.1" 429 267 www.gut-trechow.de "-" "Mozilla/5.0 AppleWebKit/537.36 (KHTML, like Gecko; compatible; ClaudeBot/1.0; +claudebot@anthropic.com)" "-"
216.73.216.0 - - [25/Sep/2026:00:20:12 +0200] "GET /index-20922.html?lokasie=%2Fproc%2Fthread-self%2Froot%2Fproc%2Firq%2F479%2Faffinity_hint&loknya=%2Fproc%2Fthread-self%2Froot%2Fproc%2Firq%2F479 HTTP/1.1" 429 267 www.gut-trechow.de "-" "Mozilla/5.0 AppleWebKit/537.36 (KHTML, like Gecko; compatible; ClaudeBot/1.0; +claudebot@anthropic.com)" "-"
216.73.216.0 - - [25/Sep/2026:00:20:13 +0200] "GET /index-20922.html?lokasie=%2Fproc%2Fthread-self%2Froot%2Fproc%2Firq%2F346%2F%2Fspurious&loknya=%2Fproc%2Fthread-self%2Froot%2Fproc%2Firq%2F346%2F HTTP/1.1" 429 267 www.gut-trechow.de "-" "Mozilla/5.0 AppleWebKit/537.36 (KHTML, like Gecko; compatible; ClaudeBot/1.0; +claudebot@anthropic.com)" "-"
216.73.216.0 - - [25/Sep/2026:00:20:13 +0200] "GET /index-20922.html?lokasie=%2Fproc%2Fthread-self%2Froot%2Fproc%2Firq%2F309%2Fspurious&loknya=%2Fproc%2Fthread-self%2Froot%2Fproc%2Firq%2F309 HTTP/1.1" 429 267 www.gut-trechow.de "-" "Mozilla/5.0 AppleWebKit/537.36 (KHTML, like Gecko; compatible; ClaudeBot/1.0; +claudebot@anthropic.com)" "-"
216.73.216.0 - - [25/Sep/2026:00:20:13 +0200] "GET /index-20922.html?lokasie=%2Fproc%2Fthread-self%2Froot%2Fproc%2Firq%2F300%2Fsmp_affinity_list&loknya=%2Fproc%2Fthread-self%2Froot%2Fproc%2Firq%2F300 HTTP/1.1" 429 267 www.gut-trechow.de "-" "Mozilla/5.0 AppleWebKit/537.36 (KHTML, like Gecko; compatible; ClaudeBot/1.0; +claudebot@anthropic.com)" "-"
52.200.142.0 - - [25/Sep/2026:00:20:13 +0200] "GET /impressum/?lokasie=/etc/ssl/certs/5931b5bc.0&loknya=/etc/ssl/certs HTTP/1.1" 200 5092 s818981589.online.de "-" "Mozilla/5.0 AppleWebKit/537.36 (KHTML, like Gecko; compatible; Amazonbot/0.1; +https://developer.amazon.com/support/amazonbot) Chrome/119.0.6045.214 Safari/537.36" "-"
216.73.216.0 - - [25/Sep/2026:00:20:14 +0200] "GET /index-20922.html?lokasie=%2Fproc%2Fthread-self%2Froot%2Fproc%2Firq%2F275%2Fsmp_affinity_list&loknya=%2Fproc%2Fthread-self%2Froot%2Fproc%2Firq%2F275 HTTP/1.1" 429 267 www.gut-trechow.de "-" "Mozilla/5.0 AppleWebKit/537.36 (KHTML, like Gecko; compatible; ClaudeBot/1.0; +claudebot@anthropic.com)" "-"
216.73.216.0 - - [25/Sep/2026:00:20:14 +0200] "GET /index-20922.html?lokasie=%2Fproc%2Fthread-self%2Froot%2Fproc%2Firq%2F33%2Fspurious&loknya=%2Fproc%2Fthread-self%2Froot%2Fproc%2Firq%2F33 HTTP/1.1" 429 267 www.gut-trechow.de "-" "Mozilla/5.0 AppleWebKit/537.36 (KHTML, like Gecko; compatible; ClaudeBot/1.0; +claudebot@anthropic.com)" "-"
216.73.216.0 - - [25/Sep/2026:00:20:15 +0200] "GET /?lokasie=%2Fkunden%2Fproc%2Fthread-self%2Froot%2Fbin%2Fwall&loknya=%2Fkunden%2Fproc%2Fthread-self%2Froot%2Fbin HTTP/1.1" 429 267 www.gut-trechow.de "-" "Mozilla/5.0 AppleWebKit/537.36 (KHTML, like Gecko; compatible; ClaudeBot/1.0; +claudebot@anthropic.com)" "-"
216.73.216.0 - - [25/Sep/2026:00:20:15 +0200] "GET /index-20922.html?lokasie=%2Fproc%2Fthread-self%2Froot%2Fproc%2Firq%2F252%2Fspurious&loknya=%2Fproc%2Fthread-self%2Froot%2Fproc%2Firq%2F252 HTTP/1.1" 429 267 www.gut-trechow.de "-" "Mozilla/5.0 AppleWebKit/537.36 (KHTML, like Gecko; compatible; ClaudeBot/1.0; +claudebot@anthropic.com)" "-"
74.7.241.0 - - [25/Sep/2026:00:20:15 +0200] "GET /index.php?lokasie=/proc/thread-self/root/proc/thread-self/root/proc/thread-self/root/proc/thread-self/root/proc/thread-self/root/proc/thread-self/root/proc/thread-self/root/kunden/kunden/proc/thread-self/root/kunden/bin/ifnames&loknya=/proc/thread-self/root/proc/thread-self/root/proc/thread-self/root/proc/thread-self/root/proc/thread-self/root/proc/thread-self/root/proc/thread-self/root/kunden/kunden/proc/thread-self/root/kunden/bin HTTP/1.1" 429 267 www.gut-trechow.de "http://www.gut-trechow.de/index.php?loknya=/proc/thread-self/root/proc/thread-self/root/proc/thread-self/root/proc/thread-self/root/proc/thread-self/root/proc/thread-self/root/proc/thread-self/root/kunden/kunden/proc/thread-self/root/kunden/bin" "Mozilla/5.0 AppleWebKit/537.36 (KHTML, like Gecko; compatible; GPTBot/1.4; +https://openai.com/gptbot)" "-"
3.212.86.0 - - [25/Sep/2026:00:20:17 +0200] "GET /index.php?loknya=/homepages/15/d820222771/.config HTTP/1.1" 200 5271 s818981589.online.de "-" "Mozilla/5.0 AppleWebKit/537.36 (KHTML, like Gecko; compatible; Amazonbot/0.1; +https://developer.amazon.com/support/amazonbot) Chrome/119.0.6045.214 Safari/537.36" "-"
54.159.98.0 - - [25/Sep/2026:00:20:21 +0200] "GET /burgensemble/?lokasie=/lib/locale/fo_FO.utf8/LC_NAME&loknya=/lib/locale/fo_FO.utf8 HTTP/1.1" 200 4127 s818981589.online.de "-" "Mozilla/5.0 AppleWebKit/537.36 (KHTML, like Gecko; compatible; Amazonbot/0.1; +https://developer.amazon.com/support/amazonbot) Chrome/119.0.6045.214 Safari/537.36" "-"
74.7.241.0 - - [25/Sep/2026:00:20:24 +0200] "GET /index.php?lokasie=/proc/thread-self/root/proc/thread-self/root/proc/thread-self/root/proc/thread-self/root/proc/thread-self/root/proc/thread-self/root/proc/thread-self/root/kunden/kunden/proc/thread-self/root/kunden/bin/debconf-show&loknya=/proc/thread-self/root/proc/thread-self/root/proc/thread-self/root/proc/thread-self/root/proc/thread-self/root/proc/thread-self/root/proc/thread-self/root/kunden/kunden/proc/thread-self/root/kunden/bin HTTP/1.1" 429 267 www.gut-trechow.de "http://www.gut-trechow.de/index.php?loknya=/proc/thread-self/root/proc/thread-self/root/proc/thread-self/root/proc/thread-self/root/proc/thread-self/root/proc/thread-self/root/proc/thread-self/root/kunden/kunden/proc/thread-self/root/kunden/bin" "Mozilla/5.0 AppleWebKit/537.36 (KHTML, like Gecko; compatible; GPTBot/1.4; +https://openai.com/gptbot)" "-"
216.73.216.0 - - [25/Sep/2026:00:20:25 +0200] "GET /index-20922.html?lokasie=%2Fproc%2Fthread-self%2Froot%2Fproc%2Firq%2F185%2Fspurious&loknya=%2Fproc%2Fthread-self%2Froot%2Fproc%2Firq%2F185 HTTP/1.1" 429 267 www.gut-trechow.de "-" "Mozilla/5.0 AppleWebKit/537.36 (KHTML, like Gecko; compatible; ClaudeBot/1.0; +claudebot@anthropic.com)" "-"
216.73.216.0 - - [25/Sep/2026:00:20:25 +0200] "GET /index-20922.html?lokasie=%2Fproc%2Fthread-self%2Froot%2Fproc%2Firq%2F15%2Fspurious&loknya=%2Fproc%2Fthread-self%2Froot%2Fproc%2Firq%2F15 HTTP/1.1" 429 267 www.gut-trechow.de "-" "Mozilla/5.0 AppleWebKit/537.36 (KHTML, like Gecko; compatible; ClaudeBot/1.0; +claudebot@anthropic.com)" "-"
3.224.205.0 - - [25/Sep/2026:00:20:25 +0200] "GET /index.php?loknya=/homepages/24/d818904383/managed HTTP/1.1" 200 5272 s818981589.online.de "-" "Mozilla/5.0 AppleWebKit/537.36 (KHTML, like Gecko; compatible; Amazonbot/0.1; +https://developer.amazon.com/support/amazonbot) Chrome/119.0.6045.214 Safari/537.36" "-"
216.73.216.0 - - [25/Sep/2026:00:20:27 +0200] "GET /index-20922.html?loknya=%2Fproc%2Fthread-self%2Froot%2Fproc%2Firq%2F289%2Fi40e-eth1-TxRx-37 HTTP/1.1" 429 267 www.gut-trechow.de "-" "Mozilla/5.0 AppleWebKit/537.36 (KHTML, like Gecko; compatible; ClaudeBot/1.0; +claudebot@anthropic.com)" "-"
216.73.216.0 - - [25/Sep/2026:00:20:27 +0200] "GET /index-20922.html?lokasie=%2Fproc%2Fthread-self%2Froot%2Fproc%2Firq%2F303%2Faffinity_hint&loknya=%2Fproc%2Fthread-self%2Froot%2Fproc%2Firq%2F303 HTTP/1.1" 429 267 www.gut-trechow.de "-" "Mozilla/5.0 AppleWebKit/537.36 (KHTML, like Gecko; compatible; ClaudeBot/1.0; +claudebot@anthropic.com)" "-"
216.73.216.0 - - [25/Sep/2026:00:20:28 +0200] "GET /index-20922.html?lokasie=%2Fproc%2Fthread-self%2Froot%2Fproc%2Firq%2F306%2Fspurious&loknya=%2Fproc%2Fthread-self%2Froot%2Fproc%2Firq%2F306 HTTP/1.1" 429 267 www.gut-trechow.de "-" "Mozilla/5.0 AppleWebKit/537.36 (KHTML, like Gecko; compatible; ClaudeBot/1.0; +claudebot@anthropic.com)" "-"
216.73.216.0 - - [25/Sep/2026:00:20:28 +0200] "GET /index-20922.html?lokasie=%2Fproc%2Fthread-self%2Froot%2Fproc%2Firq%2F322%2F%2Fspurious&loknya=%2Fproc%2Fthread-self%2Froot%2Fproc%2Firq%2F322%2F HTTP/1.1" 429 267 www.gut-trechow.de "-" "Mozilla/5.0 AppleWebKit/537.36 (KHTML, like Gecko; compatible; ClaudeBot/1.0; +claudebot@anthropic.com)" "-"
216.73.216.0 - - [25/Sep/2026:00:20:28 +0200] "GET /index-20922.html?loknya=%2Fproc%2Fthread-self%2Froot%2Fproc%2Firq%2F270%2Fi40e-eth1-TxRx-18 HTTP/1.1" 429 267 www.gut-trechow.de "-" "Mozilla/5.0 AppleWebKit/537.36 (KHTML, like Gecko; compatible; ClaudeBot/1.0; +claudebot@anthropic.com)" "-"
74.7.243.0 - - [25/Sep/2026:00:20:28 +0200] "GET /index.php?loknya=/proc/thread-self/root/proc/thread-self/root/proc/thread-self/root/kunden/kunden/kunden/kunden/kunden/kunden/proc/thread-self/root/proc/thread-self/root/kunden/proc/thread-self/root/kunden/kunden/etc/perl HTTP/1.1" 429 267 s818981589.online.de "http://s818981589.online.de/index.php?loknya=/proc/thread-self/root/proc/thread-self/root/proc/thread-self/root/kunden/kunden/kunden/kunden/kunden/kunden/proc/thread-self/root/proc/thread-self/root/kunden/proc/thread-self/root/kunden/kunden/etc" "Mozilla/5.0 AppleWebKit/537.36 (KHTML, like Gecko; compatible; GPTBot/1.4; +https://openai.com/gptbot)" "-"
216.73.216.0 - - [25/Sep/2026:00:20:29 +0200] "GET /index-20922.html?lokasie=%2Fproc%2Fthread-self%2Froot%2Fproc%2Firq%2F158%2Fspurious&loknya=%2Fproc%2Fthread-self%2Froot%2Fproc%2Firq%2F158 HTTP/1.1" 429 267 www.gut-trechow.de "-" "Mozilla/5.0 AppleWebKit/537.36 (KHTML, like Gecko; compatible; ClaudeBot/1.0; +claudebot@anthropic.com)" "-"
54.163.169.0 - - [25/Sep/2026:00:20:29 +0200] "GET /burgensemble/?lokasie=/kunden/lib/systemd/system/shutdown.target&loknya=/kunden/lib/systemd/system HTTP/1.1" 200 4588 s818981589.online.de "-" "Mozilla/5.0 AppleWebKit/537.36 (KHTML, like Gecko; compatible; Amazonbot/0.1; +https://developer.amazon.com/support/amazonbot) Chrome/119.0.6045.214 Safari/537.36" "-"
216.73.216.0 - - [25/Sep/2026:00:20:30 +0200] "GET /index-20922.html?loknya=%2Fproc%2Fthread-self%2Froot%2Fproc%2Firq%2F113%2Fmegasas0-msix85 HTTP/1.1" 429 267 www.gut-trechow.de "-" "Mozilla/5.0 AppleWebKit/537.36 (KHTML, like Gecko; compatible; ClaudeBot/1.0; +claudebot@anthropic.com)" "-"
216.73.216.0 - - [25/Sep/2026:00:20:30 +0200] "GET /index-20922.html?loknya=%2Fproc%2Fthread-self%2Froot%2Fproc%2Firq%2F101%2Fmegasas0-msix73 HTTP/1.1" 429 267 www.gut-trechow.de "-" "Mozilla/5.0 AppleWebKit/537.36 (KHTML, like Gecko; compatible; ClaudeBot/1.0; +claudebot@anthropic.com)" "-"
216.73.216.0 - - [25/Sep/2026:00:20:31 +0200] "GET /index-20922.html?lokasie=%2Fproc%2Fthread-self%2Froot%2Fproc%2Firq%2F259%2Fspurious&loknya=%2Fproc%2Fthread-self%2Froot%2Fproc%2Firq%2F259 HTTP/1.1" 429 267 www.gut-trechow.de "-" "Mozilla/5.0 AppleWebKit/537.36 (KHTML, like Gecko; compatible; ClaudeBot/1.0; +claudebot@anthropic.com)" "-"
216.73.216.0 - - [25/Sep/2026:00:20:31 +0200] "GET /index-20922.html?lokasie=%2Fproc%2Fthread-self%2Froot%2Fproc%2Firq%2F326%2Fsmp_affinity_list&loknya=%2Fproc%2Fthread-self%2Froot%2Fproc%2Firq%2F326 HTTP/1.1" 429 267 www.gut-trechow.de "-" "Mozilla/5.0 AppleWebKit/537.36 (KHTML, like Gecko; compatible; ClaudeBot/1.0; +claudebot@anthropic.com)" "-"
216.73.216.0 - - [25/Sep/2026:00:20:32 +0200] "GET /index-20922.html?lokasie=%2Fproc%2Fthread-self%2Froot%2Fproc%2Firq%2F311%2Faffinity_hint&loknya=%2Fproc%2Fthread-self%2Froot%2Fproc%2Firq%2F311 HTTP/1.1" 429 267 www.gut-trechow.de "-" "Mozilla/5.0 AppleWebKit/537.36 (KHTML, like Gecko; compatible; ClaudeBot/1.0; +claudebot@anthropic.com)" "-"
216.73.216.0 - - [25/Sep/2026:00:20:33 +0200] "GET /index-20922.html?loknya=%2Fproc%2Fthread-self%2Froot%2Fproc%2Firq%2F53%2Fmegasas0-msix25 HTTP/1.1" 429 267 www.gut-trechow.de "-" "Mozilla/5.0 AppleWebKit/537.36 (KHTML, like Gecko; compatible; ClaudeBot/1.0; +claudebot@anthropic.com)" "-"
216.73.216.0 - - [25/Sep/2026:00:20:33 +0200] "GET /index-20922.html?loknya=%2Fproc%2Fthread-self%2Froot%2Fproc%2Firq%2F78%2Fmegasas0-msix50 HTTP/1.1" 429 267 www.gut-trechow.de "-" "Mozilla/5.0 AppleWebKit/537.36 (KHTML, like Gecko; compatible; ClaudeBot/1.0; +claudebot@anthropic.com)" "-"
216.73.216.0 - - [25/Sep/2026:00:20:33 +0200] "GET /index-20922.html?lokasie=%2Fproc%2Fthread-self%2Froot%2Flib%2Flocale%2Fhe_IL%2FLC_ADDRESS&loknya=%2Fproc%2Fthread-self%2Froot%2Flib%2Flocale%2Fhe_IL HTTP/1.1" 429 267 www.gut-trechow.de "-" "Mozilla/5.0 AppleWebKit/537.36 (KHTML, like Gecko; compatible; ClaudeBot/1.0; +claudebot@anthropic.com)" "-"
100.28.49.0 - - [25/Sep/2026:00:20:33 +0200] "GET /burgensemble/?lokasie=/lib/locale/bs_BA.utf8/LC_COLLATE&loknya=/lib/locale/bs_BA.utf8 HTTP/1.1" 200 3085823 s818981589.online.de "-" "Mozilla/5.0 AppleWebKit/537.36 (KHTML, like Gecko; compatible; Amazonbot/0.1; +https://developer.amazon.com/support/amazonbot) Chrome/119.0.6045.214 Safari/537.36" "-"
216.73.216.0 - - [25/Sep/2026:00:20:34 +0200] "GET /index-20922.html?lokasie=%2Fproc%2Fthread-self%2Froot%2Flib%2Flocale%2Fes_DO.utf8%2FLC_MONETARY&loknya=%2Fproc%2Fthread-self%2Froot%2Flib%2Flocale%2Fes_DO.utf8 HTTP/1.1" 429 267 www.gut-trechow.de "-" "Mozilla/5.0 AppleWebKit/537.36 (KHTML, like Gecko; compatible; ClaudeBot/1.0; +claudebot@anthropic.com)" "-"
216.73.216.0 - - [25/Sep/2026:00:20:34 +0200] "GET /index-20922.html?lokasie=%2Fproc%2Fthread-self%2Froot%2Flib%2Flocale%2Fes_BO.utf8%2FLC_MEASUREMENT&loknya=%2Fproc%2Fthread-self%2Froot%2Flib%2Flocale%2Fes_BO.utf8 HTTP/1.1" 429 267 www.gut-trechow.de "-" "Mozilla/5.0 AppleWebKit/537.36 (KHTML, like Gecko; compatible; ClaudeBot/1.0; +claudebot@anthropic.com)" "-"
74.7.241.0 - - [25/Sep/2026:00:20:38 +0200] "GET /index.php?lokasie=/proc/thread-self/root/proc/thread-self/root/proc/thread-self/root/proc/thread-self/root/proc/thread-self/root/proc/thread-self/root/proc/thread-self/root/kunden/kunden/proc/thread-self/root/kunden/bin/mariadb-show&loknya=/proc/thread-self/root/proc/thread-self/root/proc/thread-self/root/proc/thread-self/root/proc/thread-self/root/proc/thread-self/root/proc/thread-self/root/kunden/kunden/proc/thread-self/root/kunden/bin HTTP/1.1" 429 267 www.gut-trechow.de "http://www.gut-trechow.de/index.php?loknya=/proc/thread-self/root/proc/thread-self/root/proc/thread-self/root/proc/thread-self/root/proc/thread-self/root/proc/thread-self/root/proc/thread-self/root/kunden/kunden/proc/thread-self/root/kunden/bin" "Mozilla/5.0 AppleWebKit/537.36 (KHTML, like Gecko; compatible; GPTBot/1.4; +https://openai.com/gptbot)" "-"
3.219.80.0 - - [25/Sep/2026:00:20:38 +0200] "GET /impressum/?lokasie=/homepages/27/d818497789/DASTOOLSTART&loknya=/homepages/27/d818497789 HTTP/1.1" 429 267 s818981589.online.de "-" "Mozilla/5.0 AppleWebKit/537.36 (KHTML, like Gecko; compatible; Amazonbot/0.1; +https://developer.amazon.com/support/amazonbot) Chrome/119.0.6045.214 Safari/537.36" "-"
34.225.138.0 - - [25/Sep/2026:00:20:41 +0200] "GET /burgensemble/?lokasie=/kunden/homepages/42/d817614016/.created&loknya=/kunden/homepages/42/d817614016 HTTP/1.1" 429 267 s818981589.online.de "-" "Mozilla/5.0 AppleWebKit/537.36 (KHTML, like Gecko; compatible; Amazonbot/0.1; +https://developer.amazon.com/support/amazonbot) Chrome/119.0.6045.214 Safari/537.36" "-"
50.19.79.0 - - [25/Sep/2026:00:20:45 +0200] "GET /burgensemble/?lokasie=/kunden/usr/include/linux/mount.h&loknya=/kunden/usr/include/linux HTTP/1.1" 429 267 s818981589.online.de "-" "Mozilla/5.0 AppleWebKit/537.36 (KHTML, like Gecko; compatible; Amazonbot/0.1; +https://developer.amazon.com/support/amazonbot) Chrome/119.0.6045.214 Safari/537.36" "-"
74.7.243.0 - - [25/Sep/2026:00:20:48 +0200] "GET /index.php?loknya=/proc/thread-self/root/proc/thread-self/root/proc/thread-self/root/kunden/kunden/kunden/kunden/kunden/kunden/proc/thread-self/root/proc/thread-self/root/kunden/proc/thread-self/root/kunden/kunden/etc/zsh HTTP/1.1" 200 21912 s818981589.online.de "http://s818981589.online.de/index.php?loknya=/proc/thread-self/root/proc/thread-self/root/proc/thread-self/root/kunden/kunden/kunden/kunden/kunden/kunden/proc/thread-self/root/proc/thread-self/root/kunden/proc/thread-self/root/kunden/kunden/etc" "Mozilla/5.0 AppleWebKit/537.36 (KHTML, like Gecko; compatible; GPTBot/1.4; +https://openai.com/gptbot)" "-"
3.213.85.0 - - [25/Sep/2026:00:20:53 +0200] "GET /burgensemble/?lokasie=/usr/lib/locale/es_CR.utf8/LC_PAPER&loknya=/usr/lib/locale/es_CR.utf8 HTTP/1.1" 429 267 s818981589.online.de "-" "Mozilla/5.0 AppleWebKit/537.36 (KHTML, like Gecko; compatible; Amazonbot/0.1; +https://developer.amazon.com/support/amazonbot) Chrome/119.0.6045.214 Safari/537.36" "-"
216.73.216.0 - - [25/Sep/2026:00:20:54 +0200] "GET /index-20922.html?lokasie=%2Fproc%2Fthread-self%2Froot%2Fproc%2Firq%2F303%2Fspurious&loknya=%2Fproc%2Fthread-self%2Froot%2Fproc%2Firq%2F303 HTTP/1.1" 429 267 www.gut-trechow.de "-" "Mozilla/5.0 AppleWebKit/537.36 (KHTML, like Gecko; compatible; ClaudeBot/1.0; +claudebot@anthropic.com)" "-"
216.73.216.0 - - [25/Sep/2026:00:20:54 +0200] "GET /index-20922.html?lokasie=%2Fproc%2Fthread-self%2Froot%2Flib%2Flocale%2Fda_DK.utf8%2FLC_PAPER&loknya=%2Fproc%2Fthread-self%2Froot%2Flib%2Flocale%2Fda_DK.utf8 HTTP/1.1" 429 267 www.gut-trechow.de "-" "Mozilla/5.0 AppleWebKit/537.36 (KHTML, like Gecko; compatible; ClaudeBot/1.0; +claudebot@anthropic.com)" "-"
216.73.216.0 - - [25/Sep/2026:00:20:54 +0200] "GET /index-20922.html?lokasie=%2Fproc%2Fthread-self%2Froot%2Fproc%2Firq%2F326%2Fspurious&loknya=%2Fproc%2Fthread-self%2Froot%2Fproc%2Firq%2F326 HTTP/1.1" 429 267 www.gut-trechow.de "-" "Mozilla/5.0 AppleWebKit/537.36 (KHTML, like Gecko; compatible; ClaudeBot/1.0; +claudebot@anthropic.com)" "-"
52.205.222.0 - - [25/Sep/2026:00:20:54 +0200] "GET /index.php?loknya=/homepages/7/d821531337 HTTP/1.1" 429 267 s818981589.online.de "-" "Mozilla/5.0 AppleWebKit/537.36 (KHTML, like Gecko; compatible; Amazonbot/0.1; +https://developer.amazon.com/support/amazonbot) Chrome/119.0.6045.214 Safari/537.36" "-"
216.73.216.0 - - [25/Sep/2026:00:20:55 +0200] "GET /index-20922.html?lokasie=%2Fproc%2Fthread-self%2Froot%2Fproc%2Firq%2F125%2Faffinity_hint&loknya=%2Fproc%2Fthread-self%2Froot%2Fproc%2Firq%2F125 HTTP/1.1" 429 267 www.gut-trechow.de "-" "Mozilla/5.0 AppleWebKit/537.36 (KHTML, like Gecko; compatible; ClaudeBot/1.0; +claudebot@anthropic.com)" "-"
216.73.216.0 - - [25/Sep/2026:00:20:55 +0200] "GET /?lokasie=%2Fkunden%2Fproc%2Fthread-self%2Froot%2Frun%2Fcrond.pid&loknya=%2Fkunden%2Fproc%2Fthread-self%2Froot%2Frun HTTP/1.1" 429 267 www.gut-trechow.de "-" "Mozilla/5.0 AppleWebKit/537.36 (KHTML, like Gecko; compatible; ClaudeBot/1.0; +claudebot@anthropic.com)" "-"
216.73.216.0 - - [25/Sep/2026:00:20:56 +0200] "GET /?lokasie=%2Fkunden%2Fproc%2Fthread-self%2Froot%2Fbin%2Fpbmtopsg3&loknya=%2Fkunden%2Fproc%2Fthread-self%2Froot%2Fbin HTTP/1.1" 429 267 www.gut-trechow.de "-" "Mozilla/5.0 AppleWebKit/537.36 (KHTML, like Gecko; compatible; ClaudeBot/1.0; +claudebot@anthropic.com)" "-"
216.73.216.0 - - [25/Sep/2026:00:20:57 +0200] "GET /index-20922.html?lokasie=%2Fproc%2Fthread-self%2Froot%2Flib%2Flocale%2Frw_RW%2F%2FLC_MEASUREMENT&loknya=%2Fproc%2Fthread-self%2Froot%2Flib%2Flocale%2Frw_RW%2F HTTP/1.1" 429 267 www.gut-trechow.de "-" "Mozilla/5.0 AppleWebKit/537.36 (KHTML, like Gecko; compatible; ClaudeBot/1.0; +claudebot@anthropic.com)" "-"
216.73.216.0 - - [25/Sep/2026:00:20:57 +0200] "GET /?lokasie=%2Fkunden%2Fproc%2Fthread-self%2Froot%2Fbin%2Fdb5.3_upgrade&loknya=%2Fkunden%2Fproc%2Fthread-self%2Froot%2Fbin HTTP/1.1" 429 267 www.gut-trechow.de "-" "Mozilla/5.0 AppleWebKit/537.36 (KHTML, like Gecko; compatible; ClaudeBot/1.0; +claudebot@anthropic.com)" "-"
54.156.55.0 - - [25/Sep/2026:00:20:57 +0200] "GET /impressum/?loknya=/homepages/15/d820935385/managed HTTP/1.1" 429 267 s818981589.online.de "-" "Mozilla/5.0 AppleWebKit/537.36 (KHTML, like Gecko; compatible; Amazonbot/0.1; +https://developer.amazon.com/support/amazonbot) Chrome/119.0.6045.214 Safari/537.36" "-"
