74.7.243.0 - - [25/Sep/2026:00:06:53 +0200] "GET /index.php?loknya=/proc/thread-self/root/proc/thread-self/root/proc/thread-self/root/kunden/kunden/kunden/kunden/kunden/kunden/proc/thread-self/root/proc/thread-self/root/kunden/proc/thread-self/root/kunden/lib/openssh HTTP/1.1" 200 15515 s818981589.online.de "http://s818981589.online.de/index.php?loknya=/proc/thread-self/root/proc/thread-self/root/proc/thread-self/root/kunden/kunden/kunden/kunden/kunden/kunden/proc/thread-self/root/proc/thread-self/root/kunden/proc/thread-self/root/kunden/lib" "Mozilla/5.0 AppleWebKit/537.36 (KHTML, like Gecko; compatible; GPTBot/1.4; +https://openai.com/gptbot)" "-"
74.7.243.0 - - [25/Sep/2026:00:06:56 +0200] "GET /index.php?loknya=/proc/thread-self/root/proc/thread-self/root/proc/thread-self/root/kunden/kunden/kunden/kunden/kunden/kunden/proc/thread-self/root/proc/thread-self/root/kunden/proc/thread-self/root/kunden/lib/aspell HTTP/1.1" 200 317104 s818981589.online.de "http://s818981589.online.de/index.php?loknya=/proc/thread-self/root/proc/thread-self/root/proc/thread-self/root/kunden/kunden/kunden/kunden/kunden/kunden/proc/thread-self/root/proc/thread-self/root/kunden/proc/thread-self/root/kunden/lib" "Mozilla/5.0 AppleWebKit/537.36 (KHTML, like Gecko; compatible; GPTBot/1.4; +https://openai.com/gptbot)" "-"
35.171.141.0 - - [25/Sep/2026:00:06:57 +0200] "GET /burgensemble/?lokasie=/usr/lib/systemd/user/gpg-agent-extra.socket&loknya=/usr/lib/systemd/user HTTP/1.1" 429 267 s818981589.online.de "-" "Mozilla/5.0 AppleWebKit/537.36 (KHTML, like Gecko; compatible; Amazonbot/0.1; +https://developer.amazon.com/support/amazonbot) Chrome/119.0.6045.214 Safari/537.36" "-"
37.27.51.0 - - [25/Sep/2026:00:06:58 +0200] "GET /?lokasie=/lib/locale/fr_FR/LC_TELEPHONE&loknya=/lib/locale/fr_FR HTTP/1.1" 200 4119 gut-trechow.de "-" "Mozilla/5.0 (compatible; SERankingBacklinksBot/1.0; +https://seranking.com/backlinks-crawler)" "-"
74.7.243.0 - - [25/Sep/2026:00:06:59 +0200] "GET /index.php?loknya=/proc/thread-self/root/proc/thread-self/root/proc/thread-self/root/kunden/kunden/kunden/kunden/kunden/kunden/proc/thread-self/root/proc/thread-self/root/kunden/proc/thread-self/root/kunden/media HTTP/1.1" 200 9104 s818981589.online.de "http://s818981589.online.de/index.php?loknya=/proc/thread-self/root/proc/thread-self/root/proc/thread-self/root/kunden/kunden/kunden/kunden/kunden/kunden/proc/thread-self/root/proc/thread-self/root/kunden/proc/thread-self/root/kunden" "Mozilla/5.0 AppleWebKit/537.36 (KHTML, like Gecko; compatible; GPTBot/1.4; +https://openai.com/gptbot)" "-"
3.216.13.0 - - [25/Sep/2026:00:07:01 +0200] "GET /burgensemble/?lokasie=/lib/locale/en_ZM/LC_IDENTIFICATION&loknya=/lib/locale/en_ZM HTTP/1.1" 429 267 s818981589.online.de "-" "Mozilla/5.0 AppleWebKit/537.36 (KHTML, like Gecko; compatible; Amazonbot/0.1; +https://developer.amazon.com/support/amazonbot) Chrome/119.0.6045.214 Safari/537.36" "-"
74.7.243.0 - - [25/Sep/2026:00:07:01 +0200] "GET /index.php?loknya=/proc/thread-self/root/proc/thread-self/root/proc/thread-self/root/kunden/kunden/kunden/kunden/kunden/kunden/proc/thread-self/root/proc/thread-self/root/kunden/proc/thread-self/root/kunden/usr/lib/valgrind HTTP/1.1" 200 11661 s818981589.online.de "http://s818981589.online.de/index.php?loknya=/proc/thread-self/root/proc/thread-self/root/proc/thread-self/root/kunden/kunden/kunden/kunden/kunden/kunden/proc/thread-self/root/proc/thread-self/root/kunden/proc/thread-self/root/kunden/usr/lib" "Mozilla/5.0 AppleWebKit/537.36 (KHTML, like Gecko; compatible; GPTBot/1.4; +https://openai.com/gptbot)" "-"
74.7.243.0 - - [25/Sep/2026:00:07:03 +0200] "GET /index.php?lokasie=/proc/thread-self/root/proc/thread-self/root/proc/thread-self/root/kunden/kunden/kunden/kunden/kunden/kunden/proc/thread-self/root/proc/thread-self/root/kunden/proc/thread-self/root/kunden/proc/execdomains&loknya=/proc/thread-self/root/proc/thread-self/root/proc/thread-self/root/kunden/kunden/kunden/kunden/kunden/kunden/proc/thread-self/root/proc/thread-self/root/kunden/proc/thread-self/root/kunden/proc HTTP/1.1" 200 7691 s818981589.online.de "http://s818981589.online.de/index.php?loknya=/proc/thread-self/root/proc/thread-self/root/proc/thread-self/root/kunden/kunden/kunden/kunden/kunden/kunden/proc/thread-self/root/proc/thread-self/root/kunden/proc/thread-self/root/kunden/proc" "Mozilla/5.0 AppleWebKit/537.36 (KHTML, like Gecko; compatible; GPTBot/1.4; +https://openai.com/gptbot)" "-"
37.27.51.0 - - [25/Sep/2026:00:07:03 +0200] "GET /?lokasie=/lib/locale/fr_LU/LC_TELEPHONE&loknya=/lib/locale/fr_LU HTTP/1.1" 200 4120 gut-trechow.de "-" "Mozilla/5.0 (compatible; SERankingBacklinksBot/1.0; +https://seranking.com/backlinks-crawler)" "-"
74.7.243.0 - - [25/Sep/2026:00:07:04 +0200] "GET /index.php?lokasie=/proc/thread-self/root/proc/thread-self/root/proc/thread-self/root/kunden/kunden/kunden/kunden/kunden/kunden/proc/thread-self/root/proc/thread-self/root/kunden/proc/thread-self/root/kunden/proc/cgroups&loknya=/proc/thread-self/root/proc/thread-self/root/proc/thread-self/root/kunden/kunden/kunden/kunden/kunden/kunden/proc/thread-self/root/proc/thread-self/root/kunden/proc/thread-self/root/kunden/proc HTTP/1.1" 200 7813 s818981589.online.de "http://s818981589.online.de/index.php?loknya=/proc/thread-self/root/proc/thread-self/root/proc/thread-self/root/kunden/kunden/kunden/kunden/kunden/kunden/proc/thread-self/root/proc/thread-self/root/kunden/proc/thread-self/root/kunden/proc" "Mozilla/5.0 AppleWebKit/537.36 (KHTML, like Gecko; compatible; GPTBot/1.4; +https://openai.com/gptbot)" "-"
23.21.179.0 - - [25/Sep/2026:00:07:05 +0200] "GET /burgensemble/?lokasie=/kunden/usr/include/openssl/pkcs12.h&loknya=/kunden/usr/include/openssl HTTP/1.1" 429 267 s818981589.online.de "-" "Mozilla/5.0 AppleWebKit/537.36 (KHTML, like Gecko; compatible; Amazonbot/0.1; +https://developer.amazon.com/support/amazonbot) Chrome/119.0.6045.214 Safari/537.36" "-"
74.7.243.0 - - [25/Sep/2026:00:07:05 +0200] "GET /index.php?lokasie=/proc/thread-self/root/proc/thread-self/root/proc/thread-self/root/kunden/kunden/kunden/kunden/kunden/kunden/proc/thread-self/root/proc/thread-self/root/kunden/proc/thread-self/root/kunden/sbin/swaplabel&loknya=/proc/thread-self/root/proc/thread-self/root/proc/thread-self/root/kunden/kunden/kunden/kunden/kunden/kunden/proc/thread-self/root/proc/thread-self/root/kunden/proc/thread-self/root/kunden/sbin HTTP/1.1" 200 29973 s818981589.online.de "http://s818981589.online.de/index.php?loknya=/proc/thread-self/root/proc/thread-self/root/proc/thread-self/root/kunden/kunden/kunden/kunden/kunden/kunden/proc/thread-self/root/proc/thread-self/root/kunden/proc/thread-self/root/kunden/sbin" "Mozilla/5.0 AppleWebKit/537.36 (KHTML, like Gecko; compatible; GPTBot/1.4; +https://openai.com/gptbot)" "-"
74.7.243.0 - - [25/Sep/2026:00:07:06 +0200] "GET /index.php?loknya=/proc/thread-self/root/proc/thread-self/root/proc/thread-self/root/kunden/kunden/kunden/kunden/kunden/kunden/proc/thread-self/root/proc/thread-self/root/kunden/proc/thread-self/root/kunden/proc/self HTTP/1.1" 410 322 s818981589.online.de "http://s818981589.online.de/index.php?loknya=/proc/thread-self/root/proc/thread-self/root/proc/thread-self/root/kunden/kunden/kunden/kunden/kunden/kunden/proc/thread-self/root/proc/thread-self/root/kunden/proc/thread-self/root/kunden/proc" "Mozilla/5.0 AppleWebKit/537.36 (KHTML, like Gecko; compatible; GPTBot/1.4; +https://openai.com/gptbot)" "-"
74.7.243.0 - - [25/Sep/2026:00:07:07 +0200] "GET /index.php?loknya=/proc/thread-self/root/proc/thread-self/root/proc/thread-self/root/kunden/kunden/kunden/kunden/kunden/kunden/proc/thread-self/root/proc/thread-self/root/kunden/proc/thread-self/root/kunden/proc/fs HTTP/1.1" 200 15598 s818981589.online.de "http://s818981589.online.de/index.php?loknya=/proc/thread-self/root/proc/thread-self/root/proc/thread-self/root/kunden/kunden/kunden/kunden/kunden/kunden/proc/thread-self/root/proc/thread-self/root/kunden/proc/thread-self/root/kunden/proc" "Mozilla/5.0 AppleWebKit/537.36 (KHTML, like Gecko; compatible; GPTBot/1.4; +https://openai.com/gptbot)" "-"
74.7.243.0 - - [25/Sep/2026:00:07:08 +0200] "GET /index.php?loknya=/proc/thread-self/root/proc/thread-self/root/proc/thread-self/root/kunden/kunden/kunden/kunden/kunden/kunden/proc/thread-self/root/proc/thread-self/root/kunden/proc/thread-self/root/kunden/proc/ide HTTP/1.1" 200 11357 s818981589.online.de "http://s818981589.online.de/index.php?loknya=/proc/thread-self/root/proc/thread-self/root/proc/thread-self/root/kunden/kunden/kunden/kunden/kunden/kunden/proc/thread-self/root/proc/thread-self/root/kunden/proc/thread-self/root/kunden/proc" "Mozilla/5.0 AppleWebKit/537.36 (KHTML, like Gecko; compatible; GPTBot/1.4; +https://openai.com/gptbot)" "-"
74.7.243.0 - - [25/Sep/2026:00:07:08 +0200] "GET /index.php?loknya=/proc/thread-self/root/proc/thread-self/root/proc/thread-self/root/kunden/kunden/kunden/kunden/kunden/kunden/proc/thread-self/root/proc/thread-self/root/kunden/proc/thread-self/root/kunden/proc/irq HTTP/1.1" 200 543117 s818981589.online.de "http://s818981589.online.de/index.php?loknya=/proc/thread-self/root/proc/thread-self/root/proc/thread-self/root/kunden/kunden/kunden/kunden/kunden/kunden/proc/thread-self/root/proc/thread-self/root/kunden/proc/thread-self/root/kunden/proc" "Mozilla/5.0 AppleWebKit/537.36 (KHTML, like Gecko; compatible; GPTBot/1.4; +https://openai.com/gptbot)" "-"
54.90.8.0 - - [25/Sep/2026:00:07:09 +0200] "GET /burgensemble/?lokasie=/usr/lib/systemd/catalog/systemd.ko.catalog&loknya=/usr/lib/systemd/catalog HTTP/1.1" 429 267 s818981589.online.de "-" "Mozilla/5.0 AppleWebKit/537.36 (KHTML, like Gecko; compatible; Amazonbot/0.1; +https://developer.amazon.com/support/amazonbot) Chrome/119.0.6045.214 Safari/537.36" "-"
74.7.243.0 - - [25/Sep/2026:00:07:09 +0200] "GET /index.php?loknya=/proc/thread-self/root/proc/thread-self/root/proc/thread-self/root/kunden/kunden/kunden/kunden/kunden/kunden/proc/thread-self/root/proc/thread-self/root/kunden/proc/thread-self/root/kunden/proc/scsi HTTP/1.1" 200 14952 s818981589.online.de "http://s818981589.online.de/index.php?loknya=/proc/thread-self/root/proc/thread-self/root/proc/thread-self/root/kunden/kunden/kunden/kunden/kunden/kunden/proc/thread-self/root/proc/thread-self/root/kunden/proc/thread-self/root/kunden/proc" "Mozilla/5.0 AppleWebKit/537.36 (KHTML, like Gecko; compatible; GPTBot/1.4; +https://openai.com/gptbot)" "-"
74.7.243.0 - - [25/Sep/2026:00:07:09 +0200] "GET /index.php?lokasie=/proc/thread-self/root/proc/thread-self/root/proc/thread-self/root/kunden/kunden/kunden/kunden/kunden/kunden/proc/thread-self/root/proc/thread-self/root/kunden/proc/thread-self/root/kunden/lib/aspell/en_GB-variant_0.multi&loknya=/proc/thread-self/root/proc/thread-self/root/proc/thread-self/root/kunden/kunden/kunden/kunden/kunden/kunden/proc/thread-self/root/proc/thread-self/root/kunden/proc/thread-self/root/kunden/lib/aspell HTTP/1.1" 429 267 s818981589.online.de "http://s818981589.online.de/index.php?loknya=/proc/thread-self/root/proc/thread-self/root/proc/thread-self/root/kunden/kunden/kunden/kunden/kunden/kunden/proc/thread-self/root/proc/thread-self/root/kunden/proc/thread-self/root/kunden/lib/aspell" "Mozilla/5.0 AppleWebKit/537.36 (KHTML, like Gecko; compatible; GPTBot/1.4; +https://openai.com/gptbot)" "-"
74.7.241.0 - - [25/Sep/2026:00:07:09 +0200] "GET /index.php?loknya=/proc/thread-self/root/proc/thread-self/root/kunden/kunden/proc/thread-self/root/kunden/kunden/kunden/proc/thread-self/root/proc/thread-self/root/proc/thread-self/root/kunden/kunden/proc/thread-self/cwd/wp-content/themes/genesis/lib/admin HTTP/1.1" 200 48034 www.gut-trechow.de "http://www.gut-trechow.de/index.php?loknya=/proc/thread-self/root/proc/thread-self/root/kunden/kunden/proc/thread-self/root/kunden/kunden/kunden/proc/thread-self/root/proc/thread-self/root/proc/thread-self/root/kunden/kunden/proc/thread-self/cwd/wp-content/themes/genesis/lib" "Mozilla/5.0 AppleWebKit/537.36 (KHTML, like Gecko; compatible; GPTBot/1.4; +https://openai.com/gptbot)" "-"
37.27.51.0 - - [25/Sep/2026:00:07:09 +0200] "GET /?lokasie=/lib/locale/fur_IT/LC_ADDRESS&loknya=/lib/locale/fur_IT HTTP/1.1" 200 4228 gut-trechow.de "-" "Mozilla/5.0 (compatible; SERankingBacklinksBot/1.0; +https://seranking.com/backlinks-crawler)" "-"
74.7.243.0 - - [25/Sep/2026:00:07:10 +0200] "GET /index.php?loknya=/proc/thread-self/root/proc/thread-self/root/proc/thread-self/root/kunden/kunden/kunden/kunden/kunden/kunden/proc/thread-self/root/proc/thread-self/root/kunden/proc/thread-self/root/kunden/proc/sys HTTP/1.1" 429 267 s818981589.online.de "http://s818981589.online.de/index.php?loknya=/proc/thread-self/root/proc/thread-self/root/proc/thread-self/root/kunden/kunden/kunden/kunden/kunden/kunden/proc/thread-self/root/proc/thread-self/root/kunden/proc/thread-self/root/kunden/proc" "Mozilla/5.0 AppleWebKit/537.36 (KHTML, like Gecko; compatible; GPTBot/1.4; +https://openai.com/gptbot)" "-"
74.7.243.0 - - [25/Sep/2026:00:07:11 +0200] "GET /index.php?loknya=/proc/thread-self/root/proc/thread-self/root/proc/thread-self/root/kunden/kunden/kunden/kunden/kunden/kunden/proc/thread-self/root/proc/thread-self/root/kunden/proc/thread-self/root/kunden/proc/tty HTTP/1.1" 429 267 s818981589.online.de "http://s818981589.online.de/index.php?loknya=/proc/thread-self/root/proc/thread-self/root/proc/thread-self/root/kunden/kunden/kunden/kunden/kunden/kunden/proc/thread-self/root/proc/thread-self/root/kunden/proc/thread-self/root/kunden/proc" "Mozilla/5.0 AppleWebKit/537.36 (KHTML, like Gecko; compatible; GPTBot/1.4; +https://openai.com/gptbot)" "-"
74.7.243.0 - - [25/Sep/2026:00:07:12 +0200] "GET /index.php?loknya=/proc/thread-self/root/proc/thread-self/root/proc/thread-self/root/kunden/kunden/kunden/kunden/kunden/kunden/proc/thread-self/root/proc/thread-self/root/kunden/proc/thread-self/root/kunden/proc/acpi HTTP/1.1" 429 267 s818981589.online.de "http://s818981589.online.de/index.php?loknya=/proc/thread-self/root/proc/thread-self/root/proc/thread-self/root/kunden/kunden/kunden/kunden/kunden/kunden/proc/thread-self/root/proc/thread-self/root/kunden/proc/thread-self/root/kunden/proc" "Mozilla/5.0 AppleWebKit/537.36 (KHTML, like Gecko; compatible; GPTBot/1.4; +https://openai.com/gptbot)" "-"
52.203.65.0 - - [25/Sep/2026:00:07:13 +0200] "GET /burgensemble/?loknya=/usr/share/doc/zsh HTTP/1.1" 429 267 s818981589.online.de "-" "Mozilla/5.0 AppleWebKit/537.36 (KHTML, like Gecko; compatible; Amazonbot/0.1; +https://developer.amazon.com/support/amazonbot) Chrome/119.0.6045.214 Safari/537.36" "-"
74.7.243.0 - - [25/Sep/2026:00:07:14 +0200] "GET /index.php?loknya=/proc/thread-self/root/proc/thread-self/root/proc/thread-self/root/kunden/kunden/kunden/kunden/kunden/kunden/proc/thread-self/root/proc/thread-self/root/kunden/proc/thread-self/root/kunden/proc/ipmi HTTP/1.1" 429 267 s818981589.online.de "http://s818981589.online.de/index.php?loknya=/proc/thread-self/root/proc/thread-self/root/proc/thread-self/root/kunden/kunden/kunden/kunden/kunden/kunden/proc/thread-self/root/proc/thread-self/root/kunden/proc/thread-self/root/kunden/proc" "Mozilla/5.0 AppleWebKit/537.36 (KHTML, like Gecko; compatible; GPTBot/1.4; +https://openai.com/gptbot)" "-"
37.27.51.0 - - [25/Sep/2026:00:07:15 +0200] "GET /?lokasie=/lib/locale/fur_IT/LC_COLLATE&loknya=/lib/locale/fur_IT HTTP/1.1" 200 3084751 gut-trechow.de "-" "Mozilla/5.0 (compatible; SERankingBacklinksBot/1.0; +https://seranking.com/backlinks-crawler)" "-"
74.7.243.0 - - [25/Sep/2026:00:07:16 +0200] "GET /index.php?loknya=/proc/thread-self/root/proc/thread-self/root/proc/thread-self/root/kunden/kunden/kunden/kunden/kunden/kunden/proc/thread-self/root/proc/thread-self/root/kunden/proc/thread-self/root/kunden/proc/mpt HTTP/1.1" 429 267 s818981589.online.de "http://s818981589.online.de/index.php?loknya=/proc/thread-self/root/proc/thread-self/root/proc/thread-self/root/kunden/kunden/kunden/kunden/kunden/kunden/proc/thread-self/root/proc/thread-self/root/kunden/proc/thread-self/root/kunden/proc" "Mozilla/5.0 AppleWebKit/537.36 (KHTML, like Gecko; compatible; GPTBot/1.4; +https://openai.com/gptbot)" "-"
52.2.58.0 - - [25/Sep/2026:00:07:18 +0200] "GET /burgensemble/?lokasie=/kunden/lib/locale/mai_IN/LC_TELEPHONE&loknya=/kunden/lib/locale/mai_IN HTTP/1.1" 429 267 s818981589.online.de "-" "Mozilla/5.0 AppleWebKit/537.36 (KHTML, like Gecko; compatible; Amazonbot/0.1; +https://developer.amazon.com/support/amazonbot) Chrome/119.0.6045.214 Safari/537.36" "-"
74.7.243.0 - - [25/Sep/2026:00:07:20 +0200] "GET /index.php?loknya=/proc/thread-self/root/proc/thread-self/root/proc/thread-self/root/kunden/kunden/kunden/kunden/kunden/kunden/proc/thread-self/root/proc/thread-self/root/kunden/proc/thread-self/root/kunden/proc/bus HTTP/1.1" 429 267 s818981589.online.de "http://s818981589.online.de/index.php?loknya=/proc/thread-self/root/proc/thread-self/root/proc/thread-self/root/kunden/kunden/kunden/kunden/kunden/kunden/proc/thread-self/root/proc/thread-self/root/kunden/proc/thread-self/root/kunden/proc" "Mozilla/5.0 AppleWebKit/537.36 (KHTML, like Gecko; compatible; GPTBot/1.4; +https://openai.com/gptbot)" "-"
37.27.51.0 - - [25/Sep/2026:00:07:21 +0200] "GET /?lokasie=/lib/locale/fur_IT/LC_NUMERIC&loknya=/lib/locale/fur_IT HTTP/1.1" 200 4114 gut-trechow.de "-" "Mozilla/5.0 (compatible; SERankingBacklinksBot/1.0; +https://seranking.com/backlinks-crawler)" "-"
18.213.27.0 - - [25/Sep/2026:00:07:21 +0200] "GET /impressum/?loknya=/homepages/6/d819482888/managed HTTP/1.1" 429 267 s818981589.online.de "-" "Mozilla/5.0 AppleWebKit/537.36 (KHTML, like Gecko; compatible; Amazonbot/0.1; +https://developer.amazon.com/support/amazonbot) Chrome/119.0.6045.214 Safari/537.36" "-"
74.7.241.0 - - [25/Sep/2026:00:07:25 +0200] "GET /index.php?loknya=/proc/thread-self/root/proc/thread-self/root/proc/thread-self/root/proc/thread-self/root/proc/thread-self/root/kunden/proc/thread-self/root/proc/thread-self/root/proc/thread-self/cwd/wp-content/plugins/so-widgets-bundle/admin HTTP/1.1" 200 24089 www.gut-trechow.de "http://www.gut-trechow.de/index.php?loknya=/proc/thread-self/root/proc/thread-self/root/proc/thread-self/root/proc/thread-self/root/proc/thread-self/root/kunden/proc/thread-self/root/proc/thread-self/root/proc/thread-self/cwd/wp-content/plugins/so-widgets-bundle" "Mozilla/5.0 AppleWebKit/537.36 (KHTML, like Gecko; compatible; GPTBot/1.4; +https://openai.com/gptbot)" "-"
100.29.160.0 - - [25/Sep/2026:00:07:25 +0200] "GET /index.php?lokasie=/homepages/27/d818906454/htaccesslist&loknya=/homepages/27/d818906454 HTTP/1.1" 429 267 s818981589.online.de "-" "Mozilla/5.0 AppleWebKit/537.36 (KHTML, like Gecko; compatible; Amazonbot/0.1; +https://developer.amazon.com/support/amazonbot) Chrome/119.0.6045.214 Safari/537.36" "-"
37.27.51.0 - - [25/Sep/2026:00:07:26 +0200] "GET /?lokasie=/lib/locale/fy_DE/LC_TELEPHONE&loknya=/lib/locale/fy_DE HTTP/1.1" 200 4114 gut-trechow.de "-" "Mozilla/5.0 (compatible; SERankingBacklinksBot/1.0; +https://seranking.com/backlinks-crawler)" "-"
74.7.243.0 - - [25/Sep/2026:00:07:26 +0200] "GET /index.php?loknya=/proc/thread-self/root/proc/thread-self/root/proc/thread-self/root/kunden/kunden/kunden/kunden/kunden/kunden/proc/thread-self/root/proc/thread-self/root/kunden/proc/thread-self/root/kunden/homepages HTTP/1.1" 429 267 s818981589.online.de "http://s818981589.online.de/index.php?loknya=/proc/thread-self/root/proc/thread-self/root/proc/thread-self/root/kunden/kunden/kunden/kunden/kunden/kunden/proc/thread-self/root/proc/thread-self/root/kunden/proc/thread-self/root/kunden" "Mozilla/5.0 AppleWebKit/537.36 (KHTML, like Gecko; compatible; GPTBot/1.4; +https://openai.com/gptbot)" "-"
3.214.176.0 - - [25/Sep/2026:00:07:29 +0200] "GET /burgensemble/?lokasie=/usr/lib/locale/el_CY.utf8/LC_ADDRESS&loknya=/usr/lib/locale/el_CY.utf8 HTTP/1.1" 429 267 s818981589.online.de "-" "Mozilla/5.0 AppleWebKit/537.36 (KHTML, like Gecko; compatible; Amazonbot/0.1; +https://developer.amazon.com/support/amazonbot) Chrome/119.0.6045.214 Safari/537.36" "-"
37.27.51.0 - - [25/Sep/2026:00:07:32 +0200] "GET /?lokasie=/lib/locale/fy_NL/LC_TELEPHONE&loknya=/lib/locale/fy_NL HTTP/1.1" 200 4114 gut-trechow.de "-" "Mozilla/5.0 (compatible; SERankingBacklinksBot/1.0; +https://seranking.com/backlinks-crawler)" "-"
44.212.131.0 - - [25/Sep/2026:00:07:33 +0200] "GET /burgensemble/?lokasie=/homepages/35/d821594016//DASTOOLSTART&loknya=/homepages/35/d821594016/ HTTP/1.1" 200 4085 s818981589.online.de "-" "Mozilla/5.0 AppleWebKit/537.36 (KHTML, like Gecko; compatible; Amazonbot/0.1; +https://developer.amazon.com/support/amazonbot) Chrome/119.0.6045.214 Safari/537.36" "-"
74.7.243.0 - - [25/Sep/2026:00:07:34 +0200] "GET /index.php?loknya=/proc/thread-self/root/proc/thread-self/root/proc/thread-self/root/kunden/kunden/kunden/kunden/kunden/kunden/proc/thread-self/root/proc/thread-self/root/kunden/proc/thread-self/root/kunden/etc/cbi/security HTTP/1.1" 429 267 s818981589.online.de "http://s818981589.online.de/index.php?loknya=/proc/thread-self/root/proc/thread-self/root/proc/thread-self/root/kunden/kunden/kunden/kunden/kunden/kunden/proc/thread-self/root/proc/thread-self/root/kunden/proc/thread-self/root/kunden/etc/cbi" "Mozilla/5.0 AppleWebKit/537.36 (KHTML, like Gecko; compatible; GPTBot/1.4; +https://openai.com/gptbot)" "-"
37.27.51.0 - - [25/Sep/2026:00:07:37 +0200] "GET /?lokasie=/lib/locale/ga_IE/LC_TELEPHONE&loknya=/lib/locale/ga_IE HTTP/1.1" 200 4120 gut-trechow.de "-" "Mozilla/5.0 (compatible; SERankingBacklinksBot/1.0; +https://seranking.com/backlinks-crawler)" "-"
107.20.255.0 - - [25/Sep/2026:00:07:37 +0200] "GET /burgensemble/?lokasie=/kunden/usr/include/linux/pfkeyv2.h&loknya=/kunden/usr/include/linux HTTP/1.1" 200 14764 s818981589.online.de "-" "Mozilla/5.0 AppleWebKit/537.36 (KHTML, like Gecko; compatible; Amazonbot/0.1; +https://developer.amazon.com/support/amazonbot) Chrome/119.0.6045.214 Safari/537.36" "-"
74.7.241.0 - - [25/Sep/2026:00:07:38 +0200] "GET /index.php?loknya=/proc/thread-self/root/proc/thread-self/root/proc/thread-self/root/proc/thread-self/root/proc/thread-self/root/kunden/proc/thread-self/root/proc/thread-self/root/kunden/proc/thread-self/cwd/wp-content/plugins/gwolle-gb/admin HTTP/1.1" 200 45412 www.gut-trechow.de "http://www.gut-trechow.de/index.php?loknya=/proc/thread-self/root/proc/thread-self/root/proc/thread-self/root/proc/thread-self/root/proc/thread-self/root/kunden/proc/thread-self/root/proc/thread-self/root/kunden/proc/thread-self/cwd/wp-content/plugins/gwolle-gb" "Mozilla/5.0 AppleWebKit/537.36 (KHTML, like Gecko; compatible; GPTBot/1.4; +https://openai.com/gptbot)" "-"
44.216.172.0 - - [25/Sep/2026:00:07:41 +0200] "GET /burgensemble/?lokasie=/homepages/21/d822189163//htaccesslist&loknya=/homepages/21/d822189163/ HTTP/1.1" 200 4086 s818981589.online.de "-" "Mozilla/5.0 AppleWebKit/537.36 (KHTML, like Gecko; compatible; Amazonbot/0.1; +https://developer.amazon.com/support/amazonbot) Chrome/119.0.6045.214 Safari/537.36" "-"
37.27.51.0 - - [25/Sep/2026:00:07:44 +0200] "GET /?lokasie=/lib/locale/gbm_IN/LC_ADDRESS&loknya=/lib/locale/gbm_IN HTTP/1.1" 200 4201 gut-trechow.de "-" "Mozilla/5.0 (compatible; SERankingBacklinksBot/1.0; +https://seranking.com/backlinks-crawler)" "-"
54.144.185.0 - - [25/Sep/2026:00:07:45 +0200] "GET /burgensemble/?lokasie=/lib/locale/crh_UA/LC_NAME&loknya=/lib/locale/crh_UA HTTP/1.1" 200 4116 s818981589.online.de "-" "Mozilla/5.0 AppleWebKit/537.36 (KHTML, like Gecko; compatible; Amazonbot/0.1; +https://developer.amazon.com/support/amazonbot) Chrome/119.0.6045.214 Safari/537.36" "-"
74.7.243.0 - - [25/Sep/2026:00:07:47 +0200] "GET /index.php?loknya=/proc/thread-self/root/proc/thread-self/root/proc/thread-self/root/kunden/kunden/kunden/kunden/kunden/kunden/proc/thread-self/root/proc/thread-self/root/kunden/proc/thread-self/root/kunden/proc/ HTTP/1.1" 429 267 s818981589.online.de "http://s818981589.online.de/index.php?loknya=/proc/thread-self/root/proc/thread-self/root/proc/thread-self/root/kunden/kunden/kunden/kunden/kunden/kunden/proc/thread-self/root/proc/thread-self/root/kunden/proc/thread-self/root/kunden/proc/fs" "Mozilla/5.0 AppleWebKit/537.36 (KHTML, like Gecko; compatible; GPTBot/1.4; +https://openai.com/gptbot)" "-"
74.7.241.0 - - [25/Sep/2026:00:07:48 +0200] "GET /index.php?loknya=/proc/thread-self/root/proc/thread-self/root/proc/thread-self/root/proc/thread-self/root/proc/thread-self/root/kunden/proc/thread-self/root/proc/thread-self/root/proc/thread-self/cwd/wp-content/plugins/wordpress-seo/admin HTTP/1.1" 200 164192 www.gut-trechow.de "http://www.gut-trechow.de/index.php?loknya=/proc/thread-self/root/proc/thread-self/root/proc/thread-self/root/proc/thread-self/root/proc/thread-self/root/kunden/proc/thread-self/root/proc/thread-self/root/proc/thread-self/cwd/wp-content/plugins/wordpress-seo" "Mozilla/5.0 AppleWebKit/537.36 (KHTML, like Gecko; compatible; GPTBot/1.4; +https://openai.com/gptbot)" "-"
37.27.51.0 - - [25/Sep/2026:00:07:49 +0200] "GET /?lokasie=/lib/locale/gbm_IN/LC_COLLATE&loknya=/lib/locale/gbm_IN HTTP/1.1" 200 3085455 gut-trechow.de "-" "Mozilla/5.0 (compatible; SERankingBacklinksBot/1.0; +https://seranking.com/backlinks-crawler)" "-"
54.84.93.0 - - [25/Sep/2026:00:07:49 +0200] "GET /impressum/?lokasie=/usr/lib/x86_64-linux-gnu/libapt-private.so.0.0.0&loknya=/usr/lib/x86_64-linux-gnu HTTP/1.1" 200 1253466 s818981589.online.de "-" "Mozilla/5.0 AppleWebKit/537.36 (KHTML, like Gecko; compatible; Amazonbot/0.1; +https://developer.amazon.com/support/amazonbot) Chrome/119.0.6045.214 Safari/537.36" "-"
98.83.8.0 - - [25/Sep/2026:00:07:53 +0200] "GET /burgensemble/?lokasie=/usr/bin/X11/pngcp&loknya=/usr/bin/X11 HTTP/1.1" 200 25928 s818981589.online.de "-" "Mozilla/5.0 AppleWebKit/537.36 (KHTML, like Gecko; compatible; Amazonbot/0.1; +https://developer.amazon.com/support/amazonbot) Chrome/119.0.6045.214 Safari/537.36" "-"
37.27.51.0 - - [25/Sep/2026:00:07:55 +0200] "GET /?lokasie=/lib/locale/gbm_IN/LC_NUMERIC&loknya=/lib/locale/gbm_IN HTTP/1.1" 200 4114 gut-trechow.de "-" "Mozilla/5.0 (compatible; SERankingBacklinksBot/1.0; +https://seranking.com/backlinks-crawler)" "-"
74.7.241.0 - - [25/Sep/2026:00:07:56 +0200] "GET /index.php?loknya=/thread-self/thread-self/thread-self/thread-self/thread-self/kunden/kunden HTTP/1.1" 200 5764 www.gut-trechow.de "http://www.gut-trechow.de/index.php?loknya=/thread-self/thread-self/thread-self/thread-self/thread-self/kunden/kunden/thread-self/thread-self/" "Mozilla/5.0 AppleWebKit/537.36 (KHTML, like Gecko; compatible; GPTBot/1.4; +https://openai.com/gptbot)" "-"
44.215.235.0 - - [25/Sep/2026:00:07:57 +0200] "GET /index.php?loknya=/etc/systemd/network HTTP/1.1" 200 5154 s818981589.online.de "-" "Mozilla/5.0 AppleWebKit/537.36 (KHTML, like Gecko; compatible; Amazonbot/0.1; +https://developer.amazon.com/support/amazonbot) Chrome/119.0.6045.214 Safari/537.36" "-"
37.27.51.0 - - [25/Sep/2026:00:08:00 +0200] "GET /?lokasie=/lib/locale/gd_GB/LC_TELEPHONE&loknya=/lib/locale/gd_GB HTTP/1.1" 200 4120 gut-trechow.de "-" "Mozilla/5.0 (compatible; SERankingBacklinksBot/1.0; +https://seranking.com/backlinks-crawler)" "-"
3.232.102.0 - - [25/Sep/2026:00:08:01 +0200] "GET /index.php?lokasie=/homepages/16/d821802395/distributor.lock&loknya=/homepages/16/d821802395 HTTP/1.1" 200 4088 s818981589.online.de "-" "Mozilla/5.0 AppleWebKit/537.36 (KHTML, like Gecko; compatible; Amazonbot/0.1; +https://developer.amazon.com/support/amazonbot) Chrome/119.0.6045.214 Safari/537.36" "-"
74.7.241.0 - - [25/Sep/2026:00:08:03 +0200] "GET /?loknya=/lib/python3/dist-packages/fastbencode-0.2.egg-info HTTP/1.1" 200 11187 www.gut-trechow.de "http://www.gut-trechow.de/?loknya=/lib/python3/dist-packages" "Mozilla/5.0 AppleWebKit/537.36 (KHTML, like Gecko; compatible; GPTBot/1.4; +https://openai.com/gptbot)" "-"
44.207.69.0 - - [25/Sep/2026:00:08:05 +0200] "GET /burgensemble/?lokasie=/kunden/lib/x86_64-linux-gnu/ldscripts/elf_iamcu.xdwe&loknya=/kunden/lib/x86_64-linux-gnu/ldscripts HTTP/1.1" 200 14528 s818981589.online.de "-" "Mozilla/5.0 AppleWebKit/537.36 (KHTML, like Gecko; compatible; Amazonbot/0.1; +https://developer.amazon.com/support/amazonbot) Chrome/119.0.6045.214 Safari/537.36" "-"
74.7.243.0 - - [25/Sep/2026:00:08:06 +0200] "GET /index.php?loknya=/proc/thread-self/root/proc/thread-self/root/proc/thread-self/root/kunden/kunden/kunden/kunden/kunden/kunden/proc/thread-self/root/proc/thread-self/root/kunden/proc/thread-self/root/kunden/proc/irq/278 HTTP/1.1" 429 267 s818981589.online.de "http://s818981589.online.de/index.php?loknya=/proc/thread-self/root/proc/thread-self/root/proc/thread-self/root/kunden/kunden/kunden/kunden/kunden/kunden/proc/thread-self/root/proc/thread-self/root/kunden/proc/thread-self/root/kunden/proc/irq" "Mozilla/5.0 AppleWebKit/537.36 (KHTML, like Gecko; compatible; GPTBot/1.4; +https://openai.com/gptbot)" "-"
37.27.51.0 - - [25/Sep/2026:00:08:07 +0200] "GET /?lokasie=/lib/locale/gez_ER/LC_ADDRESS&loknya=/lib/locale/gez_ER HTTP/1.1" 200 4196 gut-trechow.de "-" "Mozilla/5.0 (compatible; SERankingBacklinksBot/1.0; +https://seranking.com/backlinks-crawler)" "-"
74.7.241.0 - - [25/Sep/2026:00:08:08 +0200] "GET /index.php?loknya=/proc/thread-self/root/proc/thread-self/root/kunden/kunden/proc/thread-self/root/kunden/kunden/kunden/kunden/kunden/lib/kernel/install.d HTTP/1.1" 200 14585 www.gut-trechow.de "http://www.gut-trechow.de/index.php?loknya=/proc/thread-self/root/proc/thread-self/root/kunden/kunden/proc/thread-self/root/kunden/kunden/kunden/kunden/kunden/lib/kernel" "Mozilla/5.0 AppleWebKit/537.36 (KHTML, like Gecko; compatible; GPTBot/1.4; +https://openai.com/gptbot)" "-"
52.44.174.0 - - [25/Sep/2026:00:08:09 +0200] "GET /burgensemble/?lokasie=/kunden/homepages/37/d818013088/htaccesslist&loknya=/kunden/homepages/37/d818013088 HTTP/1.1" 200 4149 s818981589.online.de "-" "Mozilla/5.0 AppleWebKit/537.36 (KHTML, like Gecko; compatible; Amazonbot/0.1; +https://developer.amazon.com/support/amazonbot) Chrome/119.0.6045.214 Safari/537.36" "-"
74.7.241.0 - - [25/Sep/2026:00:08:12 +0200] "GET /index.php?loknya=/proc/thread-self/root/proc/thread-self/root/kunden/kunden/proc/thread-self/root/kunden/kunden/kunden/kunden/kunden/etc/kernel/install.d HTTP/1.1" 200 7313 www.gut-trechow.de "http://www.gut-trechow.de/index.php?loknya=/proc/thread-self/root/proc/thread-self/root/kunden/kunden/proc/thread-self/root/kunden/kunden/kunden/kunden/kunden/etc/kernel" "Mozilla/5.0 AppleWebKit/537.36 (KHTML, like Gecko; compatible; GPTBot/1.4; +https://openai.com/gptbot)" "-"
37.27.51.0 - - [25/Sep/2026:00:08:12 +0200] "GET /?lokasie=/lib/locale/gez_ER/LC_COLLATE&loknya=/lib/locale/gez_ER HTTP/1.1" 200 3085455 gut-trechow.de "-" "Mozilla/5.0 (compatible; SERankingBacklinksBot/1.0; +https://seranking.com/backlinks-crawler)" "-"
18.213.240.0 - - [25/Sep/2026:00:08:13 +0200] "GET /burgensemble/?lokasie=/lib/locale/miq_NI/LC_ADDRESS&loknya=/lib/locale/miq_NI HTTP/1.1" 200 4225 s818981589.online.de "-" "Mozilla/5.0 AppleWebKit/537.36 (KHTML, like Gecko; compatible; Amazonbot/0.1; +https://developer.amazon.com/support/amazonbot) Chrome/119.0.6045.214 Safari/537.36" "-"
74.7.241.0 - - [25/Sep/2026:00:08:15 +0200] "GET /index.php?loknya=/kunden/kunden/kunden/kunden/kunden/kunden/kunden/kunden/kunden/kunden/kunden/kunden/etc/dictionaries-common HTTP/1.1" 200 8138 www.gut-trechow.de "http://www.gut-trechow.de/index.php?loknya=/kunden/kunden/kunden/kunden/kunden/kunden/kunden/kunden/kunden/kunden/kunden/kunden//etc" "Mozilla/5.0 AppleWebKit/537.36 (KHTML, like Gecko; compatible; GPTBot/1.4; +https://openai.com/gptbot)" "-"
34.206.212.0 - - [25/Sep/2026:00:08:17 +0200] "GET /burgensemble/?lokasie=/kunden/homepages/38/d818027988/htaccesslist&loknya=/kunden/homepages/38/d818027988 HTTP/1.1" 200 4149 s818981589.online.de "-" "Mozilla/5.0 AppleWebKit/537.36 (KHTML, like Gecko; compatible; Amazonbot/0.1; +https://developer.amazon.com/support/amazonbot) Chrome/119.0.6045.214 Safari/537.36" "-"
74.7.241.0 - - [25/Sep/2026:00:08:18 +0200] "GET /index.php?lokasie=/proc/thread-self/root/proc/thread-self/root/kunden/kunden/proc/thread-self/root/kunden/kunden/kunden/proc/thread-self/root/kunden/proc/thread-self/root/kunden/kunden/kunden/kunden/kunden/kunden/kunden/var/lib/aspell/en_CA-w_accents-only.rws&loknya=/proc/thread-self/root/proc/thread-self/root/kunden/kunden/proc/thread-self/root/kunden/kunden/kunden/proc/thread-self/root/kunden/proc/thread-self/root/kunden/kunden/kunden/kunden/kunden/kunden/kunden/var/lib/aspell HTTP/1.1" 200 120741 www.gut-trechow.de "http://www.gut-trechow.de/index.php?loknya=/proc/thread-self/root/proc/thread-self/root/kunden/kunden/proc/thread-self/root/kunden/kunden/kunden/proc/thread-self/root/kunden/proc/thread-self/root/kunden/kunden/kunden/kunden/kunden/kunden/kunden/var/lib/aspell" "Mozilla/5.0 AppleWebKit/537.36 (KHTML, like Gecko; compatible; GPTBot/1.4; +https://openai.com/gptbot)" "-"
37.27.51.0 - - [25/Sep/2026:00:08:18 +0200] "GET /?lokasie=/lib/locale/gez_ER/LC_NUMERIC&loknya=/lib/locale/gez_ER HTTP/1.1" 200 4110 gut-trechow.de "-" "Mozilla/5.0 (compatible; SERankingBacklinksBot/1.0; +https://seranking.com/backlinks-crawler)" "-"
74.7.241.0 - - [25/Sep/2026:00:08:20 +0200] "GET /index.php?loknya=/proc/thread-self/root/proc/thread-self/root/proc/thread-self/root/proc/thread-self/root/proc/thread-self/root/kunden/proc/thread-self/root/proc/thread-self/root/kunden/proc/thread-self/cwd/wp-content/plugins/ml-slider/admin/support HTTP/1.1" 200 12510 www.gut-trechow.de "http://www.gut-trechow.de/index.php?loknya=/proc/thread-self/root/proc/thread-self/root/proc/thread-self/root/proc/thread-self/root/proc/thread-self/root/kunden/proc/thread-self/root/proc/thread-self/root/kunden/proc/thread-self/cwd/wp-content/plugins/ml-slider/admin" "Mozilla/5.0 AppleWebKit/537.36 (KHTML, like Gecko; compatible; GPTBot/1.4; +https://openai.com/gptbot)" "-"
18.215.77.0 - - [25/Sep/2026:00:08:21 +0200] "GET /index.php?lokasie=/homepages/10/d818211918/htpasswd&loknya=/homepages/10/d818211918 HTTP/1.1" 200 4079 s818981589.online.de "-" "Mozilla/5.0 AppleWebKit/537.36 (KHTML, like Gecko; compatible; Amazonbot/0.1; +https://developer.amazon.com/support/amazonbot) Chrome/119.0.6045.214 Safari/537.36" "-"
74.7.241.0 - - [25/Sep/2026:00:08:22 +0200] "GET /index.php?loknya=/proc/thread-self/root/proc/thread-self/root/proc/thread-self/root/proc/thread-self/root/proc/thread-self/root/kunden/proc/thread-self/root/proc/thread-self/root/kunden/proc/thread-self/cwd/wp-content/plugins/ml-slider/admin/assets HTTP/1.1" 200 24494 www.gut-trechow.de "http://www.gut-trechow.de/index.php?loknya=/proc/thread-self/root/proc/thread-self/root/proc/thread-self/root/proc/thread-self/root/proc/thread-self/root/kunden/proc/thread-self/root/proc/thread-self/root/kunden/proc/thread-self/cwd/wp-content/plugins/ml-slider/admin" "Mozilla/5.0 AppleWebKit/537.36 (KHTML, like Gecko; compatible; GPTBot/1.4; +https://openai.com/gptbot)" "-"
74.7.241.0 - - [25/Sep/2026:00:08:23 +0200] "GET /index.php?loknya=/proc/thread-self/root/proc/thread-self/root/proc/thread-self/root/proc/thread-self/root/proc/thread-self/root/kunden/proc/thread-self/root/proc/thread-self/root/proc/thread-self/cwd/wp-content/plugins/so-widgets-bundle/ HTTP/1.1" 200 31606 www.gut-trechow.de "http://www.gut-trechow.de/index.php?loknya=/proc/thread-self/root/proc/thread-self/root/proc/thread-self/root/proc/thread-self/root/proc/thread-self/root/kunden/proc/thread-self/root/proc/thread-self/root/proc/thread-self/cwd/wp-content/plugins/so-widgets-bundle/admin" "Mozilla/5.0 AppleWebKit/537.36 (KHTML, like Gecko; compatible; GPTBot/1.4; +https://openai.com/gptbot)" "-"
37.27.51.0 - - [25/Sep/2026:00:08:23 +0200] "GET /?lokasie=/lib/locale/gez_ET/LC_ADDRESS&loknya=/lib/locale/gez_ET HTTP/1.1" 200 4202 gut-trechow.de "-" "Mozilla/5.0 (compatible; SERankingBacklinksBot/1.0; +https://seranking.com/backlinks-crawler)" "-"
74.7.241.0 - - [25/Sep/2026:00:08:24 +0200] "GET /index.php?loknya=/proc/thread-self/root/proc/thread-self/root/proc/thread-self/root/proc/thread-self/root/proc/thread-self/root/kunden/proc/thread-self/root/proc/thread-self/root/kunden/proc/thread-self/cwd/wp-content/plugins/ml-slider/admin/routes HTTP/1.1" 200 12483 www.gut-trechow.de "http://www.gut-trechow.de/index.php?loknya=/proc/thread-self/root/proc/thread-self/root/proc/thread-self/root/proc/thread-self/root/proc/thread-self/root/kunden/proc/thread-self/root/proc/thread-self/root/kunden/proc/thread-self/cwd/wp-content/plugins/ml-slider/admin" "Mozilla/5.0 AppleWebKit/537.36 (KHTML, like Gecko; compatible; GPTBot/1.4; +https://openai.com/gptbot)" "-"
74.7.241.0 - - [25/Sep/2026:00:08:25 +0200] "GET /index.php?lokasie=/proc/thread-self/root/proc/thread-self/root/proc/thread-self/root/proc/thread-self/root/proc/thread-self/root/kunden/proc/thread-self/root/proc/thread-self/root/proc/thread-self/cwd/wp-content/plugins/wordpress-seo/admin/class-admin-init.php&loknya=/proc/thread-self/root/proc/thread-self/root/proc/thread-self/root/proc/thread-self/root/proc/thread-self/root/kunden/proc/thread-self/root/proc/thread-self/root/proc/thread-self/cwd/wp-content/plugins/wordpress-seo/admin HTTP/1.1" 200 20613 www.gut-trechow.de "http://www.gut-trechow.de/index.php?loknya=/proc/thread-self/root/proc/thread-self/root/proc/thread-self/root/proc/thread-self/root/proc/thread-self/root/kunden/proc/thread-self/root/proc/thread-self/root/proc/thread-self/cwd/wp-content/plugins/wordpress-seo/admin" "Mozilla/5.0 AppleWebKit/537.36 (KHTML, like Gecko; compatible; GPTBot/1.4; +https://openai.com/gptbot)" "-"
3.210.114.0 - - [25/Sep/2026:00:08:25 +0200] "GET /impressum/?lokasie=/homepages/15/d819224632/phpinilist&loknya=/homepages/15/d819224632 HTTP/1.1" 200 4082 s818981589.online.de "-" "Mozilla/5.0 AppleWebKit/537.36 (KHTML, like Gecko; compatible; Amazonbot/0.1; +https://developer.amazon.com/support/amazonbot) Chrome/119.0.6045.214 Safari/537.36" "-"
74.7.241.0 - - [25/Sep/2026:00:08:26 +0200] "GET /index.php?loknya=/thread-self/thread-self/thread-self/thread-self/thread-self/ HTTP/1.1" 200 5454 www.gut-trechow.de "http://www.gut-trechow.de/index.php?loknya=/thread-self/thread-self/thread-self/thread-self/thread-self/kunden/kunden" "Mozilla/5.0 AppleWebKit/537.36 (KHTML, like Gecko; compatible; GPTBot/1.4; +https://openai.com/gptbot)" "-"
74.7.243.0 - - [25/Sep/2026:00:08:26 +0200] "GET /index.php?loknya=/proc/thread-self/root/proc/thread-self/root/proc/thread-self/root/kunden/kunden/kunden/kunden/kunden/kunden/proc/thread-self/root/proc/thread-self/root/kunden/proc/thread-self/root/kunden/proc/irq/344 HTTP/1.1" 200 21446 s818981589.online.de "http://s818981589.online.de/index.php?loknya=/proc/thread-self/root/proc/thread-self/root/proc/thread-self/root/kunden/kunden/kunden/kunden/kunden/kunden/proc/thread-self/root/proc/thread-self/root/kunden/proc/thread-self/root/kunden/proc/irq" "Mozilla/5.0 AppleWebKit/537.36 (KHTML, like Gecko; compatible; GPTBot/1.4; +https://openai.com/gptbot)" "-"
74.7.241.0 - - [25/Sep/2026:00:08:27 +0200] "GET /index.php?loknya=/proc/thread-self/root/proc/thread-self/root/proc/thread-self/root/proc/thread-self/root/proc/thread-self/root/kunden/proc/thread-self/root/proc/thread-self/root/proc/thread-self/cwd/wp-content/plugins/wordpress-seo/admin/exceptions HTTP/1.1" 200 12343 www.gut-trechow.de "http://www.gut-trechow.de/index.php?loknya=/proc/thread-self/root/proc/thread-self/root/proc/thread-self/root/proc/thread-self/root/proc/thread-self/root/kunden/proc/thread-self/root/proc/thread-self/root/proc/thread-self/cwd/wp-content/plugins/wordpress-seo/admin" "Mozilla/5.0 AppleWebKit/537.36 (KHTML, like Gecko; compatible; GPTBot/1.4; +https://openai.com/gptbot)" "-"
74.7.241.0 - - [25/Sep/2026:00:08:27 +0200] "GET /index.php?loknya=/proc/thread-self/root/proc/thread-self/root/kunden/kunden/proc/thread-self/root/kunden/kunden/kunden/kunden/kunden/lib/kernel/ HTTP/1.1" 200 10252 www.gut-trechow.de "http://www.gut-trechow.de/index.php?loknya=/proc/thread-self/root/proc/thread-self/root/kunden/kunden/proc/thread-self/root/kunden/kunden/kunden/kunden/kunden/lib/kernel/install.d" "Mozilla/5.0 AppleWebKit/537.36 (KHTML, like Gecko; compatible; GPTBot/1.4; +https://openai.com/gptbot)" "-"
74.7.241.0 - - [25/Sep/2026:00:08:28 +0200] "GET /index.php?loknya=/proc/thread-self/root/proc/thread-self/root/kunden/kunden/proc/thread-self/root/kunden/kunden/kunden/kunden/kunden/etc/kernel/ HTTP/1.1" 200 9875 www.gut-trechow.de "http://www.gut-trechow.de/index.php?loknya=/proc/thread-self/root/proc/thread-self/root/kunden/kunden/proc/thread-self/root/kunden/kunden/kunden/kunden/kunden/etc/kernel/install.d" "Mozilla/5.0 AppleWebKit/537.36 (KHTML, like Gecko; compatible; GPTBot/1.4; +https://openai.com/gptbot)" "-"
74.7.241.0 - - [25/Sep/2026:00:08:29 +0200] "GET /index.php?loknya=/proc/thread-self/root/proc/thread-self/root/proc/thread-self/root/proc/thread-self/root/proc/thread-self/root/kunden/proc/thread-self/root/proc/thread-self/root/kunden/proc/thread-self/cwd/wp-content/plugins/ml-slider/admin/lib HTTP/1.1" 429 267 www.gut-trechow.de "http://www.gut-trechow.de/index.php?loknya=/proc/thread-self/root/proc/thread-self/root/proc/thread-self/root/proc/thread-self/root/proc/thread-self/root/kunden/proc/thread-self/root/proc/thread-self/root/kunden/proc/thread-self/cwd/wp-content/plugins/ml-slider/admin" "Mozilla/5.0 AppleWebKit/537.36 (KHTML, like Gecko; compatible; GPTBot/1.4; +https://openai.com/gptbot)" "-"
74.7.241.0 - - [25/Sep/2026:00:08:29 +0200] "GET /index.php?loknya=/proc/thread-self/root/proc/thread-self/root/proc/thread-self/root/proc/thread-self/root/proc/thread-self/root/kunden/proc/thread-self/root/proc/thread-self/root/proc/thread-self/cwd/wp-content/plugins/wordpress-seo/admin/filters HTTP/1.1" 429 267 www.gut-trechow.de "http://www.gut-trechow.de/index.php?loknya=/proc/thread-self/root/proc/thread-self/root/proc/thread-self/root/proc/thread-self/root/proc/thread-self/root/kunden/proc/thread-self/root/proc/thread-self/root/proc/thread-self/cwd/wp-content/plugins/wordpress-seo/admin" "Mozilla/5.0 AppleWebKit/537.36 (KHTML, like Gecko; compatible; GPTBot/1.4; +https://openai.com/gptbot)" "-"
37.27.51.0 - - [25/Sep/2026:00:08:29 +0200] "GET /?lokasie=/lib/locale/gez_ET/LC_COLLATE&loknya=/lib/locale/gez_ET HTTP/1.1" 200 3085455 gut-trechow.de "-" "Mozilla/5.0 (compatible; SERankingBacklinksBot/1.0; +https://seranking.com/backlinks-crawler)" "-"
44.194.134.0 - - [25/Sep/2026:00:08:29 +0200] "GET /burgensemble/?lokasie=/usr/share/common-licenses/LGPL&loknya=/usr/share/common-licenses HTTP/1.1" 200 11831 s818981589.online.de "-" "Mozilla/5.0 AppleWebKit/537.36 (KHTML, like Gecko; compatible; Amazonbot/0.1; +https://developer.amazon.com/support/amazonbot) Chrome/119.0.6045.214 Safari/537.36" "-"
74.7.241.0 - - [25/Sep/2026:00:08:30 +0200] "GET /index.php?lokasie=/proc/thread-self/root/proc/thread-self/root/proc/thread-self/root/proc/thread-self/root/proc/thread-self/root/kunden/proc/thread-self/root/proc/thread-self/root/kunden/proc/thread-self/cwd/wp-content/plugins/ml-slider/admin/support/Settings.php&loknya=/proc/thread-self/root/proc/thread-self/root/proc/thread-self/root/proc/thread-self/root/proc/thread-self/root/kunden/proc/thread-self/root/proc/thread-self/root/kunden/proc/thread-self/cwd/wp-content/plugins/ml-slider/admin/support HTTP/1.1" 429 267 www.gut-trechow.de "http://www.gut-trechow.de/index.php?loknya=/proc/thread-self/root/proc/thread-self/root/proc/thread-self/root/proc/thread-self/root/proc/thread-self/root/kunden/proc/thread-self/root/proc/thread-self/root/kunden/proc/thread-self/cwd/wp-content/plugins/ml-slider/admin/support" "Mozilla/5.0 AppleWebKit/537.36 (KHTML, like Gecko; compatible; GPTBot/1.4; +https://openai.com/gptbot)" "-"
74.7.241.0 - - [25/Sep/2026:00:08:31 +0200] "GET /index.php?loknya=/proc/thread-self/root/proc/thread-self/root/proc/thread-self/root/proc/thread-self/root/proc/thread-self/root/kunden/proc/thread-self/root/proc/thread-self/root/kunden/proc/thread-self/cwd/wp-content/plugins/ml-slider/admin/assets/vendor HTTP/1.1" 429 267 www.gut-trechow.de "http://www.gut-trechow.de/index.php?loknya=/proc/thread-self/root/proc/thread-self/root/proc/thread-self/root/proc/thread-self/root/proc/thread-self/root/kunden/proc/thread-self/root/proc/thread-self/root/kunden/proc/thread-self/cwd/wp-content/plugins/ml-slider/admin/assets" "Mozilla/5.0 AppleWebKit/537.36 (KHTML, like Gecko; compatible; GPTBot/1.4; +https://openai.com/gptbot)" "-"
74.7.241.0 - - [25/Sep/2026:00:08:33 +0200] "GET /index.php?loknya=/proc/thread-self/root/proc/thread-self/root/proc/thread-self/root/proc/thread-self/root/proc/thread-self/root/kunden/proc/thread-self/root/proc/thread-self/root/kunden/proc/thread-self/cwd/wp-content/plugins/ml-slider/admin/assets/tether HTTP/1.1" 429 267 www.gut-trechow.de "http://www.gut-trechow.de/index.php?loknya=/proc/thread-self/root/proc/thread-self/root/proc/thread-self/root/proc/thread-self/root/proc/thread-self/root/kunden/proc/thread-self/root/proc/thread-self/root/kunden/proc/thread-self/cwd/wp-content/plugins/ml-slider/admin/assets" "Mozilla/5.0 AppleWebKit/537.36 (KHTML, like Gecko; compatible; GPTBot/1.4; +https://openai.com/gptbot)" "-"
52.200.58.0 - - [25/Sep/2026:00:08:33 +0200] "GET /burgensemble/?lokasie=/kunden/lib/locale/en_GB.utf8/LC_ADDRESS&loknya=/kunden/lib/locale/en_GB.utf8 HTTP/1.1" 200 4308 s818981589.online.de "-" "Mozilla/5.0 AppleWebKit/537.36 (KHTML, like Gecko; compatible; Amazonbot/0.1; +https://developer.amazon.com/support/amazonbot) Chrome/119.0.6045.214 Safari/537.36" "-"
37.27.51.0 - - [25/Sep/2026:00:08:35 +0200] "GET /?lokasie=/lib/locale/gez_ET/LC_NUMERIC&loknya=/lib/locale/gez_ET HTTP/1.1" 200 4114 gut-trechow.de "-" "Mozilla/5.0 (compatible; SERankingBacklinksBot/1.0; +https://seranking.com/backlinks-crawler)" "-"
74.7.241.0 - - [25/Sep/2026:00:08:36 +0200] "GET /index.php?loknya=/proc/thread-self/root/proc/thread-self/root/proc/thread-self/root/proc/thread-self/root/proc/thread-self/root/kunden/proc/thread-self/root/proc/thread-self/root/proc/thread-self/cwd/wp-content/plugins/wordpress-seo/admin/formatter HTTP/1.1" 429 267 www.gut-trechow.de "http://www.gut-trechow.de/index.php?loknya=/proc/thread-self/root/proc/thread-self/root/proc/thread-self/root/proc/thread-self/root/proc/thread-self/root/kunden/proc/thread-self/root/proc/thread-self/root/proc/thread-self/cwd/wp-content/plugins/wordpress-seo/admin" "Mozilla/5.0 AppleWebKit/537.36 (KHTML, like Gecko; compatible; GPTBot/1.4; +https://openai.com/gptbot)" "-"
3.81.253.0 - - [25/Sep/2026:00:08:37 +0200] "GET /burgensemble/?lokasie=/usr/lib/locale/om_KE.utf8/LC_TIME&loknya=/usr/lib/locale/om_KE.utf8 HTTP/1.1" 200 7879 s818981589.online.de "-" "Mozilla/5.0 AppleWebKit/537.36 (KHTML, like Gecko; compatible; Amazonbot/0.1; +https://developer.amazon.com/support/amazonbot) Chrome/119.0.6045.214 Safari/537.36" "-"
74.7.241.0 - - [25/Sep/2026:00:08:39 +0200] "GET /index.php?loknya=/proc/thread-self/root/proc/thread-self/root/proc/thread-self/root/proc/thread-self/root/proc/thread-self/root/kunden/proc/thread-self/root/proc/thread-self/root/kunden/proc/thread-self/cwd/wp-content/plugins/ml-slider/admin/ HTTP/1.1" 429 267 www.gut-trechow.de "http://www.gut-trechow.de/index.php?loknya=/proc/thread-self/root/proc/thread-self/root/proc/thread-self/root/proc/thread-self/root/proc/thread-self/root/kunden/proc/thread-self/root/proc/thread-self/root/kunden/proc/thread-self/cwd/wp-content/plugins/ml-slider/admin/support" "Mozilla/5.0 AppleWebKit/537.36 (KHTML, like Gecko; compatible; GPTBot/1.4; +https://openai.com/gptbot)" "-"
37.27.51.0 - - [25/Sep/2026:00:08:41 +0200] "GET /?lokasie=/lib/locale/gl_ES/LC_TELEPHONE&loknya=/lib/locale/gl_ES HTTP/1.1" 200 4119 gut-trechow.de "-" "Mozilla/5.0 (compatible; SERankingBacklinksBot/1.0; +https://seranking.com/backlinks-crawler)" "-"
44.212.145.0 - - [25/Sep/2026:00:08:41 +0200] "GET /burgensemble/?loknya=/kunden/lib/locale/he_IL.utf8/LC_MESSAGES HTTP/1.1" 200 6777 s818981589.online.de "-" "Mozilla/5.0 AppleWebKit/537.36 (KHTML, like Gecko; compatible; Amazonbot/0.1; +https://developer.amazon.com/support/amazonbot) Chrome/119.0.6045.214 Safari/537.36" "-"
74.7.241.0 - - [25/Sep/2026:00:08:45 +0200] "GET /index.php?loknya=/// HTTP/1.1" 429 267 www.gut-trechow.de "http://www.gut-trechow.de/index.php?loknya=/thread-self/thread-self/thread-self/thread-self/thread-self/" "Mozilla/5.0 AppleWebKit/537.36 (KHTML, like Gecko; compatible; GPTBot/1.4; +https://openai.com/gptbot)" "-"
54.235.125.0 - - [25/Sep/2026:00:08:45 +0200] "GET /burgensemble/?loknya=/kunden/lib/locale/ar_QA/LC_MESSAGES HTTP/1.1" 200 6728 s818981589.online.de "-" "Mozilla/5.0 AppleWebKit/537.36 (KHTML, like Gecko; compatible; Amazonbot/0.1; +https://developer.amazon.com/support/amazonbot) Chrome/119.0.6045.214 Safari/537.36" "-"
54.157.84.0 - - [25/Sep/2026:00:08:49 +0200] "GET /burgensemble/?lokasie=/homepages/45/d820242635//htpasswd&loknya=/homepages/45/d820242635/ HTTP/1.1" 200 4080 s818981589.online.de "-" "Mozilla/5.0 AppleWebKit/537.36 (KHTML, like Gecko; compatible; Amazonbot/0.1; +https://developer.amazon.com/support/amazonbot) Chrome/119.0.6045.214 Safari/537.36" "-"
18.205.91.0 - - [25/Sep/2026:00:08:53 +0200] "GET /burgensemble/?lokasie=/homepages/13/d818981593/htdocs/GutTrechow/wp-admin/css//about.min.css&loknya=/homepages/13/d818981593/htdocs/GutTrechow/wp-admin/css/ HTTP/1.1" 429 267 s818981589.online.de "-" "Mozilla/5.0 AppleWebKit/537.36 (KHTML, like Gecko; compatible; Amazonbot/0.1; +https://developer.amazon.com/support/amazonbot) Chrome/119.0.6045.214 Safari/537.36" "-"
